automatic DPDK test reports
 help / color / mirror / Atom feed
* |SUCCESS| pw158636 [PATCH] gro : improve GRO performance based on hash table
       [not found] <20251110162356.173438-1-kumaraparamesh92@gmail.com>
@ 2025-11-10 15:54 ` qemudev
  2025-11-10 15:59 ` qemudev
                   ` (16 subsequent siblings)
  17 siblings, 0 replies; 18+ messages in thread
From: qemudev @ 2025-11-10 15:54 UTC (permalink / raw)
  To: test-report

Test-Label: loongarch-compilation
Test-Status: SUCCESS
http://dpdk.org/patch/158636

_Compilation OK_

Submitter: Kumara Parameshwaran <kumaraparamesh92@gmail.com>
Date: Mon, 10 Nov 2025 21:53:56 +0530
DPDK git baseline: Repo:dpdk
  Branch: main
  CommitID: 2e22572b9a6ce8bcdc0347313a35bb3066b0faff

158636 --> meson & ninja build successfully

Test environment and result as below:

+---------------------+----------------+
|     Environment     | compilation    |
+---------------------+----------------+
| Loongnix-Server 8.3 | PASS           |
+---------------------+----------------+

Loongnix-Server 8.3
    Kernel: 4.19.190+
    Compiler: gcc 8.3


^ permalink raw reply	[flat|nested] 18+ messages in thread

* |SUCCESS| pw158636 [PATCH] gro : improve GRO performance based on hash table
       [not found] <20251110162356.173438-1-kumaraparamesh92@gmail.com>
  2025-11-10 15:54 ` |SUCCESS| pw158636 [PATCH] gro : improve GRO performance based on hash table qemudev
@ 2025-11-10 15:59 ` qemudev
  2025-11-10 16:23 ` |WARNING| " checkpatch
                   ` (15 subsequent siblings)
  17 siblings, 0 replies; 18+ messages in thread
From: qemudev @ 2025-11-10 15:59 UTC (permalink / raw)
  To: test-report

Test-Label: loongarch-unit-testing
Test-Status: SUCCESS
http://dpdk.org/patch/158636

_Unit Testing PASS_

Submitter: Kumara Parameshwaran <kumaraparamesh92@gmail.com>
Date: Mon, 10 Nov 2025 21:53:56 +0530
DPDK git baseline: Repo:dpdk
  Branch: main
  CommitID: 2e22572b9a6ce8bcdc0347313a35bb3066b0faff

158636 --> testing pass

Test environment and result as below:

+---------------------+----------------+
|     Environment     | dpdk_unit_test |
+---------------------+----------------+
| Loongnix-Server 8.3 | PASS           |
+---------------------+----------------+

Loongnix-Server 8.3
    Kernel: 4.19.190+
    Compiler: gcc 8.3


Test result details:
  1/121 DPDK:fast-tests / acl_autotest                            OK              3.30s
  2/121 DPDK:fast-tests / alarm_autotest                          OK              1.64s
  3/121 DPDK:fast-tests / argparse_autotest                       OK              0.64s
  4/121 DPDK:fast-tests / atomic_autotest                         OK              7.33s
  5/121 DPDK:fast-tests / bitcount_autotest                       OK              0.61s
  6/121 DPDK:fast-tests / bitmap_autotest                         OK              0.60s
  7/121 DPDK:fast-tests / bitops_autotest                         OK              2.10s
  8/121 DPDK:fast-tests / bitratestats_autotest                   OK              0.59s
  9/121 DPDK:fast-tests / bitset_autotest                         OK              3.31s
 10/121 DPDK:fast-tests / bpf_autotest                            OK              0.60s
 11/121 DPDK:fast-tests / bpf_convert_autotest                    OK              0.60s
 12/121 DPDK:fast-tests / byteorder_autotest                      OK              0.58s
 13/121 DPDK:fast-tests / cfgfile_autotest                        OK              0.60s
 14/121 DPDK:fast-tests / cksum_autotest                          OK              0.60s
 15/121 DPDK:fast-tests / cmdline_autotest                        OK              0.60s
 16/121 DPDK:fast-tests / common_autotest                         OK              1.48s
 17/121 DPDK:fast-tests / compressdev_autotest                    SKIP            0.07s   exit status 77
 18/121 DPDK:fast-tests / cpuflags_autotest                       OK              0.69s
 19/121 DPDK:fast-tests / crc_autotest                            OK              0.68s
 20/121 DPDK:fast-tests / user_delay_us                           OK              0.69s
 21/121 DPDK:fast-tests / debug_autotest                          OK             19.75s
 22/121 DPDK:fast-tests / devargs_autotest                        OK              0.69s
 23/121 DPDK:fast-tests / dispatcher_autotest                     OK              2.50s
 24/121 DPDK:fast-tests / distributor_autotest                    OK              1.21s
 25/121 DPDK:fast-tests / eal_flags_c_opt_autotest                OK              0.78s
 26/121 DPDK:fast-tests / eal_flags_main_opt_autotest             OK              0.22s
 27/121 DPDK:fast-tests / eal_flags_n_opt_autotest                OK              0.20s
 28/121 DPDK:fast-tests / eal_flags_hpet_autotest                 OK              0.14s
 29/121 DPDK:fast-tests / eal_flags_no_huge_autotest              OK              0.20s
 30/121 DPDK:fast-tests / eal_flags_a_opt_autotest                OK              0.31s
 31/121 DPDK:fast-tests / eal_flags_b_opt_autotest                OK              0.26s
 32/121 DPDK:fast-tests / eal_flags_vdev_opt_autotest             OK              0.20s
 33/121 DPDK:fast-tests / eal_flags_r_opt_autotest                OK              0.20s
 34/121 DPDK:fast-tests / eal_flags_mem_autotest                  OK              0.60s
 35/121 DPDK:fast-tests / eal_flags_file_prefix_autotest          OK             22.26s
 36/121 DPDK:fast-tests / eal_flags_misc_autotest                 OK              1.05s
 37/121 DPDK:fast-tests / eal_fs_autotest                         OK              0.74s
 38/121 DPDK:fast-tests / errno_autotest                          OK              0.74s
 39/121 DPDK:fast-tests / ethdev_link_status                      OK              0.74s
 40/121 DPDK:fast-tests / event_eth_tx_adapter_autotest           OK              1.70s
 41/121 DPDK:fast-tests / event_ring_autotest                     OK              0.73s
 42/121 DPDK:fast-tests / eventdev_common_autotest                OK              0.73s
 43/121 DPDK:fast-tests / eventdev_selftest_sw                    OK              7.75s
 44/121 DPDK:fast-tests / fbarray_autotest                        OK              0.73s
 45/121 DPDK:fast-tests / fib_autotest                            OK              1.58s
 46/121 DPDK:fast-tests / fib6_autotest                           OK              1.36s
 47/121 DPDK:fast-tests / func_reentrancy_autotest                OK              2.27s
 48/121 DPDK:fast-tests / graph_autotest                          OK              0.73s
 49/121 DPDK:fast-tests / node_list_dump                          OK              0.73s
 50/121 DPDK:fast-tests / graph_feature_arc_autotest              OK              0.73s
 51/121 DPDK:fast-tests / gro_autotest                            OK              0.08s
 52/121 DPDK:fast-tests / hash_autotest                           OK              1.33s
 53/121 DPDK:fast-tests / hash_readwrite_func_autotest            OK              0.12s
 54/121 DPDK:fast-tests / interrupt_autotest                      OK              2.04s
 55/121 DPDK:fast-tests / ipfrag_autotest                         OK              0.08s
 56/121 DPDK:fast-tests / ipsec_autotest                          SKIP            0.72s   exit status 77
 57/121 DPDK:fast-tests / kvargs_autotest                         OK              0.73s
 58/121 DPDK:fast-tests / latencystats_autotest                   OK              0.73s
 59/121 DPDK:fast-tests / lcore_var_autotest                      OK              0.97s
 60/121 DPDK:fast-tests / lcores_autotest                         OK              5.53s
 61/121 DPDK:fast-tests / logs_autotest                           OK              0.72s
 62/121 DPDK:fast-tests / lpm_autotest                            OK              2.74s
 63/121 DPDK:fast-tests / lpm6_autotest                           OK              5.74s
 64/121 DPDK:fast-tests / malloc_autotest                         OK             63.28s
 65/121 DPDK:fast-tests / mbuf_autotest                           OK              5.17s
 66/121 DPDK:fast-tests / mcslock_autotest                        OK              2.99s
 67/121 DPDK:fast-tests / member_autotest                         OK              1.91s
 68/121 DPDK:fast-tests / memcpy_autotest                         OK              7.14s
 69/121 DPDK:fast-tests / memory_autotest                         OK              0.09s
 70/121 DPDK:fast-tests / mempool_autotest                        OK              0.44s
 71/121 DPDK:fast-tests / memzone_autotest                        OK              0.15s
 72/121 DPDK:fast-tests / meter_autotest                          OK              0.68s
 73/121 DPDK:fast-tests / metrics_autotest                        OK              0.68s
 74/121 DPDK:fast-tests / multiprocess_autotest                   OK              0.19s
 75/121 DPDK:fast-tests / net_ether_autotest                      OK              1.34s
 76/121 DPDK:fast-tests / net_ipv6_autotest                       OK              0.68s
 77/121 DPDK:fast-tests / pcapng_autotest                         OK              7.54s
 78/121 DPDK:fast-tests / pdcp_autotest                           SKIP            0.07s   exit status 77
 79/121 DPDK:fast-tests / pdump_autotest                          OK              0.80s
 80/121 DPDK:fast-tests / per_lcore_autotest                      OK              0.79s
 81/121 DPDK:fast-tests / pflock_autotest                         OK              1.50s
 82/121 DPDK:fast-tests / pie_autotest                            OK              0.69s
 83/121 DPDK:fast-tests / ring_pmd_autotest                       OK              0.69s
 84/121 DPDK:fast-tests / power_autotest                          OK              0.69s
 85/121 DPDK:fast-tests / power_cpufreq_autotest                  SKIP            0.07s   exit status 77
 86/121 DPDK:fast-tests / power_intel_uncore_autotest             SKIP            0.70s   exit status 77
 87/121 DPDK:fast-tests / power_kvm_vm_autotest                   SKIP            0.07s   exit status 77
 88/121 DPDK:fast-tests / prefetch_autotest                       OK              0.69s
 89/121 DPDK:fast-tests / ptr_compress_autotest                   OK              0.68s
 90/121 DPDK:fast-tests / rawdev_autotest                         OK              0.69s
 91/121 DPDK:fast-tests / rcu_qsbr_autotest                       OK              1.21s
 92/121 DPDK:fast-tests / reorder_autotest                        OK              0.74s
 93/121 DPDK:fast-tests / rib_autotest                            OK              9.32s
 94/121 DPDK:fast-tests / rib6_autotest                           OK              9.31s
 95/121 DPDK:fast-tests / ring_autotest                           OK              0.71s
 96/121 DPDK:fast-tests / rwlock_test1_autotest                   OK              1.44s
 97/121 DPDK:fast-tests / rwlock_rda_autotest                     OK              5.69s
 98/121 DPDK:fast-tests / rwlock_rds_wrm_autotest                 OK              5.68s
 99/121 DPDK:fast-tests / rwlock_rde_wro_autotest                 OK              5.69s
100/121 DPDK:fast-tests / sched_autotest                          OK              0.69s
101/121 DPDK:fast-tests / security_autotest                       OK              0.07s
102/121 DPDK:fast-tests / seqlock_autotest                        OK              2.69s
103/121 DPDK:fast-tests / service_autotest                        OK              3.39s
104/121 DPDK:fast-tests / soring_autotest                         OK              0.69s
105/121 DPDK:fast-tests / spinlock_autotest                       OK              0.76s
106/121 DPDK:fast-tests / stack_autotest                          OK              0.87s
107/121 DPDK:fast-tests / stack_lf_autotest                       SKIP            0.06s   exit status 77
108/121 DPDK:fast-tests / string_autotest                         OK              0.68s
109/121 DPDK:fast-tests / table_autotest                          OK              8.12s
110/121 DPDK:fast-tests / tailq_autotest                          OK              0.67s
111/121 DPDK:fast-tests / telemetry_data_autotest                 OK              0.69s
112/121 DPDK:fast-tests / telemetry_json_autotest                 OK              0.68s
113/121 DPDK:fast-tests / thash_autotest                          OK              0.69s
114/121 DPDK:fast-tests / threads_autotest                        OK              0.87s
115/121 DPDK:fast-tests / ticketlock_autotest                     OK              0.84s
116/121 DPDK:fast-tests / timer_autotest                          OK              3.87s
117/121 DPDK:fast-tests / trace_autotest                          OK              0.65s
118/121 DPDK:fast-tests / trace_autotest_with_traces              OK              0.66s
119/121 DPDK:fast-tests / vdev_autotest                           OK              0.67s
120/121 DPDK:fast-tests / version_autotest                        OK              0.67s
121/121 DPDK:fast-tests / telemetry_all                           OK             19.74s


Ok:                 114
Expected Fail:      0
Fail:               0
Unexpected Pass:    0
Skipped:            7
Timeout:            0


^ permalink raw reply	[flat|nested] 18+ messages in thread

* |WARNING| pw158636 [PATCH] gro : improve GRO performance based on hash table
       [not found] <20251110162356.173438-1-kumaraparamesh92@gmail.com>
  2025-11-10 15:54 ` |SUCCESS| pw158636 [PATCH] gro : improve GRO performance based on hash table qemudev
  2025-11-10 15:59 ` qemudev
@ 2025-11-10 16:23 ` checkpatch
  2025-11-10 17:09 ` |FAILURE| " 0-day Robot
                   ` (14 subsequent siblings)
  17 siblings, 0 replies; 18+ messages in thread
From: checkpatch @ 2025-11-10 16:23 UTC (permalink / raw)
  To: test-report; +Cc: Kumara Parameshwaran

Test-Label: checkpatch
Test-Status: WARNING
http://dpdk.org/patch/158636

_coding style issues_


WARNING:LONG_LINE: line length of 765 exceeds 100 columns
#132: FILE: app/test/test_gro.c:14:
+{0x12, 0x34, 0x56, 0x78, 0x9a, 0xbc, 0x7c, 0xed, 0x8d, 0xc0, 0xc1, 0xf5, 0x8, 0x0, 0x45, 0x0, 0x0, 0x76, 0xa4, 0xfb, 0x40, 0x0, 0x40, 0x6, 0x81, 0x7c, 0xa, 0x1, 0x0, 0x4, 0xa, 0x1, 0x0, 0x5, 0xcc, 0x8a, 0x14, 0x51, 0xfd, 0x69, 0x8c, 0x75, 0x19, 0x86, 0xdd, 0x46, 0x80, 0x10, 0x2, 0x0, 0x14, 0x73, 0x0, 0x0, 0x1, 0x1, 0x8, 0xa, 0x3c, 0x2, 0xd1, 0xa5, 0x36, 0xb6, 0x9e, 0xda, 0x7d, 0xe9, 0x63, 0xf1, 0x67, 0xeb, 0xc4, 0x93, 0xcf, 0x74, 0xcd, 0xab, 0x93, 0x86, 0xe8, 0xb0, 0x1c, 0x92, 0xc8, 0x82, 0xef, 0x72, 0x34, 0xe7, 0x86, 0x6d, 0xd2, 0x96, 0x8, 0x70, 0xae, 0xda, 0x60, 0xe4, 0x25, 0x39, 0xd2, 0x73, 0xe7, 0xef, 0xf5, 0xf6, 0x7f, 0xbf, 0x7f, 0x5, 0x5a, 0x40, 0x6, 0x65, 0x13, 0x8f, 0xa4, 0x7, 0x73, 0x41, 0xcb, 0x56, 0x3, 0x15, 0x85, 0x99, 0x8c, 0xa9, 0xc8, 0x14},

WARNING:LONG_LINE: line length of 767 exceeds 100 columns
#133: FILE: app/test/test_gro.c:15:
+{0x12, 0x34, 0x56, 0x78, 0x9a, 0xbc, 0x7c, 0xed, 0x8d, 0xc0, 0xc1, 0xf5, 0x8, 0x0, 0x45, 0x0, 0x0, 0x76, 0xa4, 0xfc, 0x40, 0x0, 0x40, 0x6, 0x81, 0x7b, 0xa, 0x1, 0x0, 0x4, 0xa, 0x1, 0x0, 0x5, 0xcc, 0x8a, 0x14, 0x51, 0xfd, 0x69, 0x8c, 0xb7, 0x19, 0x86, 0xdd, 0x46, 0x80, 0x10, 0x2, 0x0, 0x14, 0x73, 0x0, 0x0, 0x1, 0x1, 0x8, 0xa, 0x3c, 0x2, 0xd1, 0xa5, 0x36, 0xb6, 0x9e, 0xda, 0x2a, 0x6a, 0x4e, 0xf9, 0x94, 0x6, 0xaf, 0x2f, 0xeb, 0xfb, 0xef, 0xa4, 0xaa, 0xe8, 0xd6, 0xc0, 0x34, 0xab, 0x8b, 0xfc, 0x14, 0xb9, 0x89, 0xcb, 0xb6, 0x15, 0x58, 0xe5, 0x2a, 0x72, 0xcd, 0x1c, 0x71, 0x3, 0xf4, 0xf9, 0x32, 0x7e, 0x58, 0xec, 0xe6, 0x52, 0x5a, 0x88, 0x8c, 0x24, 0x53, 0xd7, 0x39, 0x80, 0xb6, 0x66, 0x9b, 0xe5, 0x45, 0xbe, 0x9, 0xf8, 0xac, 0xef, 0xc2, 0x51, 0x31, 0x87, 0x9c, 0x56},

WARNING:LONG_LINE: line length of 765 exceeds 100 columns
#134: FILE: app/test/test_gro.c:16:
+{0x12, 0x34, 0x56, 0x78, 0x9a, 0xbc, 0x7c, 0xed, 0x8d, 0xc0, 0xc1, 0xf5, 0x8, 0x0, 0x45, 0x0, 0x0, 0x76, 0xa4, 0xfd, 0x40, 0x0, 0x40, 0x6, 0x81, 0x7a, 0xa, 0x1, 0x0, 0x4, 0xa, 0x1, 0x0, 0x5, 0xcc, 0x8a, 0x14, 0x51, 0xfd, 0x69, 0x8c, 0xf9, 0x19, 0x86, 0xdd, 0x46, 0x80, 0x10, 0x2, 0x0, 0x14, 0x73, 0x0, 0x0, 0x1, 0x1, 0x8, 0xa, 0x3c, 0x2, 0xd1, 0xa5, 0x36, 0xb6, 0x9e, 0xda, 0x68, 0x93, 0xec, 0x8a, 0x35, 0xba, 0xe8, 0x24, 0x9e, 0x78, 0x6c, 0xb8, 0x65, 0xe1, 0x23, 0xc1, 0x48, 0x5, 0xca, 0xea, 0x6b, 0x5, 0xe7, 0x71, 0x1a, 0x97, 0x5a, 0x23, 0xd2, 0x81, 0xc9, 0x9a, 0xad, 0x1e, 0x77, 0xb1, 0x9c, 0x43, 0xf, 0xbf, 0x6c, 0xb6, 0x36, 0x46, 0x99, 0xcc, 0x4, 0xf4, 0xc2, 0x87, 0x41, 0xec, 0xc6, 0xc5, 0xd9, 0x48, 0xcf, 0x9b, 0xec, 0xb7, 0x2f, 0x91, 0x5f, 0x83, 0x9f, 0xd},

WARNING:LONG_LINE: line length of 766 exceeds 100 columns
#135: FILE: app/test/test_gro.c:17:
+{0x12, 0x34, 0x56, 0x78, 0x9a, 0xbc, 0x7c, 0xed, 0x8d, 0xc0, 0xc1, 0xf5, 0x8, 0x0, 0x45, 0x0, 0x0, 0x76, 0xa4, 0xfe, 0x40, 0x0, 0x40, 0x6, 0x81, 0x79, 0xa, 0x1, 0x0, 0x4, 0xa, 0x1, 0x0, 0x5, 0xcc, 0x8a, 0x14, 0x51, 0xfd, 0x69, 0x8d, 0x3b, 0x19, 0x86, 0xdd, 0x46, 0x80, 0x10, 0x2, 0x0, 0x14, 0x73, 0x0, 0x0, 0x1, 0x1, 0x8, 0xa, 0x3c, 0x2, 0xd1, 0xa5, 0x36, 0xb6, 0x9e, 0xda, 0xdd, 0x72, 0x54, 0xdc, 0x5, 0x51, 0xb6, 0x4b, 0xdd, 0x10, 0xfb, 0x1c, 0xe8, 0x5d, 0x84, 0x75, 0xd7, 0x20, 0xd3, 0xc, 0xbd, 0xba, 0x77, 0x1a, 0x14, 0x41, 0x15, 0xd0, 0x34, 0x64, 0x8d, 0x6, 0x32, 0x8f, 0x83, 0x3e, 0xd6, 0xf, 0xaa, 0xe1, 0x7e, 0xdc, 0xbe, 0x33, 0x43, 0xc6, 0x38, 0xcf, 0x9b, 0x6f, 0xf2, 0x1e, 0x50, 0x6f, 0xf3, 0x3b, 0x8f, 0xbf, 0x18, 0x60, 0xd5, 0x43, 0xac, 0xd2, 0xbb, 0x49},

WARNING:LONG_LINE: line length of 764 exceeds 100 columns
#136: FILE: app/test/test_gro.c:18:
+{0x12, 0x34, 0x56, 0x78, 0x9a, 0xbc, 0x7c, 0xed, 0x8d, 0xc0, 0xc1, 0xf5, 0x8, 0x0, 0x45, 0x0, 0x0, 0x76, 0xa4, 0xff, 0x40, 0x0, 0x40, 0x6, 0x81, 0x78, 0xa, 0x1, 0x0, 0x4, 0xa, 0x1, 0x0, 0x5, 0xcc, 0x8a, 0x14, 0x51, 0xfd, 0x69, 0x8d, 0x7d, 0x19, 0x86, 0xdd, 0x46, 0x80, 0x18, 0x2, 0x0, 0x14, 0x73, 0x0, 0x0, 0x1, 0x1, 0x8, 0xa, 0x3c, 0x2, 0xd1, 0xa5, 0x36, 0xb6, 0x9e, 0xda, 0x5a, 0x95, 0x20, 0xf2, 0x20, 0x9b, 0xd, 0xc1, 0x9, 0xe5, 0x3, 0x68, 0x52, 0x14, 0x2c, 0x7c, 0x98, 0x44, 0x63, 0x6c, 0xc6, 0xe6, 0xba, 0x8a, 0x0, 0x10, 0x66, 0x45, 0xb1, 0xfd, 0x7b, 0x77, 0xf1, 0xf9, 0x95, 0xcd, 0x7f, 0x61, 0x12, 0xeb, 0xa5, 0x23, 0xa0, 0x2, 0xe5, 0x31, 0xd8, 0x1f, 0x36, 0x55, 0x59, 0x46, 0xce, 0x9f, 0xd2, 0x74, 0x6b, 0xf9, 0x63, 0xbe, 0xa1, 0xed, 0xc5, 0x59, 0x22, 0x8c}

total: 0 errors, 5 warnings, 280 lines checked

^ permalink raw reply	[flat|nested] 18+ messages in thread

* |FAILURE| pw158636 [PATCH] gro : improve GRO performance based on hash table
       [not found] <20251110162356.173438-1-kumaraparamesh92@gmail.com>
                   ` (2 preceding siblings ...)
  2025-11-10 16:23 ` |WARNING| " checkpatch
@ 2025-11-10 17:09 ` 0-day Robot
  2025-11-10 17:40 ` |PENDING| pw158636 [PATCH] gro : improve GRO performance based on ha dpdklab
                   ` (13 subsequent siblings)
  17 siblings, 0 replies; 18+ messages in thread
From: 0-day Robot @ 2025-11-10 17:09 UTC (permalink / raw)
  To: test-report; +Cc: kumaraparamesh92, robot

From: robot@bytheb.org

Test-Label: github-robot: build
Test-Status: FAILURE
http://patchwork.dpdk.org/patch/158636/

_github build: failed_
Build URL: https://github.com/ovsrobot/dpdk/actions/runs/19238699627

^ permalink raw reply	[flat|nested] 18+ messages in thread

* |PENDING| pw158636 [PATCH] gro : improve GRO performance based on ha
       [not found] <20251110162356.173438-1-kumaraparamesh92@gmail.com>
                   ` (3 preceding siblings ...)
  2025-11-10 17:09 ` |FAILURE| " 0-day Robot
@ 2025-11-10 17:40 ` dpdklab
  2025-11-10 17:43 ` |SUCCESS| " dpdklab
                   ` (12 subsequent siblings)
  17 siblings, 0 replies; 18+ messages in thread
From: dpdklab @ 2025-11-10 17:40 UTC (permalink / raw)
  To: Test Report; +Cc: dpdk-test-reports

Test-Label: iol-compile-amd64-testing
Test-Status: PENDING
http://dpdk.org/patch/158636

_Testing pending_

Submitter: kumaraparameshwaran rathinavel <kumaraparamesh92@gmail.com>
Date: Monday, November 10 2025 16:23:56 
DPDK git baseline: Repo:dpdk
  Branch: master
  CommitID:32387caaa00660ebe35be25f2371edb0069cc80a

158636 --> testing pending

Upstream job id: Generic-VM-DPDK-Compile-Meson#39624

Test environment and result as below:

+-------------------------------+--------------------+------------------+-------------------------+-------------------+
|          Environment          | dpdk_meson_compile | dpdk_compile_ovs | dpdk_llvm_clang_compile | dpdk_msvc_compile |
+===============================+====================+==================+=========================+===================+
| CentOS Stream 9               | PEND               | SKIPPED          | SKIPPED                 | SKIPPED           |
+-------------------------------+--------------------+------------------+-------------------------+-------------------+
| CentOS Stream 10              | PEND               | SKIPPED          | SKIPPED                 | SKIPPED           |
+-------------------------------+--------------------+------------------+-------------------------+-------------------+
| Fedora Linux 42               | PEND               | PEND             | SKIPPED                 | SKIPPED           |
+-------------------------------+--------------------+------------------+-------------------------+-------------------+
| Debian GNU/Linux 12           | PEND               | SKIPPED          | SKIPPED                 | SKIPPED           |
+-------------------------------+--------------------+------------------+-------------------------+-------------------+
| FreeBSD 14.2                  | PEND               | SKIPPED          | SKIPPED                 | SKIPPED           |
+-------------------------------+--------------------+------------------+-------------------------+-------------------+
| Ubuntu 20.04                  | PASS               | SKIPPED          | SKIPPED                 | SKIPPED           |
+-------------------------------+--------------------+------------------+-------------------------+-------------------+
| Red Hat Enterprise Linux 9.5  | PEND               | SKIPPED          | SKIPPED                 | SKIPPED           |
+-------------------------------+--------------------+------------------+-------------------------+-------------------+
| Red Hat Enterprise Linux 8.10 | PEND               | SKIPPED          | SKIPPED                 | SKIPPED           |
+-------------------------------+--------------------+------------------+-------------------------+-------------------+
| Ubuntu 24.04                  | PEND               | PEND             | SKIPPED                 | SKIPPED           |
+-------------------------------+--------------------+------------------+-------------------------+-------------------+
| Ubuntu 22.04                  | PEND               | SKIPPED          | SKIPPED                 | SKIPPED           |
+-------------------------------+--------------------+------------------+-------------------------+-------------------+
| openSUSE Leap 15.6            | PEND               | SKIPPED          | SKIPPED                 | SKIPPED           |
+-------------------------------+--------------------+------------------+-------------------------+-------------------+
| Alpine Linux 3.22.0           | PEND               | SKIPPED          | SKIPPED                 | SKIPPED           |
+-------------------------------+--------------------+------------------+-------------------------+-------------------+
| Windows Server 2022           | SKIPPED            | SKIPPED          | PEND                    | PEND              |
+-------------------------------+--------------------+------------------+-------------------------+-------------------+


CentOS Stream 9
	Kernel: 5.15
	Compiler: gcc gcc (GCC) 11.5.0 20240719 (Red Hat 11.5.0-11)

CentOS Stream 10
	Kernel: 5.15
	Compiler: gcc gcc (GCC) 14.2.1 20250110 (Red Hat 14.2.1-8)

Fedora Linux 42
	Kernel: 5.15
	Compiler: clang gcc (GCC) 15.2.1 20250808 (Red Hat 15.2.1-1)

Debian GNU/Linux 12
	Kernel: 5.15
	Compiler: gcc gcc (Debian 12.2.0-14+deb12u1) 12.2.0

FreeBSD 14.2
	Kernel: 14.2-RELEASE
	Compiler: clang 18.1.6

Ubuntu 20.04
	Kernel: 5.15
	Compiler: gcc gcc (Ubuntu 9.4.0-1ubuntu1~20.04.2) 9.4.0

Red Hat Enterprise Linux 9.5
	Kernel: 5.15
	Compiler: gcc gcc (GCC) 11.5.0 20240719 (Red Hat 11.5.0-2)

Red Hat Enterprise Linux 8.10
	Kernel: 5.15
	Compiler: gcc gcc (GCC) 8.5.0 20210514 (Red Hat 8.5.0-22)

Ubuntu 24.04
	Kernel: 5.15
	Compiler: gcc gcc (Ubuntu 13.3.0-6ubuntu2~24.04) 13.3.0

Ubuntu 22.04
	Kernel: 5.15
	Compiler: gcc gcc (Ubuntu 11.4.0-1ubuntu1~22.04) 11.4.0

openSUSE Leap 15.6
	Kernel: 5.15
	Compiler: gcc gcc (SUSE Linux) 7.5.0

Alpine Linux 3.22.0
	Kernel: 5.15
	Compiler: gcc gcc (Alpine 14.2.0) 14.2.0

Windows Server 2022
	Kernel: 10.0.20348.2031
	Compiler: clang 15.0.7, gcc 14.1.0 (MinGW), and MSVC VS 19.39.33521

To view detailed results, visit:
https://lab.dpdk.org/results/dashboard/patchsets/34522/

UNH-IOL DPDK Community Lab

To manage your email subscriptions, visit: 
https://lab.dpdk.org/results/dashboard/preferences/subscriptions/

^ permalink raw reply	[flat|nested] 18+ messages in thread

* |SUCCESS| pw158636 [PATCH] gro : improve GRO performance based on ha
       [not found] <20251110162356.173438-1-kumaraparamesh92@gmail.com>
                   ` (4 preceding siblings ...)
  2025-11-10 17:40 ` |PENDING| pw158636 [PATCH] gro : improve GRO performance based on ha dpdklab
@ 2025-11-10 17:43 ` dpdklab
  2025-11-10 17:43 ` |PENDING| " dpdklab
                   ` (11 subsequent siblings)
  17 siblings, 0 replies; 18+ messages in thread
From: dpdklab @ 2025-11-10 17:43 UTC (permalink / raw)
  To: Test Report; +Cc: dpdk-test-reports

Test-Label: iol-mellanox-Functional
Test-Status: SUCCESS
http://dpdk.org/patch/158636

_Functional Testing PASS_

Submitter: kumaraparameshwaran rathinavel <kumaraparamesh92@gmail.com>
Date: Monday, November 10 2025 16:23:56 
DPDK git baseline: Repo:dpdk
  Branch: master
  CommitID:32387caaa00660ebe35be25f2371edb0069cc80a

158636 --> functional testing pass

Upstream job id: Template-DPDK-DTS-Pipeline#3117

Test environment and result as below:

Ubuntu 24.04
Kernel: 6.8.0-55-generic
Compiler: gcc 13.3.0
NIC: Mellanox ConnectX-5 100000 Mbps

Aggregate Results by Test Suite
+---------------------------------+--------+
|           Test Suite            | Result |
+=================================+========+
| blocklist                       |  PASS  |
+---------------------------------+--------+
| promisc_support                 |  PASS  |
+---------------------------------+--------+
| uni_pkt                         |  PASS  |
+---------------------------------+--------+
| dynamic_config                  |  PASS  |
+---------------------------------+--------+
| hello_world                     |  PASS  |
+---------------------------------+--------+
| l2fwd                           |  PASS  |
+---------------------------------+--------+
| port_restart_config_persistency |  PASS  |
+---------------------------------+--------+
| softnic                         |  PASS  |
+---------------------------------+--------+
| vlan                            |  PASS  |
+---------------------------------+--------+


To view detailed results, visit:
https://lab.dpdk.org/results/dashboard/patchsets/34522/

UNH-IOL DPDK Community Lab

To manage your email subscriptions, visit: 
https://lab.dpdk.org/results/dashboard/preferences/subscriptions/

^ permalink raw reply	[flat|nested] 18+ messages in thread

* |PENDING| pw158636 [PATCH] gro : improve GRO performance based on ha
       [not found] <20251110162356.173438-1-kumaraparamesh92@gmail.com>
                   ` (5 preceding siblings ...)
  2025-11-10 17:43 ` |SUCCESS| " dpdklab
@ 2025-11-10 17:43 ` dpdklab
  2025-11-10 17:47 ` |SUCCESS| " dpdklab
                   ` (10 subsequent siblings)
  17 siblings, 0 replies; 18+ messages in thread
From: dpdklab @ 2025-11-10 17:43 UTC (permalink / raw)
  To: Test Report; +Cc: dpdk-test-reports

Test-Label: iol-unit-amd64-testing
Test-Status: PENDING
http://dpdk.org/patch/158636

_Testing pending_

Submitter: kumaraparameshwaran rathinavel <kumaraparamesh92@gmail.com>
Date: Monday, November 10 2025 16:23:56 
DPDK git baseline: Repo:dpdk
  Branch: master
  CommitID:32387caaa00660ebe35be25f2371edb0069cc80a

158636 --> testing pending

Upstream job id: Generic-Unit-Test-DPDK#390647

Test environment and result as below:

+-------------------------------+----------------+
|          Environment          | dpdk_unit_test |
+===============================+================+
| CentOS Stream 10              | PEND           |
+-------------------------------+----------------+
| CentOS Stream 9               | PEND           |
+-------------------------------+----------------+
| Fedora Linux 41               | PEND           |
+-------------------------------+----------------+
| Fedora Linux 40               | PEND           |
+-------------------------------+----------------+
| Fedora Linux 42               | PEND           |
+-------------------------------+----------------+
| Red Hat Enterprise Linux 8.10 | PEND           |
+-------------------------------+----------------+
| Ubuntu 20.04                  | PEND           |
+-------------------------------+----------------+
| Debian GNU/Linux 12           | PEND           |
+-------------------------------+----------------+
| Ubuntu 24.04                  | PEND           |
+-------------------------------+----------------+
| Ubuntu 22.04                  | PEND           |
+-------------------------------+----------------+
| Red Hat Enterprise Linux 9.5  | PEND           |
+-------------------------------+----------------+
| Windows Server 2022           | PEND           |
+-------------------------------+----------------+


CentOS Stream 10
	Kernel: 5.15
	Compiler: gcc gcc (GCC) 14.2.1 20250110 (Red Hat 14.2.1-8)

CentOS Stream 9
	Kernel: 5.15
	Compiler: gcc gcc (GCC) 11.5.0 20240719 (Red Hat 11.5.0-11)

Fedora Linux 41
	Kernel: 5.15
	Compiler: clang gcc (GCC) 14.3.1 20250523 (Red Hat 14.3.1-1)

Fedora Linux 40
	Kernel: 5.15
	Compiler: gcc gcc (GCC) 14.2.1 20240912 (Red Hat 14.2.1-3)

Fedora Linux 42
	Kernel: 5.15
	Compiler: clang gcc (GCC) 15.2.1 20250808 (Red Hat 15.2.1-1)

Red Hat Enterprise Linux 8.10
	Kernel: 5.15
	Compiler: gcc gcc (GCC) 8.5.0 20210514 (Red Hat 8.5.0-22)

Ubuntu 20.04
	Kernel: 5.15
	Compiler: gcc gcc (Ubuntu 9.4.0-1ubuntu1~20.04.2) 9.4.0

Debian GNU/Linux 12
	Kernel: 5.15
	Compiler: gcc gcc (Debian 12.2.0-14+deb12u1) 12.2.0

Ubuntu 24.04
	Kernel: 5.15
	Compiler: gcc gcc (Ubuntu 13.3.0-6ubuntu2~24.04) 13.3.0

Ubuntu 22.04
	Kernel: 5.15
	Compiler: gcc gcc (Ubuntu 11.4.0-1ubuntu1~22.04) 11.4.0

Red Hat Enterprise Linux 9.5
	Kernel: 5.15
	Compiler: gcc gcc (GCC) 11.5.0 20240719 (Red Hat 11.5.0-2)

Windows Server 2022
	Kernel: 10.0.20348.2031
	Compiler: clang 15.0.7, gcc 14.1.0 (MinGW), and MSVC VS 19.39.33521

To view detailed results, visit:
https://lab.dpdk.org/results/dashboard/patchsets/34522/

UNH-IOL DPDK Community Lab

To manage your email subscriptions, visit: 
https://lab.dpdk.org/results/dashboard/preferences/subscriptions/

^ permalink raw reply	[flat|nested] 18+ messages in thread

* |SUCCESS| pw158636 [PATCH] gro : improve GRO performance based on ha
       [not found] <20251110162356.173438-1-kumaraparamesh92@gmail.com>
                   ` (6 preceding siblings ...)
  2025-11-10 17:43 ` |PENDING| " dpdklab
@ 2025-11-10 17:47 ` dpdklab
  2025-11-10 17:51 ` |PENDING| " dpdklab
                   ` (9 subsequent siblings)
  17 siblings, 0 replies; 18+ messages in thread
From: dpdklab @ 2025-11-10 17:47 UTC (permalink / raw)
  To: Test Report; +Cc: dpdk-test-reports

Test-Label: iol-marvell-Functional
Test-Status: SUCCESS
http://dpdk.org/patch/158636

_Functional Testing PASS_

Submitter: kumaraparameshwaran rathinavel <kumaraparamesh92@gmail.com>
Date: Monday, November 10 2025 16:23:56 
DPDK git baseline: Repo:dpdk
  Branch: master
  CommitID:32387caaa00660ebe35be25f2371edb0069cc80a

158636 --> functional testing pass

Upstream job id: Template-DTS-Pipeline#253897

Test environment and result as below:

Ubuntu 20.04.6
Kernel: 5.4.105
Compiler: gcc 9.4
NIC: Marvell CN106XX 50000 Mbps
Target: arm64-native-linuxapp-gcc

Aggregate Results by Test Suite
+----------------+--------+
|   Test Suite   | Result |
+================+========+
| cmdline        |  PASS  |
+----------------+--------+
| rxtx_callbacks |  PASS  |
+----------------+--------+


To view detailed results, visit:
https://lab.dpdk.org/results/dashboard/patchsets/34522/

UNH-IOL DPDK Community Lab

To manage your email subscriptions, visit: 
https://lab.dpdk.org/results/dashboard/preferences/subscriptions/

^ permalink raw reply	[flat|nested] 18+ messages in thread

* |PENDING| pw158636 [PATCH] gro : improve GRO performance based on ha
       [not found] <20251110162356.173438-1-kumaraparamesh92@gmail.com>
                   ` (7 preceding siblings ...)
  2025-11-10 17:47 ` |SUCCESS| " dpdklab
@ 2025-11-10 17:51 ` dpdklab
  2025-11-10 17:52 ` dpdklab
                   ` (8 subsequent siblings)
  17 siblings, 0 replies; 18+ messages in thread
From: dpdklab @ 2025-11-10 17:51 UTC (permalink / raw)
  To: Test Report; +Cc: dpdk-test-reports

Test-Label: iol-sample-apps-testing
Test-Status: PENDING
http://dpdk.org/patch/158636

_Testing pending_

Submitter: kumaraparameshwaran rathinavel <kumaraparamesh92@gmail.com>
Date: Monday, November 10 2025 16:23:56 
DPDK git baseline: Repo:dpdk
  Branch: master
  CommitID:32387caaa00660ebe35be25f2371edb0069cc80a

158636 --> testing pending

Upstream job id: Template-DTS-Pipeline#253899

Test environment and result as below:

+--------------+----------------------+----------------------+
| Environment  | dpdk_fips_validation | compressdev_zlib_pmd |
+==============+======================+======================+
| Ubuntu 20.04 | PEND                 | SKIPPED              |
+--------------+----------------------+----------------------+
| Ubuntu 22.04 | SKIPPED              | PASS                 |
+--------------+----------------------+----------------------+


Ubuntu 20.04
	Kernel: 5.15
	Compiler: gcc gcc (Ubuntu 9.4.0-1ubuntu1~20.04.2) 9.4.0

Ubuntu 22.04
	Kernel: 5.15
	Compiler: gcc gcc (Ubuntu 11.4.0-1ubuntu1~22.04.2) 11.4.0

To view detailed results, visit:
https://lab.dpdk.org/results/dashboard/patchsets/34522/

UNH-IOL DPDK Community Lab

To manage your email subscriptions, visit: 
https://lab.dpdk.org/results/dashboard/preferences/subscriptions/

^ permalink raw reply	[flat|nested] 18+ messages in thread

* |PENDING| pw158636 [PATCH] gro : improve GRO performance based on ha
       [not found] <20251110162356.173438-1-kumaraparamesh92@gmail.com>
                   ` (8 preceding siblings ...)
  2025-11-10 17:51 ` |PENDING| " dpdklab
@ 2025-11-10 17:52 ` dpdklab
  2025-11-10 18:03 ` |SUCCESS| " dpdklab
                   ` (7 subsequent siblings)
  17 siblings, 0 replies; 18+ messages in thread
From: dpdklab @ 2025-11-10 17:52 UTC (permalink / raw)
  To: Test Report; +Cc: dpdk-test-reports

Test-Label: iol-unit-arm64-testing
Test-Status: PENDING
http://dpdk.org/patch/158636

_Testing pending_

Submitter: kumaraparameshwaran rathinavel <kumaraparamesh92@gmail.com>
Date: Monday, November 10 2025 16:23:56 
DPDK git baseline: Repo:dpdk
  Branch: master
  CommitID:32387caaa00660ebe35be25f2371edb0069cc80a

158636 --> testing pending

Upstream job id: Generic-Unit-Test-DPDK#390638

Test environment and result as below:

+------------------------------+------------------------------+---------------------------+--------------+----------------+
|         Environment          | cryptodev_sw_snow3g_autotest | cryptodev_sw_zuc_autotest | lpm_autotest | dpdk_unit_test |
+==============================+==============================+===========================+==============+================+
| Debian 12 (arm)              | PEND                         | PEND                      | SKIPPED      | SKIPPED        |
+------------------------------+------------------------------+---------------------------+--------------+----------------+
| Ubuntu 20.04                 | SKIPPED                      | SKIPPED                   | PASS         | PEND           |
+------------------------------+------------------------------+---------------------------+--------------+----------------+
| Fedora Linux 42              | SKIPPED                      | SKIPPED                   | SKIPPED      | PEND           |
+------------------------------+------------------------------+---------------------------+--------------+----------------+
| CentOS Stream 9              | SKIPPED                      | SKIPPED                   | SKIPPED      | PEND           |
+------------------------------+------------------------------+---------------------------+--------------+----------------+
| CentOS Stream 10             | SKIPPED                      | SKIPPED                   | SKIPPED      | PEND           |
+------------------------------+------------------------------+---------------------------+--------------+----------------+
| Fedora Linux 41              | SKIPPED                      | SKIPPED                   | SKIPPED      | PEND           |
+------------------------------+------------------------------+---------------------------+--------------+----------------+
| Fedora Linux 40              | SKIPPED                      | SKIPPED                   | SKIPPED      | PEND           |
+------------------------------+------------------------------+---------------------------+--------------+----------------+
| Ubuntu 24.04                 | SKIPPED                      | SKIPPED                   | SKIPPED      | PEND           |
+------------------------------+------------------------------+---------------------------+--------------+----------------+
| Red Hat Enterprise Linux 9.5 | SKIPPED                      | SKIPPED                   | SKIPPED      | PEND           |
+------------------------------+------------------------------+---------------------------+--------------+----------------+
| Ubuntu 22.04                 | SKIPPED                      | SKIPPED                   | SKIPPED      | PEND           |
+------------------------------+------------------------------+---------------------------+--------------+----------------+
| Debian GNU/Linux 12          | SKIPPED                      | SKIPPED                   | SKIPPED      | PEND           |
+------------------------------+------------------------------+---------------------------+--------------+----------------+


Debian 12 (arm)
	Kernel: Depends on container host
	Compiler: gcc (Debian 12.2.0-14) 12.2.0

Ubuntu 20.04
	Kernel: 5.4
	Compiler: gcc gcc (Ubuntu 9.4.0-1ubuntu1~20.04.2) 9.4.0

Fedora Linux 42
	Kernel: 5.4
	Compiler: clang gcc (GCC) 15.2.1 20250808 (Red Hat 15.2.1-1)

CentOS Stream 9
	Kernel: 5.4
	Compiler: gcc gcc (GCC) 11.5.0 20240719 (Red Hat 11.5.0-11)

CentOS Stream 10
	Kernel: 5.4
	Compiler: gcc gcc (GCC) 14.2.1 20250110 (Red Hat 14.2.1-8)

Fedora Linux 41
	Kernel: 5.4
	Compiler: gcc gcc (GCC) 14.3.1 20250523 (Red Hat 14.3.1-1)

Fedora Linux 40
	Kernel: 5.4
	Compiler: gcc gcc (GCC) 14.2.1 20240912 (Red Hat 14.2.1-3)

Ubuntu 24.04
	Kernel: 5.4
	Compiler: gcc gcc (Ubuntu 13.3.0-6ubuntu2~24.04) 13.3.0

Red Hat Enterprise Linux 9.5
	Kernel: 5.4
	Compiler: gcc gcc (GCC) 11.5.0 20240719 (Red Hat 11.5.0-2)

Ubuntu 22.04
	Kernel: 5.4
	Compiler: gcc gcc (Ubuntu 11.4.0-1ubuntu1~22.04) 11.4.0

Debian GNU/Linux 12
	Kernel: 5.4
	Compiler: gcc gcc (Debian 12.2.0-14+deb12u1) 12.2.0

To view detailed results, visit:
https://lab.dpdk.org/results/dashboard/patchsets/34522/

UNH-IOL DPDK Community Lab

To manage your email subscriptions, visit: 
https://lab.dpdk.org/results/dashboard/preferences/subscriptions/

^ permalink raw reply	[flat|nested] 18+ messages in thread

* |SUCCESS| pw158636 [PATCH] gro : improve GRO performance based on ha
       [not found] <20251110162356.173438-1-kumaraparamesh92@gmail.com>
                   ` (9 preceding siblings ...)
  2025-11-10 17:52 ` dpdklab
@ 2025-11-10 18:03 ` dpdklab
  2025-11-10 18:05 ` dpdklab
                   ` (6 subsequent siblings)
  17 siblings, 0 replies; 18+ messages in thread
From: dpdklab @ 2025-11-10 18:03 UTC (permalink / raw)
  To: Test Report, Ali Alnubani; +Cc: dpdk-test-reports

Test-Label: iol-mellanox-Performance
Test-Status: SUCCESS
http://dpdk.org/patch/158636

_Performance Testing PASS_

Submitter: kumaraparameshwaran rathinavel <kumaraparamesh92@gmail.com>
Date: Monday, November 10 2025 16:23:56 
DPDK git baseline: Repo:dpdk
  Branch: master
  CommitID:32387caaa00660ebe35be25f2371edb0069cc80a

158636 --> performance testing pass

Upstream job id: Template-DTS-Pipeline#253887

Test environment and result as below:

Ubuntu 24.04
Kernel: 6.8
Compiler: gcc gcc (Ubuntu 13.3.0-6ubuntu2~24.04) 13.3.0
NIC: Mellanox ConnectX-6 Lx 25000 Mbps
Fail/Total: 0/6

Detail performance results: 
+------------+---------+----------+-------------+------------------------------+
| frame_size | txd/rxd | num_cpus | num_threads |  throughput difference from  |
|            |         |          |             |           expected           |
+============+=========+==========+=============+==============================+
| 64         | 1024    | 1        | 1           | -0.0%                        |
+------------+---------+----------+-------------+------------------------------+
| 128        | 1024    | 1        | 1           | 0.1%                         |
+------------+---------+----------+-------------+------------------------------+
| 256        | 1024    | 1        | 1           | 0.0%                         |
+------------+---------+----------+-------------+------------------------------+
| 512        | 1024    | 1        | 1           | -0.0%                        |
+------------+---------+----------+-------------+------------------------------+
| 1024       | 1024    | 1        | 1           | 0.0%                         |
+------------+---------+----------+-------------+------------------------------+
| 1518       | 1024    | 1        | 1           | 0.2%                         |
+------------+---------+----------+-------------+------------------------------+

Ubuntu 24.04
Kernel: 6.8
Compiler: gcc gcc (Ubuntu 13.3.0-6ubuntu2~24.04) 13.3.0
NIC: NVIDIA Mellanox ConnectX-7 100000 Mbps
Fail/Total: 0/6

Detail performance results: 
+------------+---------+----------+-------------+------------------------------+
| frame_size | txd/rxd | num_cpus | num_threads |  throughput difference from  |
|            |         |          |             |           expected           |
+============+=========+==========+=============+==============================+
| 64         | 1024    | 1        | 1           | 0.6%                         |
+------------+---------+----------+-------------+------------------------------+
| 128        | 1024    | 1        | 1           | 0.4%                         |
+------------+---------+----------+-------------+------------------------------+
| 256        | 1024    | 1        | 1           | 1.2%                         |
+------------+---------+----------+-------------+------------------------------+
| 512        | 1024    | 1        | 1           | -0.1%                        |
+------------+---------+----------+-------------+------------------------------+
| 1024       | 1024    | 1        | 1           | 0.0%                         |
+------------+---------+----------+-------------+------------------------------+
| 1518       | 1024    | 1        | 1           | 0.3%                         |
+------------+---------+----------+-------------+------------------------------+

To view detailed results, visit:
https://lab.dpdk.org/results/dashboard/patchsets/34522/

UNH-IOL DPDK Community Lab

To manage your email subscriptions, visit: 
https://lab.dpdk.org/results/dashboard/preferences/subscriptions/

^ permalink raw reply	[flat|nested] 18+ messages in thread

* |SUCCESS| pw158636 [PATCH] gro : improve GRO performance based on ha
       [not found] <20251110162356.173438-1-kumaraparamesh92@gmail.com>
                   ` (10 preceding siblings ...)
  2025-11-10 18:03 ` |SUCCESS| " dpdklab
@ 2025-11-10 18:05 ` dpdklab
  2025-11-10 18:13 ` dpdklab
                   ` (5 subsequent siblings)
  17 siblings, 0 replies; 18+ messages in thread
From: dpdklab @ 2025-11-10 18:05 UTC (permalink / raw)
  To: Test Report; +Cc: dpdk-test-reports

Test-Label: iol-intel-Functional
Test-Status: SUCCESS
http://dpdk.org/patch/158636

_Functional Testing PASS_

Submitter: kumaraparameshwaran rathinavel <kumaraparamesh92@gmail.com>
Date: Monday, November 10 2025 16:23:56 
DPDK git baseline: Repo:dpdk
  Branch: master
  CommitID:32387caaa00660ebe35be25f2371edb0069cc80a

158636 --> functional testing pass

Upstream job id: Template-DTS-Pipeline#253894

Test environment and result as below:

Ubuntu 20.04
Kernel: 5.4
Compiler: gcc gcc (Ubuntu 9.4.0-1ubuntu1~20.04.1) 9.4.0
NIC: Intel Corporation Ethernet Converged Network Adapter XL710-QDA2 40000 Mbps

Aggregate Results by Test Suite
+-----------------------------+--------+
|         Test Suite          | Result |
+=============================+========+
| unit_tests_mbuf             |  PASS  |
+-----------------------------+--------+
| vhost_virtio_user_interrupt |  PASS  |
+-----------------------------+--------+
| virtio_smoke                |  PASS  |
+-----------------------------+--------+


To view detailed results, visit:
https://lab.dpdk.org/results/dashboard/patchsets/34522/

UNH-IOL DPDK Community Lab

To manage your email subscriptions, visit: 
https://lab.dpdk.org/results/dashboard/preferences/subscriptions/

^ permalink raw reply	[flat|nested] 18+ messages in thread

* |SUCCESS| pw158636 [PATCH] gro : improve GRO performance based on ha
       [not found] <20251110162356.173438-1-kumaraparamesh92@gmail.com>
                   ` (11 preceding siblings ...)
  2025-11-10 18:05 ` dpdklab
@ 2025-11-10 18:13 ` dpdklab
  2025-11-10 18:16 ` dpdklab
                   ` (4 subsequent siblings)
  17 siblings, 0 replies; 18+ messages in thread
From: dpdklab @ 2025-11-10 18:13 UTC (permalink / raw)
  To: Test Report; +Cc: dpdk-test-reports

Test-Label: iol-sample-apps-testing
Test-Status: SUCCESS
http://dpdk.org/patch/158636

_Testing PASS_

Submitter: kumaraparameshwaran rathinavel <kumaraparamesh92@gmail.com>
Date: Monday, November 10 2025 16:23:56 
DPDK git baseline: Repo:dpdk
  Branch: master
  CommitID:32387caaa00660ebe35be25f2371edb0069cc80a

158636 --> testing pass

Upstream job id: ACVP-FIPS-testing#11747

Test environment and result as below:

+--------------+----------------------+----------------------+
| Environment  | dpdk_fips_validation | compressdev_zlib_pmd |
+==============+======================+======================+
| Ubuntu 20.04 | PASS                 | SKIPPED              |
+--------------+----------------------+----------------------+
| Ubuntu 22.04 | SKIPPED              | PASS                 |
+--------------+----------------------+----------------------+


Ubuntu 20.04
	Kernel: 5.15
	Compiler: gcc gcc (Ubuntu 9.4.0-1ubuntu1~20.04.2) 9.4.0

Ubuntu 22.04
	Kernel: 5.15
	Compiler: gcc gcc (Ubuntu 11.4.0-1ubuntu1~22.04.2) 11.4.0

To view detailed results, visit:
https://lab.dpdk.org/results/dashboard/patchsets/34522/

UNH-IOL DPDK Community Lab

To manage your email subscriptions, visit: 
https://lab.dpdk.org/results/dashboard/preferences/subscriptions/

^ permalink raw reply	[flat|nested] 18+ messages in thread

* |SUCCESS| pw158636 [PATCH] gro : improve GRO performance based on ha
       [not found] <20251110162356.173438-1-kumaraparamesh92@gmail.com>
                   ` (12 preceding siblings ...)
  2025-11-10 18:13 ` dpdklab
@ 2025-11-10 18:16 ` dpdklab
  2025-11-10 18:17 ` dpdklab
                   ` (3 subsequent siblings)
  17 siblings, 0 replies; 18+ messages in thread
From: dpdklab @ 2025-11-10 18:16 UTC (permalink / raw)
  To: Test Report; +Cc: dpdk-test-reports

Test-Label: iol-compile-amd64-testing
Test-Status: SUCCESS
http://dpdk.org/patch/158636

_Testing PASS_

Submitter: kumaraparameshwaran rathinavel <kumaraparamesh92@gmail.com>
Date: Monday, November 10 2025 16:23:56 
DPDK git baseline: Repo:dpdk
  Branch: master
  CommitID:32387caaa00660ebe35be25f2371edb0069cc80a

158636 --> testing pass

Upstream job id: Generic-DPDK-Compile-Meson#442635

Test environment and result as below:

+-------------------------------+--------------------+------------------+-------------------------+-------------------+----------------------+
|          Environment          | dpdk_meson_compile | dpdk_compile_ovs | dpdk_llvm_clang_compile | dpdk_msvc_compile | dpdk_mingw64_compile |
+===============================+====================+==================+=========================+===================+======================+
| CentOS Stream 9               | PASS               | SKIPPED          | SKIPPED                 | SKIPPED           | SKIPPED              |
+-------------------------------+--------------------+------------------+-------------------------+-------------------+----------------------+
| CentOS Stream 10              | PASS               | SKIPPED          | SKIPPED                 | SKIPPED           | SKIPPED              |
+-------------------------------+--------------------+------------------+-------------------------+-------------------+----------------------+
| Fedora Linux 42               | PASS               | PASS             | SKIPPED                 | SKIPPED           | SKIPPED              |
+-------------------------------+--------------------+------------------+-------------------------+-------------------+----------------------+
| Debian GNU/Linux 12           | PASS               | SKIPPED          | SKIPPED                 | SKIPPED           | SKIPPED              |
+-------------------------------+--------------------+------------------+-------------------------+-------------------+----------------------+
| FreeBSD 14.2                  | PASS               | SKIPPED          | SKIPPED                 | SKIPPED           | SKIPPED              |
+-------------------------------+--------------------+------------------+-------------------------+-------------------+----------------------+
| Ubuntu 20.04                  | PASS               | SKIPPED          | SKIPPED                 | SKIPPED           | SKIPPED              |
+-------------------------------+--------------------+------------------+-------------------------+-------------------+----------------------+
| Red Hat Enterprise Linux 9.5  | PASS               | SKIPPED          | SKIPPED                 | SKIPPED           | SKIPPED              |
+-------------------------------+--------------------+------------------+-------------------------+-------------------+----------------------+
| Red Hat Enterprise Linux 8.10 | PASS               | SKIPPED          | SKIPPED                 | SKIPPED           | SKIPPED              |
+-------------------------------+--------------------+------------------+-------------------------+-------------------+----------------------+
| Ubuntu 24.04                  | PASS               | PASS             | SKIPPED                 | SKIPPED           | SKIPPED              |
+-------------------------------+--------------------+------------------+-------------------------+-------------------+----------------------+
| Ubuntu 22.04                  | PASS               | SKIPPED          | SKIPPED                 | SKIPPED           | SKIPPED              |
+-------------------------------+--------------------+------------------+-------------------------+-------------------+----------------------+
| openSUSE Leap 15.6            | PASS               | SKIPPED          | SKIPPED                 | SKIPPED           | SKIPPED              |
+-------------------------------+--------------------+------------------+-------------------------+-------------------+----------------------+
| Alpine Linux 3.22.0           | PASS               | SKIPPED          | SKIPPED                 | SKIPPED           | SKIPPED              |
+-------------------------------+--------------------+------------------+-------------------------+-------------------+----------------------+
| Windows Server 2022           | SKIPPED            | SKIPPED          | PASS                    | PASS              | PASS                 |
+-------------------------------+--------------------+------------------+-------------------------+-------------------+----------------------+


CentOS Stream 9
	Kernel: 5.15
	Compiler: gcc gcc (GCC) 11.5.0 20240719 (Red Hat 11.5.0-11)

CentOS Stream 10
	Kernel: 5.15
	Compiler: gcc gcc (GCC) 14.2.1 20250110 (Red Hat 14.2.1-8)

Fedora Linux 42
	Kernel: 5.15
	Compiler: clang gcc (GCC) 15.2.1 20250808 (Red Hat 15.2.1-1)

Debian GNU/Linux 12
	Kernel: 5.15
	Compiler: gcc gcc (Debian 12.2.0-14+deb12u1) 12.2.0

FreeBSD 14.2
	Kernel: 14.2-RELEASE
	Compiler: clang 18.1.6

Ubuntu 20.04
	Kernel: 5.15
	Compiler: gcc gcc (Ubuntu 9.4.0-1ubuntu1~20.04.2) 9.4.0

Red Hat Enterprise Linux 9.5
	Kernel: 5.15
	Compiler: gcc gcc (GCC) 11.5.0 20240719 (Red Hat 11.5.0-2)

Red Hat Enterprise Linux 8.10
	Kernel: 5.15
	Compiler: gcc gcc (GCC) 8.5.0 20210514 (Red Hat 8.5.0-22)

Ubuntu 24.04
	Kernel: 5.15
	Compiler: gcc gcc (Ubuntu 13.3.0-6ubuntu2~24.04) 13.3.0

Ubuntu 22.04
	Kernel: 5.15
	Compiler: gcc gcc (Ubuntu 11.4.0-1ubuntu1~22.04) 11.4.0

openSUSE Leap 15.6
	Kernel: 5.15
	Compiler: gcc gcc (SUSE Linux) 7.5.0

Alpine Linux 3.22.0
	Kernel: 5.15
	Compiler: gcc gcc (Alpine 14.2.0) 14.2.0

Windows Server 2022
	Kernel: 10.0.20348.2031
	Compiler: clang 15.0.7, gcc 14.1.0 (MinGW), and MSVC VS 19.39.33521

To view detailed results, visit:
https://lab.dpdk.org/results/dashboard/patchsets/34522/

UNH-IOL DPDK Community Lab

To manage your email subscriptions, visit: 
https://lab.dpdk.org/results/dashboard/preferences/subscriptions/

^ permalink raw reply	[flat|nested] 18+ messages in thread

* |SUCCESS| pw158636 [PATCH] gro : improve GRO performance based on ha
       [not found] <20251110162356.173438-1-kumaraparamesh92@gmail.com>
                   ` (13 preceding siblings ...)
  2025-11-10 18:16 ` dpdklab
@ 2025-11-10 18:17 ` dpdklab
  2025-11-10 18:24 ` dpdklab
                   ` (2 subsequent siblings)
  17 siblings, 0 replies; 18+ messages in thread
From: dpdklab @ 2025-11-10 18:17 UTC (permalink / raw)
  To: Test Report; +Cc: dpdk-test-reports

Test-Label: iol-unit-amd64-testing
Test-Status: SUCCESS
http://dpdk.org/patch/158636

_Testing PASS_

Submitter: kumaraparameshwaran rathinavel <kumaraparamesh92@gmail.com>
Date: Monday, November 10 2025 16:23:56 
DPDK git baseline: Repo:dpdk
  Branch: master
  CommitID:32387caaa00660ebe35be25f2371edb0069cc80a

158636 --> testing pass

Upstream job id: Generic-VM-Unit-Test-DPDK#32433

Test environment and result as below:

+-------------------------------+----------------+
|          Environment          | dpdk_unit_test |
+===============================+================+
| CentOS Stream 10              | PASS           |
+-------------------------------+----------------+
| CentOS Stream 9               | PASS           |
+-------------------------------+----------------+
| Fedora Linux 41               | PASS           |
+-------------------------------+----------------+
| Fedora Linux 40               | PASS           |
+-------------------------------+----------------+
| Fedora Linux 42               | PASS           |
+-------------------------------+----------------+
| Red Hat Enterprise Linux 8.10 | PASS           |
+-------------------------------+----------------+
| Ubuntu 20.04                  | PASS           |
+-------------------------------+----------------+
| Debian GNU/Linux 12           | PASS           |
+-------------------------------+----------------+
| Ubuntu 24.04                  | PASS           |
+-------------------------------+----------------+
| Ubuntu 22.04                  | PASS           |
+-------------------------------+----------------+
| Red Hat Enterprise Linux 9.5  | PASS           |
+-------------------------------+----------------+
| Windows Server 2022           | PASS           |
+-------------------------------+----------------+


CentOS Stream 10
	Kernel: 5.15
	Compiler: gcc gcc (GCC) 14.2.1 20250110 (Red Hat 14.2.1-8)

CentOS Stream 9
	Kernel: 5.15
	Compiler: gcc gcc (GCC) 11.5.0 20240719 (Red Hat 11.5.0-11)

Fedora Linux 41
	Kernel: 5.15
	Compiler: clang gcc (GCC) 14.3.1 20250523 (Red Hat 14.3.1-1)

Fedora Linux 40
	Kernel: 5.15
	Compiler: gcc gcc (GCC) 14.2.1 20240912 (Red Hat 14.2.1-3)

Fedora Linux 42
	Kernel: 5.15
	Compiler: clang gcc (GCC) 15.2.1 20250808 (Red Hat 15.2.1-1)

Red Hat Enterprise Linux 8.10
	Kernel: 5.15
	Compiler: gcc gcc (GCC) 8.5.0 20210514 (Red Hat 8.5.0-22)

Ubuntu 20.04
	Kernel: 5.15
	Compiler: gcc gcc (Ubuntu 9.4.0-1ubuntu1~20.04.2) 9.4.0

Debian GNU/Linux 12
	Kernel: 5.15
	Compiler: gcc gcc (Debian 12.2.0-14+deb12u1) 12.2.0

Ubuntu 24.04
	Kernel: 5.15
	Compiler: gcc gcc (Ubuntu 13.3.0-6ubuntu2~24.04) 13.3.0

Ubuntu 22.04
	Kernel: 5.15
	Compiler: gcc gcc (Ubuntu 11.4.0-1ubuntu1~22.04) 11.4.0

Red Hat Enterprise Linux 9.5
	Kernel: 5.15
	Compiler: gcc gcc (GCC) 11.5.0 20240719 (Red Hat 11.5.0-2)

Windows Server 2022
	Kernel: 10.0.20348.2031
	Compiler: clang 15.0.7, gcc 14.1.0 (MinGW), and MSVC VS 19.39.33521

To view detailed results, visit:
https://lab.dpdk.org/results/dashboard/patchsets/34522/

UNH-IOL DPDK Community Lab

To manage your email subscriptions, visit: 
https://lab.dpdk.org/results/dashboard/preferences/subscriptions/

^ permalink raw reply	[flat|nested] 18+ messages in thread

* |SUCCESS| pw158636 [PATCH] gro : improve GRO performance based on ha
       [not found] <20251110162356.173438-1-kumaraparamesh92@gmail.com>
                   ` (14 preceding siblings ...)
  2025-11-10 18:17 ` dpdklab
@ 2025-11-10 18:24 ` dpdklab
  2025-11-10 18:24 ` dpdklab
  2025-11-10 18:24 ` dpdklab
  17 siblings, 0 replies; 18+ messages in thread
From: dpdklab @ 2025-11-10 18:24 UTC (permalink / raw)
  To: Test Report; +Cc: dpdk-test-reports

Test-Label: iol-broadcom-Performance
Test-Status: SUCCESS
http://dpdk.org/patch/158636

_Performance Testing PASS_

Submitter: kumaraparameshwaran rathinavel <kumaraparamesh92@gmail.com>
Date: Monday, November 10 2025 16:23:56 
DPDK git baseline: Repo:dpdk
  Branch: master
  CommitID:32387caaa00660ebe35be25f2371edb0069cc80a

158636 --> performance testing pass

Upstream job id: Template-DTS-Pipeline#253891

Test environment and result as below:

Ubuntu 22.04
Kernel: 5.15
Compiler: gcc gcc (Ubuntu 11.4.0-1ubuntu1~22.04.2) 11.4.0
NIC: Arm Broadcom Inc. brcm_57414 25000 Mbps
Fail/Total: 0/2

Detail performance results: 
+------------+---------+----------+-------------+------------------------------+
| frame_size | txd/rxd | num_cpus | num_threads |  throughput difference from  |
|            |         |          |             |           expected           |
+============+=========+==========+=============+==============================+
| 64         | 512     | 1        | 1           | 0.1%                         |
+------------+---------+----------+-------------+------------------------------+
| 64         | 2048    | 1        | 1           | -0.0%                        |
+------------+---------+----------+-------------+------------------------------+

Ubuntu 22.04
Kernel: 5.15
Compiler: gcc gcc (Ubuntu 11.4.0-1ubuntu1~22.04) 11.4.0
NIC: Broadcom Inc. and subsidiaries BCM57414 NetXtreme-E 10Gb/25Gb RDMA Ethernet Controller 16d7 25 Mbps
Fail/Total: 0/3

Detail performance results: 
+------------+---------+----------+-------------+------------------------------+
| frame_size | txd/rxd | num_cpus | num_threads |  throughput difference from  |
|            |         |          |             |           expected           |
+============+=========+==========+=============+==============================+
| 64         | 128     | 1        | 1           | -1.0%                        |
+------------+---------+----------+-------------+------------------------------+
| 64         | 512     | 1        | 1           | -1.1%                        |
+------------+---------+----------+-------------+------------------------------+
| 64         | 2048    | 1        | 1           | 0.0%                         |
+------------+---------+----------+-------------+------------------------------+

To view detailed results, visit:
https://lab.dpdk.org/results/dashboard/patchsets/34522/

UNH-IOL DPDK Community Lab

To manage your email subscriptions, visit: 
https://lab.dpdk.org/results/dashboard/preferences/subscriptions/

^ permalink raw reply	[flat|nested] 18+ messages in thread

* |SUCCESS| pw158636 [PATCH] gro : improve GRO performance based on ha
       [not found] <20251110162356.173438-1-kumaraparamesh92@gmail.com>
                   ` (15 preceding siblings ...)
  2025-11-10 18:24 ` dpdklab
@ 2025-11-10 18:24 ` dpdklab
  2025-11-10 18:24 ` dpdklab
  17 siblings, 0 replies; 18+ messages in thread
From: dpdklab @ 2025-11-10 18:24 UTC (permalink / raw)
  To: Test Report; +Cc: dpdk-test-reports

Test-Label: iol-unit-amd64-testing
Test-Status: SUCCESS
http://dpdk.org/patch/158636

_Testing PASS_

Submitter: kumaraparameshwaran rathinavel <kumaraparamesh92@gmail.com>
Date: Monday, November 10 2025 16:23:56 
DPDK git baseline: Repo:dpdk
  Branch: master
  CommitID:32387caaa00660ebe35be25f2371edb0069cc80a

158636 --> testing pass

Upstream job id: Generic-VM-Unit-Test-DPDK#32434

Test environment and result as below:

+-------------------------------+----------------+
|          Environment          | dpdk_unit_test |
+===============================+================+
| CentOS Stream 10              | PASS           |
+-------------------------------+----------------+
| CentOS Stream 9               | PASS           |
+-------------------------------+----------------+
| Fedora Linux 41               | PASS           |
+-------------------------------+----------------+
| Fedora Linux 40               | PASS           |
+-------------------------------+----------------+
| Fedora Linux 42               | PASS           |
+-------------------------------+----------------+
| Red Hat Enterprise Linux 8.10 | PASS           |
+-------------------------------+----------------+
| Ubuntu 20.04                  | PASS           |
+-------------------------------+----------------+
| Debian GNU/Linux 12           | PASS           |
+-------------------------------+----------------+
| Ubuntu 24.04                  | PASS           |
+-------------------------------+----------------+
| Ubuntu 22.04                  | PASS           |
+-------------------------------+----------------+
| Red Hat Enterprise Linux 9.5  | PASS           |
+-------------------------------+----------------+
| Windows Server 2022           | PASS           |
+-------------------------------+----------------+


CentOS Stream 10
	Kernel: 5.15
	Compiler: gcc gcc (GCC) 14.2.1 20250110 (Red Hat 14.2.1-8)

CentOS Stream 9
	Kernel: 5.15
	Compiler: gcc gcc (GCC) 11.5.0 20240719 (Red Hat 11.5.0-11)

Fedora Linux 41
	Kernel: 5.15
	Compiler: clang gcc (GCC) 14.3.1 20250523 (Red Hat 14.3.1-1)

Fedora Linux 40
	Kernel: 5.15
	Compiler: gcc gcc (GCC) 14.2.1 20240912 (Red Hat 14.2.1-3)

Fedora Linux 42
	Kernel: 5.15
	Compiler: clang gcc (GCC) 15.2.1 20250808 (Red Hat 15.2.1-1)

Red Hat Enterprise Linux 8.10
	Kernel: 5.15
	Compiler: gcc gcc (GCC) 8.5.0 20210514 (Red Hat 8.5.0-22)

Ubuntu 20.04
	Kernel: 5.15
	Compiler: gcc gcc (Ubuntu 9.4.0-1ubuntu1~20.04.2) 9.4.0

Debian GNU/Linux 12
	Kernel: 5.15
	Compiler: gcc gcc (Debian 12.2.0-14+deb12u1) 12.2.0

Ubuntu 24.04
	Kernel: 5.15
	Compiler: gcc gcc (Ubuntu 13.3.0-6ubuntu2~24.04) 13.3.0

Ubuntu 22.04
	Kernel: 5.15
	Compiler: gcc gcc (Ubuntu 11.4.0-1ubuntu1~22.04) 11.4.0

Red Hat Enterprise Linux 9.5
	Kernel: 5.15
	Compiler: gcc gcc (GCC) 11.5.0 20240719 (Red Hat 11.5.0-2)

Windows Server 2022
	Kernel: 10.0.20348.2031
	Compiler: clang 15.0.7, gcc 14.1.0 (MinGW), and MSVC VS 19.39.33521

To view detailed results, visit:
https://lab.dpdk.org/results/dashboard/patchsets/34522/

UNH-IOL DPDK Community Lab

To manage your email subscriptions, visit: 
https://lab.dpdk.org/results/dashboard/preferences/subscriptions/

^ permalink raw reply	[flat|nested] 18+ messages in thread

* |SUCCESS| pw158636 [PATCH] gro : improve GRO performance based on ha
       [not found] <20251110162356.173438-1-kumaraparamesh92@gmail.com>
                   ` (16 preceding siblings ...)
  2025-11-10 18:24 ` dpdklab
@ 2025-11-10 18:24 ` dpdklab
  17 siblings, 0 replies; 18+ messages in thread
From: dpdklab @ 2025-11-10 18:24 UTC (permalink / raw)
  To: Test Report; +Cc: dpdk-test-reports

Test-Label: iol-intel-Functional
Test-Status: SUCCESS
http://dpdk.org/patch/158636

_Functional Testing PASS_

Submitter: kumaraparameshwaran rathinavel <kumaraparamesh92@gmail.com>
Date: Monday, November 10 2025 16:23:56 
DPDK git baseline: Repo:dpdk
  Branch: master
  CommitID:32387caaa00660ebe35be25f2371edb0069cc80a

158636 --> functional testing pass

Upstream job id: Template-DTS-Pipeline#253896

Test environment and result as below:

Ubuntu 20.04
Kernel: 5.4
Compiler: gcc gcc (Ubuntu 9.4.0-1ubuntu1~20.04.1) 9.4.0
NIC: Intel Corporation Ethernet Converged Network Adapter XL710-QDA2 40000 Mbps

Aggregate Results by Test Suite
+-----------------------------+--------+
|         Test Suite          | Result |
+=============================+========+
| unit_tests_mbuf             |  PASS  |
+-----------------------------+--------+
| vhost_virtio_user_interrupt |  PASS  |
+-----------------------------+--------+
| virtio_smoke                |  PASS  |
+-----------------------------+--------+


Ubuntu 22.04
Kernel: 5.15
Compiler: gcc gcc (Ubuntu 11.4.0-1ubuntu1~22.04.2) 11.4.0
NIC: Intel Corporation QAT 8970 0 Mbps

Aggregate Results by Test Suite
+----------------------------+--------+
|         Test Suite         | Result |
+============================+========+
| crypto_perf_cryptodev_perf |  PASS  |
+----------------------------+--------+


To view detailed results, visit:
https://lab.dpdk.org/results/dashboard/patchsets/34522/

UNH-IOL DPDK Community Lab

To manage your email subscriptions, visit: 
https://lab.dpdk.org/results/dashboard/preferences/subscriptions/

^ permalink raw reply	[flat|nested] 18+ messages in thread

end of thread, other threads:[~2025-11-10 18:24 UTC | newest]

Thread overview: 18+ messages (download: mbox.gz / follow: Atom feed)
-- links below jump to the message on this page --
     [not found] <20251110162356.173438-1-kumaraparamesh92@gmail.com>
2025-11-10 15:54 ` |SUCCESS| pw158636 [PATCH] gro : improve GRO performance based on hash table qemudev
2025-11-10 15:59 ` qemudev
2025-11-10 16:23 ` |WARNING| " checkpatch
2025-11-10 17:09 ` |FAILURE| " 0-day Robot
2025-11-10 17:40 ` |PENDING| pw158636 [PATCH] gro : improve GRO performance based on ha dpdklab
2025-11-10 17:43 ` |SUCCESS| " dpdklab
2025-11-10 17:43 ` |PENDING| " dpdklab
2025-11-10 17:47 ` |SUCCESS| " dpdklab
2025-11-10 17:51 ` |PENDING| " dpdklab
2025-11-10 17:52 ` dpdklab
2025-11-10 18:03 ` |SUCCESS| " dpdklab
2025-11-10 18:05 ` dpdklab
2025-11-10 18:13 ` dpdklab
2025-11-10 18:16 ` dpdklab
2025-11-10 18:17 ` dpdklab
2025-11-10 18:24 ` dpdklab
2025-11-10 18:24 ` dpdklab
2025-11-10 18:24 ` dpdklab

This is a public inbox, see mirroring instructions
for how to clone and mirror all data and code used for this inbox;
as well as URLs for NNTP newsgroup(s).