* |SUCCESS| pw158817 [PATCH] net/bnxt: fix unintialized warning
[not found] <20251114185240.1363648-1-stephen@networkplumber.org>
@ 2025-11-14 18:17 ` qemudev
2025-11-14 18:25 ` |FAILURE| " qemudev
` (3 subsequent siblings)
4 siblings, 0 replies; 5+ messages in thread
From: qemudev @ 2025-11-14 18:17 UTC (permalink / raw)
To: test-report
Test-Label: loongarch-compilation
Test-Status: SUCCESS
http://dpdk.org/patch/158817
_Compilation OK_
Submitter: Stephen Hemminger <stephen@networkplumber.org>
Date: Fri, 14 Nov 2025 10:52:40 -0800
DPDK git baseline: Repo:dpdk-next-net-brcm
Branch: for-next-net
CommitID: bfb6c9fbcbaada197af422b704cf71b777f85fff
158817 --> meson & ninja build successfully
Test environment and result as below:
+---------------------+----------------+
| Environment | compilation |
+---------------------+----------------+
| Loongnix-Server 8.3 | PASS |
+---------------------+----------------+
Loongnix-Server 8.3
Kernel: 4.19.190+
Compiler: gcc 8.3
^ permalink raw reply [flat|nested] 5+ messages in thread
* |FAILURE| pw158817 [PATCH] net/bnxt: fix unintialized warning
[not found] <20251114185240.1363648-1-stephen@networkplumber.org>
2025-11-14 18:17 ` |SUCCESS| pw158817 [PATCH] net/bnxt: fix unintialized warning qemudev
@ 2025-11-14 18:25 ` qemudev
2025-11-14 18:52 ` |WARNING| " checkpatch
` (2 subsequent siblings)
4 siblings, 0 replies; 5+ messages in thread
From: qemudev @ 2025-11-14 18:25 UTC (permalink / raw)
To: test-report; +Cc: Stephen Hemminger, maobibo
Test-Label: loongarch-unit-testing
Test-Status: FAILURE
http://dpdk.org/patch/158817
_Unit Testing FAIL_
Submitter: Stephen Hemminger <stephen@networkplumber.org>
Date: Fri, 14 Nov 2025 10:52:40 -0800
DPDK git baseline: Repo:dpdk-next-net-brcm
Branch: for-next-net
CommitID: bfb6c9fbcbaada197af422b704cf71b777f85fff
158817 --> testing fail
Test environment and result as below:
+---------------------+----------------+
| Environment | dpdk_unit_test |
+---------------------+----------------+
| Loongnix-Server 8.3 | FAIL |
+---------------------+----------------+
Loongnix-Server 8.3
Kernel: 4.19.190+
Compiler: gcc 8.3
Test result details:
1/120 DPDK:fast-tests / acl_autotest OK 3.31s
2/120 DPDK:fast-tests / alarm_autotest OK 1.53s
3/120 DPDK:fast-tests / argparse_autotest OK 0.53s
4/120 DPDK:fast-tests / atomic_autotest OK 6.98s
5/120 DPDK:fast-tests / bitcount_autotest OK 0.54s
6/120 DPDK:fast-tests / bitmap_autotest OK 0.53s
7/120 DPDK:fast-tests / bitops_autotest OK 2.03s
8/120 DPDK:fast-tests / bitratestats_autotest OK 0.53s
9/120 DPDK:fast-tests / bitset_autotest OK 3.29s
10/120 DPDK:fast-tests / bpf_autotest OK 0.53s
11/120 DPDK:fast-tests / bpf_convert_autotest OK 0.54s
12/120 DPDK:fast-tests / byteorder_autotest OK 0.53s
13/120 DPDK:fast-tests / cfgfile_autotest OK 0.53s
14/120 DPDK:fast-tests / cksum_autotest OK 0.53s
15/120 DPDK:fast-tests / cmdline_autotest OK 0.53s
16/120 DPDK:fast-tests / common_autotest OK 1.42s
17/120 DPDK:fast-tests / compressdev_autotest SKIP 0.07s exit status 77
18/120 DPDK:fast-tests / cpuflags_autotest OK 0.53s
19/120 DPDK:fast-tests / crc_autotest OK 0.53s
20/120 DPDK:fast-tests / user_delay_us OK 0.53s
21/120 DPDK:fast-tests / debug_autotest OK 18.32s
22/120 DPDK:fast-tests / devargs_autotest OK 0.53s
23/120 DPDK:fast-tests / dispatcher_autotest OK 2.55s
24/120 DPDK:fast-tests / distributor_autotest OK 1.22s
25/120 DPDK:fast-tests / eal_flags_c_opt_autotest OK 0.98s
26/120 DPDK:fast-tests / eal_flags_main_opt_autotest OK 0.22s
27/120 DPDK:fast-tests / eal_flags_n_opt_autotest OK 0.20s
28/120 DPDK:fast-tests / eal_flags_hpet_autotest OK 0.14s
29/120 DPDK:fast-tests / eal_flags_no_huge_autotest OK 0.20s
30/120 DPDK:fast-tests / eal_flags_a_opt_autotest OK 0.31s
31/120 DPDK:fast-tests / eal_flags_b_opt_autotest OK 0.26s
32/120 DPDK:fast-tests / eal_flags_vdev_opt_autotest OK 0.21s
33/120 DPDK:fast-tests / eal_flags_r_opt_autotest OK 0.20s
34/120 DPDK:fast-tests / eal_flags_mem_autotest OK 0.60s
35/120 DPDK:fast-tests / eal_flags_file_prefix_autotest OK 23.01s
36/120 DPDK:fast-tests / eal_flags_misc_autotest OK 1.06s
37/120 DPDK:fast-tests / eal_fs_autotest OK 0.54s
38/120 DPDK:fast-tests / errno_autotest OK 0.53s
39/120 DPDK:fast-tests / ethdev_link_status OK 0.53s
40/120 DPDK:fast-tests / event_eth_tx_adapter_autotest OK 1.71s
41/120 DPDK:fast-tests / event_ring_autotest OK 0.57s
42/120 DPDK:fast-tests / eventdev_common_autotest OK 0.47s
43/120 DPDK:fast-tests / eventdev_selftest_sw TIMEOUT 200.11s exit status -15
44/120 DPDK:fast-tests / fbarray_autotest OK 0.47s
45/120 DPDK:fast-tests / fib_autotest OK 1.33s
46/120 DPDK:fast-tests / fib6_autotest OK 1.11s
47/120 DPDK:fast-tests / func_reentrancy_autotest OK 2.55s
48/120 DPDK:fast-tests / graph_autotest OK 0.43s
49/120 DPDK:fast-tests / node_list_dump OK 0.43s
50/120 DPDK:fast-tests / graph_feature_arc_autotest OK 0.44s
51/120 DPDK:fast-tests / hash_autotest OK 1.05s
52/120 DPDK:fast-tests / hash_readwrite_func_autotest OK 6.73s
53/120 DPDK:fast-tests / interrupt_autotest OK 1.73s
54/120 DPDK:fast-tests / ipfrag_autotest OK 0.08s
55/120 DPDK:fast-tests / ipsec_autotest SKIP 0.43s exit status 77
56/120 DPDK:fast-tests / kvargs_autotest OK 0.43s
57/120 DPDK:fast-tests / latencystats_autotest OK 0.43s
58/120 DPDK:fast-tests / lcore_var_autotest OK 0.57s
59/120 DPDK:fast-tests / lcores_autotest OK 5.24s
60/120 DPDK:fast-tests / logs_autotest OK 0.43s
61/120 DPDK:fast-tests / lpm_autotest OK 2.60s
62/120 DPDK:fast-tests / lpm6_autotest OK 5.73s
63/120 DPDK:fast-tests / malloc_autotest OK 59.92s
64/120 DPDK:fast-tests / mbuf_autotest OK 4.77s
65/120 DPDK:fast-tests / mcslock_autotest OK 3.33s
66/120 DPDK:fast-tests / member_autotest OK 1.63s
67/120 DPDK:fast-tests / memcpy_autotest OK 7.12s
68/120 DPDK:fast-tests / memory_autotest OK 0.09s
69/120 DPDK:fast-tests / mempool_autotest OK 0.44s
70/120 DPDK:fast-tests / memzone_autotest OK 0.14s
71/120 DPDK:fast-tests / meter_autotest OK 0.42s
72/120 DPDK:fast-tests / metrics_autotest OK 0.43s
73/120 DPDK:fast-tests / multiprocess_autotest OK 0.19s
74/120 DPDK:fast-tests / net_ether_autotest OK 1.09s
75/120 DPDK:fast-tests / net_ipv6_autotest OK 0.43s
76/120 DPDK:fast-tests / pcapng_autotest OK 7.05s
77/120 DPDK:fast-tests / pdcp_autotest SKIP 0.07s exit status 77
78/120 DPDK:fast-tests / pdump_autotest OK 0.54s
79/120 DPDK:fast-tests / per_lcore_autotest OK 0.53s
80/120 DPDK:fast-tests / pflock_autotest OK 1.24s
81/120 DPDK:fast-tests / pie_autotest OK 0.43s
82/120 DPDK:fast-tests / ring_pmd_autotest OK 0.43s
83/120 DPDK:fast-tests / power_autotest OK 0.43s
84/120 DPDK:fast-tests / power_cpufreq_autotest SKIP 0.07s exit status 77
85/120 DPDK:fast-tests / power_intel_uncore_autotest SKIP 0.42s exit status 77
86/120 DPDK:fast-tests / power_kvm_vm_autotest SKIP 0.07s exit status 77
87/120 DPDK:fast-tests / prefetch_autotest OK 0.42s
88/120 DPDK:fast-tests / ptr_compress_autotest OK 0.43s
89/120 DPDK:fast-tests / rawdev_autotest OK 0.43s
90/120 DPDK:fast-tests / rcu_qsbr_autotest OK 0.92s
91/120 DPDK:fast-tests / reorder_autotest OK 0.48s
92/120 DPDK:fast-tests / rib_autotest OK 9.22s
93/120 DPDK:fast-tests / rib6_autotest OK 9.22s
94/120 DPDK:fast-tests / ring_autotest OK 0.56s
95/120 DPDK:fast-tests / rwlock_test1_autotest OK 1.37s
96/120 DPDK:fast-tests / rwlock_rda_autotest OK 5.42s
97/120 DPDK:fast-tests / rwlock_rds_wrm_autotest OK 5.43s
98/120 DPDK:fast-tests / rwlock_rde_wro_autotest OK 5.53s
99/120 DPDK:fast-tests / sched_autotest OK 0.42s
100/120 DPDK:fast-tests / security_autotest OK 0.07s
101/120 DPDK:fast-tests / seqlock_autotest OK 2.43s
102/120 DPDK:fast-tests / service_autotest OK 3.13s
103/120 DPDK:fast-tests / soring_autotest OK 0.43s
104/120 DPDK:fast-tests / spinlock_autotest OK 0.51s
105/120 DPDK:fast-tests / stack_autotest OK 0.87s
106/120 DPDK:fast-tests / stack_lf_autotest SKIP 0.06s exit status 77
107/120 DPDK:fast-tests / string_autotest OK 0.42s
108/120 DPDK:fast-tests / table_autotest OK 7.86s
109/120 DPDK:fast-tests / tailq_autotest OK 0.42s
110/120 DPDK:fast-tests / telemetry_data_autotest OK 0.43s
111/120 DPDK:fast-tests / telemetry_json_autotest OK 0.43s
112/120 DPDK:fast-tests / thash_autotest OK 0.44s
113/120 DPDK:fast-tests / threads_autotest OK 0.60s
114/120 DPDK:fast-tests / ticketlock_autotest OK 0.58s
115/120 DPDK:fast-tests / timer_autotest OK 3.94s
116/120 DPDK:fast-tests / trace_autotest OK 0.57s
117/120 DPDK:fast-tests / trace_autotest_with_traces OK 0.47s
118/120 DPDK:fast-tests / vdev_autotest OK 0.46s
119/120 DPDK:fast-tests / version_autotest OK 0.46s
120/120 DPDK:fast-tests / telemetry_all OK 19.92s
Ok: 112
Expected Fail: 0
Fail: 0
Unexpected Pass: 0
Skipped: 7
Timeout: 1
Test logs for failed test cases:
================================================================================
DPDK:fast-tests / eventdev_selftest_sw: TIMEOUT
================================================================================
-------------------------------------stdout-------------------------------------
RTE>>eventdev_selftest_sw
*** Running Single Directed Packet test...
*** Running Directed Forward Credit test...
*** Running Single Load Balanced Packet test...
*** Running Unordered Basic test...
*** Running Ordered Basic test...
*** Running Burst Packets test...
*** Running Load Balancing test...
*** Running Prioritized Directed test...
*** Running Prioritized Atomic test...
*** Running Prioritized Ordered test...
*** Running Prioritized Unordered test...
*** Running Invalid QID test...
*** Running Load Balancing History test...
*** Running Inflight Count test...
*** Running Abuse Inflights test...
*** Running XStats test...
*** Running XStats ID Reset test...
*** Running XStats Brute Force test...
*** Running XStats ID Abuse test...
*** Running QID Priority test...
*** Running Unlink-in-progress test...
*** Running Ordered Reconfigure test...
*** Running Port LB Single Reconfig test...
*** Running Port Reconfig Credits test...
*** Running Head-of-line-blocking test...
*** Running Stop Flush test...
*** Running Ordered & Atomic hist-list completion test...
*** Running Worker loopback test...
3162: Producer function started
3102: Worker function started
3278: Sched Rx = 4781312, Tx = 4780832
3278: Sched Rx = 9562240, Tx = 9561760
3278: Sched Rx = 14352384, Tx = 14351904
3278: Sched Rx = 16777088, Tx = 16777088
3278: Sched Rx = 16777088, Tx = 16777088
3278: Sched Rx = 16777088, Tx = 16777088
3278: Sched Rx = 16777088, Tx = 16777088
3278: Sched Rx = 16777088, Tx = 16777088
EventDev event_sw: ports 2, qids 8
rx 16777088
drop 0
tx 16777088
sched calls: 23031903
sched cq/qid call: 24683410
sched no IQ enq: 22554597
sched no CQ enq: 22507619
inflight 64, credits: 4032
Port 0
rx 131071 drop 0 tx 0 ^[[0minflight 0^[[0m
Max New: 512 Avg cycles PP: 0 Credits: 0
Receive burst distribution:
0:nan%
^[[0mrx ring used: 0 free: 4096^[[0m
^[[0mcq ring used: 0 free: 32^[[0m
Port 1
rx 16646017 drop 0 tx 16777088 ^[[0minflight 0^[[0m
Max New: 4096 Avg cycles PP: 22 Credits: 63
Receive burst distribution:
0:100% 29-32:0.24%
^[[0mrx ring used: 0 free: 4096^[[0m
^[[0mcq ring used: 0 free: 32^[[0m
Queue 0 (Atomic)
rx 2097136 drop 0 tx 2097136
Per Port Stats:
Port 0: Pkts: 0 Flows: 0
Port 1: Pkts: 2097136 Flows: 0
-- iqs empty --
Queue 1 (Atomic)
rx 2097136 drop 0 tx 2097136
Per Port Stats:
Port 0: Pkts: 0 Flows: 0
Port 1: Pkts: 2097136 Flows: 0
-- iqs empty --
Queue 2 (Atomic)
rx 2097136 drop 0 tx 2097136
Per Port Stats:
Port 0: Pkts: 0 Flows: 0
Port 1: Pkts: 2097136 Flows: 0
-- iqs empty --
Queue 3 (Atomic)
rx 2097136 drop 0 tx 2097136
Per Port Stats:
Port 0: Pkts: 0 Flows: 0
Port 1: Pkts: 2097136 Flows: 0
-- iqs empty --
Queue 4 (Atomic)
rx 2097136 drop 0 tx 2097136
Per Port Stats:
Port 0: Pkts: 0 Flows: 0
Port 1: Pkts: 2097136 Flows: 0
-- iqs empty --
Queue 5 (Atomic)
rx 2097136 drop 0 tx 2097136
Per Port Stats:
Port 0: Pkts: 0 Flows: 0
Port 1: Pkts: 2097136 Flows: 0
-- iqs empty --
Queue 6 (Atomic)
rx 2097136 drop 0 tx 2097136
Per Port Stats:
Port 0: Pkts: 0 Flows: 0
Port 1: Pkts: 2097136 Flows: 0
-- iqs empty --
Queue 7 (Atomic)
rx 2097136 drop 0 tx 2097136
Per Port Stats:
Port 0: Pkts: 0 Flows: 0
Port 1: Pkts: 2097136 Flows: 0
-- iqs empty --
Dumping xstats:
0 : dev_rx : 16777088
1 : dev_tx : 16777088
2 : dev_drop : 0
3 : dev_sched_calls : 23031903
4 : dev_sched_no_iq_enq : 22554597
5 : dev_sched_no_cq_enq : 22507619
6 : dev_sched_last_iter_bitmask : 0
7 : dev_sched_progress_last_iter : 0
3290: No schedules for seconds, deadlock
ERROR - Worker loopback test FAILED.
Test Failed
RTE>>
-------------------------------------stderr-------------------------------------
EAL: Detected CPU lcores: 32
EAL: Detected NUMA nodes: 8
EAL: Detected static linkage of DPDK
EAL: Multi-process socket /var/run/dpdk/rte/mp_socket
EAL: Selected IOVA mode 'VA'
APP: HPET is not enabled, using TSC as default timer
^ permalink raw reply [flat|nested] 5+ messages in thread
* |WARNING| pw158817 [PATCH] net/bnxt: fix unintialized warning
[not found] <20251114185240.1363648-1-stephen@networkplumber.org>
2025-11-14 18:17 ` |SUCCESS| pw158817 [PATCH] net/bnxt: fix unintialized warning qemudev
2025-11-14 18:25 ` |FAILURE| " qemudev
@ 2025-11-14 18:52 ` checkpatch
2025-11-14 20:29 ` |SUCCESS| " 0-day Robot
2025-11-14 20:29 ` 0-day Robot
4 siblings, 0 replies; 5+ messages in thread
From: checkpatch @ 2025-11-14 18:52 UTC (permalink / raw)
To: test-report; +Cc: Stephen Hemminger
[-- Warning: decoded text below may be mangled, UTF-8 assumed --]
[-- Attachment #1: Type: text/plain, Size: 1330 bytes --]
Test-Label: checkpatch
Test-Status: WARNING
http://dpdk.org/patch/158817
_coding style issues_
WARNING:TYPO_SPELLING: 'unintialized' may be misspelled - perhaps 'uninitialized'?
#75:
Subject: [PATCH] net/bnxt: fix unintialized warning
^^^^^^^^^^^^
WARNING:COMMIT_LOG_LONG_LINE: Prefer a maximum 75 chars per line (possible unwrapped commit description?)
#104:
inlined from ‘ulp_blob_push’ at ../drivers/net/bnxt/tf_ulp/ulp_utils.h:407:8,
WARNING:TYPO_SPELLING: 'clen' may be misspelled - perhaps 'clean'?
#133: FILE: drivers/net/bnxt/tf_ulp/ulp_mapper.c:2449:
+ if (clen > 32) {
^^^^
WARNING:TYPO_SPELLING: 'clen' may be misspelled - perhaps 'clean'?
#134: FILE: drivers/net/bnxt/tf_ulp/ulp_mapper.c:2450:
+ BNXT_DRV_DBG(ERR, "Key size bits %d too large
", clen);
^^^^
WARNING:TYPO_SPELLING: 'clen' may be misspelled - perhaps 'clean'?
#149: FILE: drivers/net/bnxt/tf_ulp/ulp_mapper_tfc.c:93:
+ if (clen > 32) {
^^^^
WARNING:TYPO_SPELLING: 'clen' may be misspelled - perhaps 'clean'?
#150: FILE: drivers/net/bnxt/tf_ulp/ulp_mapper_tfc.c:94:
+ BNXT_DRV_DBG(ERR, "Key size bits %d too large
", clen);
^^^^
total: 0 errors, 6 warnings, 0 checks, 21 lines checked
^ permalink raw reply [flat|nested] 5+ messages in thread
* |SUCCESS| pw158817 [PATCH] net/bnxt: fix unintialized warning
[not found] <20251114185240.1363648-1-stephen@networkplumber.org>
` (2 preceding siblings ...)
2025-11-14 18:52 ` |WARNING| " checkpatch
@ 2025-11-14 20:29 ` 0-day Robot
2025-11-14 20:29 ` 0-day Robot
4 siblings, 0 replies; 5+ messages in thread
From: 0-day Robot @ 2025-11-14 20:29 UTC (permalink / raw)
To: test-report; +Cc: robot
From: robot@bytheb.org
Test-Label: github-robot: build
Test-Status: SUCCESS
http://patchwork.dpdk.org/patch/158817/
_github build: passed_
Build URL: https://github.com/ovsrobot/dpdk/actions/runs/19375179803
^ permalink raw reply [flat|nested] 5+ messages in thread
* |SUCCESS| pw158817 [PATCH] net/bnxt: fix unintialized warning
[not found] <20251114185240.1363648-1-stephen@networkplumber.org>
` (3 preceding siblings ...)
2025-11-14 20:29 ` |SUCCESS| " 0-day Robot
@ 2025-11-14 20:29 ` 0-day Robot
4 siblings, 0 replies; 5+ messages in thread
From: 0-day Robot @ 2025-11-14 20:29 UTC (permalink / raw)
To: test-report; +Cc: robot
From: robot@bytheb.org
Test-Label: github-robot-post
Test-Status: SUCCESS
http://patchwork.dpdk.org/patch/158817/
_github post: success_
HTML Link: https://github.com/ovsrobot/dpdk/pull/430
^ permalink raw reply [flat|nested] 5+ messages in thread
end of thread, other threads:[~2025-11-14 20:29 UTC | newest]
Thread overview: 5+ messages (download: mbox.gz / follow: Atom feed)
-- links below jump to the message on this page --
[not found] <20251114185240.1363648-1-stephen@networkplumber.org>
2025-11-14 18:17 ` |SUCCESS| pw158817 [PATCH] net/bnxt: fix unintialized warning qemudev
2025-11-14 18:25 ` |FAILURE| " qemudev
2025-11-14 18:52 ` |WARNING| " checkpatch
2025-11-14 20:29 ` |SUCCESS| " 0-day Robot
2025-11-14 20:29 ` 0-day Robot
This is a public inbox, see mirroring instructions
for how to clone and mirror all data and code used for this inbox;
as well as URLs for NNTP newsgroup(s).