* |WARNING| pw126979 [PATCH] [v4] net/bonding: replace master/slave to main/member
@ 2023-05-18 12:07 dpdklab
0 siblings, 0 replies; 11+ messages in thread
From: dpdklab @ 2023-05-18 12:07 UTC (permalink / raw)
To: Test Report; +Cc: dpdk-test-reports, Chaoyong He
Test-Label: iol-abi-testing
Test-Status: WARNING
http://dpdk.org/patch/126979
_Testing issues_
Submitter: Chaoyong He <chaoyong.he@corigine.com>
Date: Thursday, May 18 2023 08:44:58
DPDK git baseline: Repo:dpdk
Branch: master
CommitID:a399d7b5a994e335c446d4b15d7622d71dd8848c
126979 --> testing fail
Test environment and result as below:
+------------------+----------+
| Environment | abi_test |
+==================+==========+
| Debian Buster | FAIL |
+------------------+----------+
| Ubuntu 22.04 | FAIL |
+------------------+----------+
| openSUSE Leap 15 | FAIL |
+------------------+----------+
==== 20 line log output for openSUSE Leap 15 (abi_test): ====
Variables changes summary: 0 Removed, 0 Changed, 0 Added (1 filtered out) variable
Functions changes summary: 0 Removed, 0 Changed (2 filtered out), 0 Added functions
Variables changes summary: 0 Removed, 0 Changed, 0 Added variable
Functions changes summary: 0 Removed (6 filtered out), 0 Changed, 0 Added (62 filtered out) functions
Variables changes summary: 0 Removed, 0 Changed, 0 Added variable
Functions changes summary: 0 Removed, 0 Changed, 0 Added (1 filtered out) function
Variables changes summary: 0 Removed, 0 Changed, 0 Added variable
Functions changes summary: 0 Removed, 0 Changed, 0 Added function
Variables changes summary: 0 Removed (14 filtered out), 0 Changed, 0 Added variables
Functions changes summary: 0 Removed, 0 Changed (1 filtered out), 0 Added function
Variables changes summary: 0 Removed, 0 Changed, 0 Added variable
Functions changes summary: 0 Removed, 0 Changed (1 filtered out), 0 Added function
Variables changes summary: 0 Removed, 0 Changed, 0 Added variable
==== End log output ====
Debian Buster
Kernel: 5.4.0-122-generic
Compiler: gcc 8.3.0-6
Ubuntu 22.04
Kernel: Container Host Kernel
Compiler: clang 14.0.5-1.fc36
openSUSE Leap 15
Kernel: 4.18.0-240.10.1.el8_3.x86_64
Compiler: gcc 7.5.0
To view detailed results, visit:
https://lab.dpdk.org/results/dashboard/patchsets/26280/
UNH-IOL DPDK Community Lab
To manage your email subscriptions, visit:
https://lab.dpdk.org/results/dashboard/preferences/subscriptions/
^ permalink raw reply [flat|nested] 11+ messages in thread
* |WARNING| pw126979 [PATCH] [v4] net/bonding: replace master/slave to main/member
@ 2023-05-18 12:36 dpdklab
0 siblings, 0 replies; 11+ messages in thread
From: dpdklab @ 2023-05-18 12:36 UTC (permalink / raw)
To: Test Report; +Cc: dpdk-test-reports, Chaoyong He
Test-Label: iol-abi-testing
Test-Status: WARNING
http://dpdk.org/patch/126979
_Testing issues_
Submitter: Chaoyong He <chaoyong.he@corigine.com>
Date: Thursday, May 18 2023 08:44:58
DPDK git baseline: Repo:dpdk
Branch: master
CommitID:a399d7b5a994e335c446d4b15d7622d71dd8848c
126979 --> testing fail
Test environment and result as below:
+------------------+----------+
| Environment | abi_test |
+==================+==========+
| Debian Buster | FAIL |
+------------------+----------+
| Ubuntu 22.04 | FAIL |
+------------------+----------+
| openSUSE Leap 15 | FAIL |
+------------------+----------+
| RHEL 7 | FAIL |
+------------------+----------+
| Debian Bullseye | FAIL |
+------------------+----------+
| CentOS Stream 9 | FAIL |
+------------------+----------+
| RHEL8 | FAIL |
+------------------+----------+
| CentOS Stream 8 | FAIL |
+------------------+----------+
==== 20 line log output for CentOS Stream 8 (abi_test): ====
Variables changes summary: 0 Removed, 0 Changed, 0 Added variable
Functions changes summary: 0 Removed, 0 Changed (14 filtered out), 0 Added functions
Variables changes summary: 0 Removed, 0 Changed, 0 Added variable
Functions changes summary: 0 Removed, 0 Changed (34 filtered out), 0 Added (5 filtered out) functions
Variables changes summary: 0 Removed (6 filtered out), 0 Changed (1 filtered out), 0 Added variables
Functions changes summary: 0 Removed (1 filtered out), 0 Changed (2 filtered out), 0 Added (1 filtered out) functions
Variables changes summary: 0 Removed, 0 Changed, 0 Added variable
Functions changes summary: 0 Removed (1 filtered out), 0 Changed, 0 Added (7 filtered out) functions
Variables changes summary: 0 Removed (15 filtered out), 0 Changed, 0 Added (1 filtered out) variables
Functions changes summary: 0 Removed, 0 Changed, 0 Added (1 filtered out) function
Variables changes summary: 0 Removed, 0 Changed, 0 Added variable
Functions changes summary: 0 Removed, 0 Changed (1 filtered out), 0 Added function
Variables changes summary: 0 Removed, 0 Changed, 0 Added variable
==== End log output ====
Debian Buster
Kernel: 5.4.0-122-generic
Compiler: gcc 8.3.0-6
Ubuntu 22.04
Kernel: Container Host Kernel
Compiler: clang 14.0.5-1.fc36
openSUSE Leap 15
Kernel: 4.18.0-240.10.1.el8_3.x86_64
Compiler: gcc 7.5.0
RHEL 7
Kernel: 4.18.0-240.10.1.el8_3.x86_64
Compiler: gcc 4.8.5 20150623 (Red Hat 4.8.5-44)
Debian Bullseye
Kernel: 5.4.0-122-generic
Compiler: gcc 10.2.1-6
CentOS Stream 9
Kernel: 4.18.0-240.10.1.el8_3.x86_64
Compiler: gcc 11.3.1 20220421
RHEL8
Kernel: 4.18.0-240.10.1.el8_3.x86_64
Compiler: gcc 8.3.1 20191121 (Red Hat 8.3.1-5)
CentOS Stream 8
Kernel: 4.18.0-240.10.1.el8_3.x86_64
Compiler: gcc 8.4.1 20200928
To view detailed results, visit:
https://lab.dpdk.org/results/dashboard/patchsets/26280/
UNH-IOL DPDK Community Lab
To manage your email subscriptions, visit:
https://lab.dpdk.org/results/dashboard/preferences/subscriptions/
^ permalink raw reply [flat|nested] 11+ messages in thread
* |WARNING| pw126979 [PATCH] [v4] net/bonding: replace master/slave to main/member
@ 2023-05-18 12:36 dpdklab
0 siblings, 0 replies; 11+ messages in thread
From: dpdklab @ 2023-05-18 12:36 UTC (permalink / raw)
To: Test Report; +Cc: dpdk-test-reports, Chaoyong He
Test-Label: iol-abi-testing
Test-Status: WARNING
http://dpdk.org/patch/126979
_Testing issues_
Submitter: Chaoyong He <chaoyong.he@corigine.com>
Date: Thursday, May 18 2023 08:44:58
DPDK git baseline: Repo:dpdk
Branch: master
CommitID:a399d7b5a994e335c446d4b15d7622d71dd8848c
126979 --> testing fail
Test environment and result as below:
+------------------+----------+
| Environment | abi_test |
+==================+==========+
| Debian Buster | FAIL |
+------------------+----------+
| Ubuntu 22.04 | FAIL |
+------------------+----------+
| openSUSE Leap 15 | FAIL |
+------------------+----------+
| RHEL 7 | FAIL |
+------------------+----------+
| Debian Bullseye | FAIL |
+------------------+----------+
| CentOS Stream 9 | FAIL |
+------------------+----------+
| RHEL8 | FAIL |
+------------------+----------+
| CentOS Stream 8 | FAIL |
+------------------+----------+
==== 20 line log output for CentOS Stream 8 (abi_test): ====
Variables changes summary: 0 Removed, 0 Changed, 0 Added variable
Functions changes summary: 0 Removed, 0 Changed (14 filtered out), 0 Added functions
Variables changes summary: 0 Removed, 0 Changed, 0 Added variable
Functions changes summary: 0 Removed, 0 Changed (34 filtered out), 0 Added (5 filtered out) functions
Variables changes summary: 0 Removed (6 filtered out), 0 Changed (1 filtered out), 0 Added variables
Functions changes summary: 0 Removed (1 filtered out), 0 Changed (2 filtered out), 0 Added (1 filtered out) functions
Variables changes summary: 0 Removed, 0 Changed, 0 Added variable
Functions changes summary: 0 Removed (1 filtered out), 0 Changed, 0 Added (7 filtered out) functions
Variables changes summary: 0 Removed (15 filtered out), 0 Changed, 0 Added (1 filtered out) variables
Functions changes summary: 0 Removed, 0 Changed, 0 Added (1 filtered out) function
Variables changes summary: 0 Removed, 0 Changed, 0 Added variable
Functions changes summary: 0 Removed, 0 Changed (1 filtered out), 0 Added function
Variables changes summary: 0 Removed, 0 Changed, 0 Added variable
==== End log output ====
Debian Buster
Kernel: 5.4.0-122-generic
Compiler: gcc 8.3.0-6
Ubuntu 22.04
Kernel: Container Host Kernel
Compiler: clang 14.0.5-1.fc36
openSUSE Leap 15
Kernel: 4.18.0-240.10.1.el8_3.x86_64
Compiler: gcc 7.5.0
RHEL 7
Kernel: 4.18.0-240.10.1.el8_3.x86_64
Compiler: gcc 4.8.5 20150623 (Red Hat 4.8.5-44)
Debian Bullseye
Kernel: 5.4.0-122-generic
Compiler: gcc 10.2.1-6
CentOS Stream 9
Kernel: 4.18.0-240.10.1.el8_3.x86_64
Compiler: gcc 11.3.1 20220421
RHEL8
Kernel: 4.18.0-240.10.1.el8_3.x86_64
Compiler: gcc 8.3.1 20191121 (Red Hat 8.3.1-5)
CentOS Stream 8
Kernel: 4.18.0-240.10.1.el8_3.x86_64
Compiler: gcc 8.4.1 20200928
To view detailed results, visit:
https://lab.dpdk.org/results/dashboard/patchsets/26280/
UNH-IOL DPDK Community Lab
To manage your email subscriptions, visit:
https://lab.dpdk.org/results/dashboard/preferences/subscriptions/
^ permalink raw reply [flat|nested] 11+ messages in thread
* |WARNING| pw126979 [PATCH] [v4] net/bonding: replace master/slave to main/member
@ 2023-05-18 12:33 dpdklab
0 siblings, 0 replies; 11+ messages in thread
From: dpdklab @ 2023-05-18 12:33 UTC (permalink / raw)
To: Test Report; +Cc: dpdk-test-reports, Chaoyong He
Test-Label: iol-abi-testing
Test-Status: WARNING
http://dpdk.org/patch/126979
_Testing issues_
Submitter: Chaoyong He <chaoyong.he@corigine.com>
Date: Thursday, May 18 2023 08:44:58
DPDK git baseline: Repo:dpdk
Branch: master
CommitID:a399d7b5a994e335c446d4b15d7622d71dd8848c
126979 --> testing fail
Test environment and result as below:
+------------------+----------+
| Environment | abi_test |
+==================+==========+
| Debian Buster | FAIL |
+------------------+----------+
| Ubuntu 22.04 | FAIL |
+------------------+----------+
| openSUSE Leap 15 | FAIL |
+------------------+----------+
| RHEL 7 | FAIL |
+------------------+----------+
| Debian Bullseye | FAIL |
+------------------+----------+
| CentOS Stream 9 | FAIL |
+------------------+----------+
| RHEL8 | FAIL |
+------------------+----------+
| CentOS Stream 8 | FAIL |
+------------------+----------+
==== 20 line log output for CentOS Stream 8 (abi_test): ====
Variables changes summary: 0 Removed, 0 Changed, 0 Added variable
Functions changes summary: 0 Removed, 0 Changed (14 filtered out), 0 Added functions
Variables changes summary: 0 Removed, 0 Changed, 0 Added variable
Functions changes summary: 0 Removed, 0 Changed (34 filtered out), 0 Added (5 filtered out) functions
Variables changes summary: 0 Removed (6 filtered out), 0 Changed (1 filtered out), 0 Added variables
Functions changes summary: 0 Removed (1 filtered out), 0 Changed (2 filtered out), 0 Added (1 filtered out) functions
Variables changes summary: 0 Removed, 0 Changed, 0 Added variable
Functions changes summary: 0 Removed (1 filtered out), 0 Changed, 0 Added (7 filtered out) functions
Variables changes summary: 0 Removed (15 filtered out), 0 Changed, 0 Added (1 filtered out) variables
Functions changes summary: 0 Removed, 0 Changed, 0 Added (1 filtered out) function
Variables changes summary: 0 Removed, 0 Changed, 0 Added variable
Functions changes summary: 0 Removed, 0 Changed (1 filtered out), 0 Added function
Variables changes summary: 0 Removed, 0 Changed, 0 Added variable
==== End log output ====
Debian Buster
Kernel: 5.4.0-122-generic
Compiler: gcc 8.3.0-6
Ubuntu 22.04
Kernel: Container Host Kernel
Compiler: clang 14.0.5-1.fc36
openSUSE Leap 15
Kernel: 4.18.0-240.10.1.el8_3.x86_64
Compiler: gcc 7.5.0
RHEL 7
Kernel: 4.18.0-240.10.1.el8_3.x86_64
Compiler: gcc 4.8.5 20150623 (Red Hat 4.8.5-44)
Debian Bullseye
Kernel: 5.4.0-122-generic
Compiler: gcc 10.2.1-6
CentOS Stream 9
Kernel: 4.18.0-240.10.1.el8_3.x86_64
Compiler: gcc 11.3.1 20220421
RHEL8
Kernel: 4.18.0-240.10.1.el8_3.x86_64
Compiler: gcc 8.3.1 20191121 (Red Hat 8.3.1-5)
CentOS Stream 8
Kernel: 4.18.0-240.10.1.el8_3.x86_64
Compiler: gcc 8.4.1 20200928
To view detailed results, visit:
https://lab.dpdk.org/results/dashboard/patchsets/26280/
UNH-IOL DPDK Community Lab
To manage your email subscriptions, visit:
https://lab.dpdk.org/results/dashboard/preferences/subscriptions/
^ permalink raw reply [flat|nested] 11+ messages in thread
* |WARNING| pw126979 [PATCH] [v4] net/bonding: replace master/slave to main/member
@ 2023-05-18 12:24 dpdklab
0 siblings, 0 replies; 11+ messages in thread
From: dpdklab @ 2023-05-18 12:24 UTC (permalink / raw)
To: Test Report; +Cc: dpdk-test-reports, Chaoyong He
Test-Label: iol-abi-testing
Test-Status: WARNING
http://dpdk.org/patch/126979
_Testing issues_
Submitter: Chaoyong He <chaoyong.he@corigine.com>
Date: Thursday, May 18 2023 08:44:58
DPDK git baseline: Repo:dpdk
Branch: master
CommitID:a399d7b5a994e335c446d4b15d7622d71dd8848c
126979 --> testing fail
Test environment and result as below:
+------------------+----------+
| Environment | abi_test |
+==================+==========+
| Debian Buster | FAIL |
+------------------+----------+
| Ubuntu 22.04 | FAIL |
+------------------+----------+
| openSUSE Leap 15 | FAIL |
+------------------+----------+
| RHEL 7 | FAIL |
+------------------+----------+
| Debian Bullseye | FAIL |
+------------------+----------+
| CentOS Stream 9 | FAIL |
+------------------+----------+
| RHEL8 | FAIL |
+------------------+----------+
==== 20 line log output for RHEL8 (abi_test): ====
Variables changes summary: 0 Removed, 0 Changed, 0 Added variable
Functions changes summary: 0 Removed (6 filtered out), 0 Changed, 0 Added (62 filtered out) functions
Variables changes summary: 0 Removed, 0 Changed, 0 Added variable
Functions changes summary: 0 Removed, 0 Changed, 0 Added function
Variables changes summary: 0 Removed (14 filtered out), 0 Changed, 0 Added variables
Functions changes summary: 0 Removed, 0 Changed, 0 Added (1 filtered out) function
Variables changes summary: 0 Removed, 0 Changed, 0 Added variable
Functions changes summary: 0 Removed, 0 Changed (1 filtered out), 0 Added function
Variables changes summary: 0 Removed, 0 Changed, 0 Added variable
Functions changes summary: 0 Removed, 0 Changed, 0 Added (1 filtered out) function
Variables changes summary: 0 Removed, 0 Changed, 0 Added variable
Functions changes summary: 0 Removed, 0 Changed (1 filtered out), 0 Added function
Variables changes summary: 0 Removed, 0 Changed, 0 Added variable
==== End log output ====
Debian Buster
Kernel: 5.4.0-122-generic
Compiler: gcc 8.3.0-6
Ubuntu 22.04
Kernel: Container Host Kernel
Compiler: clang 14.0.5-1.fc36
openSUSE Leap 15
Kernel: 4.18.0-240.10.1.el8_3.x86_64
Compiler: gcc 7.5.0
RHEL 7
Kernel: 4.18.0-240.10.1.el8_3.x86_64
Compiler: gcc 4.8.5 20150623 (Red Hat 4.8.5-44)
Debian Bullseye
Kernel: 5.4.0-122-generic
Compiler: gcc 10.2.1-6
CentOS Stream 9
Kernel: 4.18.0-240.10.1.el8_3.x86_64
Compiler: gcc 11.3.1 20220421
RHEL8
Kernel: 4.18.0-240.10.1.el8_3.x86_64
Compiler: gcc 8.3.1 20191121 (Red Hat 8.3.1-5)
To view detailed results, visit:
https://lab.dpdk.org/results/dashboard/patchsets/26280/
UNH-IOL DPDK Community Lab
To manage your email subscriptions, visit:
https://lab.dpdk.org/results/dashboard/preferences/subscriptions/
^ permalink raw reply [flat|nested] 11+ messages in thread
* |WARNING| pw126979 [PATCH] [v4] net/bonding: replace master/slave to main/member
@ 2023-05-18 12:24 dpdklab
0 siblings, 0 replies; 11+ messages in thread
From: dpdklab @ 2023-05-18 12:24 UTC (permalink / raw)
To: Test Report; +Cc: dpdk-test-reports, Chaoyong He
Test-Label: iol-abi-testing
Test-Status: WARNING
http://dpdk.org/patch/126979
_Testing issues_
Submitter: Chaoyong He <chaoyong.he@corigine.com>
Date: Thursday, May 18 2023 08:44:58
DPDK git baseline: Repo:dpdk
Branch: master
CommitID:a399d7b5a994e335c446d4b15d7622d71dd8848c
126979 --> testing fail
Test environment and result as below:
+------------------+----------+
| Environment | abi_test |
+==================+==========+
| Debian Buster | FAIL |
+------------------+----------+
| Ubuntu 22.04 | FAIL |
+------------------+----------+
| openSUSE Leap 15 | FAIL |
+------------------+----------+
| RHEL 7 | FAIL |
+------------------+----------+
| Debian Bullseye | FAIL |
+------------------+----------+
| CentOS Stream 9 | FAIL |
+------------------+----------+
| RHEL8 | FAIL |
+------------------+----------+
==== 20 line log output for RHEL8 (abi_test): ====
Variables changes summary: 0 Removed, 0 Changed, 0 Added variable
Functions changes summary: 0 Removed (6 filtered out), 0 Changed, 0 Added (62 filtered out) functions
Variables changes summary: 0 Removed, 0 Changed, 0 Added variable
Functions changes summary: 0 Removed, 0 Changed, 0 Added function
Variables changes summary: 0 Removed (14 filtered out), 0 Changed, 0 Added variables
Functions changes summary: 0 Removed, 0 Changed, 0 Added (1 filtered out) function
Variables changes summary: 0 Removed, 0 Changed, 0 Added variable
Functions changes summary: 0 Removed, 0 Changed (1 filtered out), 0 Added function
Variables changes summary: 0 Removed, 0 Changed, 0 Added variable
Functions changes summary: 0 Removed, 0 Changed, 0 Added (1 filtered out) function
Variables changes summary: 0 Removed, 0 Changed, 0 Added variable
Functions changes summary: 0 Removed, 0 Changed (1 filtered out), 0 Added function
Variables changes summary: 0 Removed, 0 Changed, 0 Added variable
==== End log output ====
Debian Buster
Kernel: 5.4.0-122-generic
Compiler: gcc 8.3.0-6
Ubuntu 22.04
Kernel: Container Host Kernel
Compiler: clang 14.0.5-1.fc36
openSUSE Leap 15
Kernel: 4.18.0-240.10.1.el8_3.x86_64
Compiler: gcc 7.5.0
RHEL 7
Kernel: 4.18.0-240.10.1.el8_3.x86_64
Compiler: gcc 4.8.5 20150623 (Red Hat 4.8.5-44)
Debian Bullseye
Kernel: 5.4.0-122-generic
Compiler: gcc 10.2.1-6
CentOS Stream 9
Kernel: 4.18.0-240.10.1.el8_3.x86_64
Compiler: gcc 11.3.1 20220421
RHEL8
Kernel: 4.18.0-240.10.1.el8_3.x86_64
Compiler: gcc 8.3.1 20191121 (Red Hat 8.3.1-5)
To view detailed results, visit:
https://lab.dpdk.org/results/dashboard/patchsets/26280/
UNH-IOL DPDK Community Lab
To manage your email subscriptions, visit:
https://lab.dpdk.org/results/dashboard/preferences/subscriptions/
^ permalink raw reply [flat|nested] 11+ messages in thread
* |WARNING| pw126979 [PATCH] [v4] net/bonding: replace master/slave to main/member
@ 2023-05-18 12:20 dpdklab
0 siblings, 0 replies; 11+ messages in thread
From: dpdklab @ 2023-05-18 12:20 UTC (permalink / raw)
To: Test Report; +Cc: Chaoyong He, dpdk-test-reports, Chaoyong He
Test-Label: iol-abi-testing
Test-Status: WARNING
http://dpdk.org/patch/126979
_Testing issues_
Submitter: Chaoyong He <chaoyong.he@corigine.com>
Date: Thursday, May 18 2023 08:44:58
DPDK git baseline: Repo:dpdk
Branch: master
CommitID:a399d7b5a994e335c446d4b15d7622d71dd8848c
126979 --> testing fail
Test environment and result as below:
+------------------+----------+
| Environment | abi_test |
+==================+==========+
| Debian Buster | FAIL |
+------------------+----------+
| Ubuntu 22.04 | FAIL |
+------------------+----------+
| openSUSE Leap 15 | FAIL |
+------------------+----------+
| RHEL 7 | FAIL |
+------------------+----------+
| Debian Bullseye | FAIL |
+------------------+----------+
==== 20 line log output for Debian Bullseye (abi_test): ====
Variables changes summary: 0 Removed, 0 Changed, 0 Added variable
Functions changes summary: 0 Removed, 0 Changed (84 filtered out), 0 Added (12 filtered out) functions
Variables changes summary: 0 Removed, 0 Changed, 0 Added variable
Functions changes summary: 0 Removed (1 filtered out), 0 Changed, 0 Added (7 filtered out) functions
Variables changes summary: 0 Removed (15 filtered out), 0 Changed, 0 Added (1 filtered out) variables
Functions changes summary: 0 Removed (1 filtered out), 0 Changed (2 filtered out), 0 Added (1 filtered out) functions
Variables changes summary: 0 Removed, 0 Changed, 0 Added variable
Functions changes summary: 0 Removed, 0 Changed (34 filtered out), 0 Added (5 filtered out) functions
Variables changes summary: 0 Removed (6 filtered out), 0 Changed (1 filtered out), 0 Added variables
Functions changes summary: 0 Removed, 0 Changed, 0 Added (1 filtered out) function
Variables changes summary: 0 Removed, 0 Changed, 0 Added variable
Functions changes summary: 0 Removed, 0 Changed (1 filtered out), 0 Added function
Variables changes summary: 0 Removed, 0 Changed, 0 Added variable
==== End log output ====
Debian Buster
Kernel: 5.4.0-122-generic
Compiler: gcc 8.3.0-6
Ubuntu 22.04
Kernel: Container Host Kernel
Compiler: clang 14.0.5-1.fc36
openSUSE Leap 15
Kernel: 4.18.0-240.10.1.el8_3.x86_64
Compiler: gcc 7.5.0
RHEL 7
Kernel: 4.18.0-240.10.1.el8_3.x86_64
Compiler: gcc 4.8.5 20150623 (Red Hat 4.8.5-44)
Debian Bullseye
Kernel: 5.4.0-122-generic
Compiler: gcc 10.2.1-6
To view detailed results, visit:
https://lab.dpdk.org/results/dashboard/patchsets/26280/
UNH-IOL DPDK Community Lab
To manage your email subscriptions, visit:
https://lab.dpdk.org/results/dashboard/preferences/subscriptions/
^ permalink raw reply [flat|nested] 11+ messages in thread
* |WARNING| pw126979 [PATCH] [v4] net/bonding: replace master/slave to main/member
@ 2023-05-18 12:16 dpdklab
0 siblings, 0 replies; 11+ messages in thread
From: dpdklab @ 2023-05-18 12:16 UTC (permalink / raw)
To: Test Report; +Cc: dpdk-test-reports, Chaoyong He
Test-Label: iol-abi-testing
Test-Status: WARNING
http://dpdk.org/patch/126979
_Testing issues_
Submitter: Chaoyong He <chaoyong.he@corigine.com>
Date: Thursday, May 18 2023 08:44:58
DPDK git baseline: Repo:dpdk
Branch: master
CommitID:a399d7b5a994e335c446d4b15d7622d71dd8848c
126979 --> testing fail
Test environment and result as below:
+------------------+----------+
| Environment | abi_test |
+==================+==========+
| Debian Buster | FAIL |
+------------------+----------+
| Ubuntu 22.04 | FAIL |
+------------------+----------+
| openSUSE Leap 15 | FAIL |
+------------------+----------+
| RHEL 7 | FAIL |
+------------------+----------+
==== 20 line log output for RHEL 7 (abi_test): ====
Variables changes summary: 0 Removed, 0 Changed, 0 Added variable
Functions changes summary: 0 Removed (7 filtered out), 0 Changed, 0 Added functions
Variables changes summary: 0 Removed, 0 Changed, 0 Added variable
Functions changes summary: 0 Removed, 0 Changed (14 filtered out), 0 Added functions
Variables changes summary: 0 Removed, 0 Changed, 0 Added variable
Functions changes summary: 0 Removed (1 filtered out), 0 Changed (2 filtered out), 0 Added (1 filtered out) functions
Variables changes summary: 0 Removed, 0 Changed, 0 Added variable
Functions changes summary: 0 Removed, 0 Changed (34 filtered out), 0 Added (5 filtered out) functions
Variables changes summary: 0 Removed (6 filtered out), 0 Changed (1 filtered out), 0 Added variables
Functions changes summary: 0 Removed (1 filtered out), 0 Changed, 0 Added (7 filtered out) functions
Variables changes summary: 0 Removed (15 filtered out), 0 Changed, 0 Added (1 filtered out) variables
Functions changes summary: 0 Removed, 0 Changed, 0 Added (1 filtered out) function
Variables changes summary: 0 Removed, 0 Changed, 0 Added variable
==== End log output ====
Debian Buster
Kernel: 5.4.0-122-generic
Compiler: gcc 8.3.0-6
Ubuntu 22.04
Kernel: Container Host Kernel
Compiler: clang 14.0.5-1.fc36
openSUSE Leap 15
Kernel: 4.18.0-240.10.1.el8_3.x86_64
Compiler: gcc 7.5.0
RHEL 7
Kernel: 4.18.0-240.10.1.el8_3.x86_64
Compiler: gcc 4.8.5 20150623 (Red Hat 4.8.5-44)
To view detailed results, visit:
https://lab.dpdk.org/results/dashboard/patchsets/26280/
UNH-IOL DPDK Community Lab
To manage your email subscriptions, visit:
https://lab.dpdk.org/results/dashboard/preferences/subscriptions/
^ permalink raw reply [flat|nested] 11+ messages in thread
* |WARNING| pw126979 [PATCH] [v4] net/bonding: replace master/slave to main/member
@ 2023-05-18 12:15 dpdklab
0 siblings, 0 replies; 11+ messages in thread
From: dpdklab @ 2023-05-18 12:15 UTC (permalink / raw)
To: Test Report; +Cc: dpdk-test-reports, Chaoyong He
Test-Label: iol-abi-testing
Test-Status: WARNING
http://dpdk.org/patch/126979
_Testing issues_
Submitter: Chaoyong He <chaoyong.he@corigine.com>
Date: Thursday, May 18 2023 08:44:58
DPDK git baseline: Repo:dpdk
Branch: master
CommitID:a399d7b5a994e335c446d4b15d7622d71dd8848c
126979 --> testing fail
Test environment and result as below:
+------------------+----------+
| Environment | abi_test |
+==================+==========+
| Debian Buster | FAIL |
+------------------+----------+
| Ubuntu 22.04 | FAIL |
+------------------+----------+
| openSUSE Leap 15 | FAIL |
+------------------+----------+
==== 20 line log output for openSUSE Leap 15 (abi_test): ====
Variables changes summary: 0 Removed, 0 Changed, 0 Added (1 filtered out) variable
Functions changes summary: 0 Removed, 0 Changed (2 filtered out), 0 Added functions
Variables changes summary: 0 Removed, 0 Changed, 0 Added variable
Functions changes summary: 0 Removed (6 filtered out), 0 Changed, 0 Added (62 filtered out) functions
Variables changes summary: 0 Removed, 0 Changed, 0 Added variable
Functions changes summary: 0 Removed, 0 Changed, 0 Added (1 filtered out) function
Variables changes summary: 0 Removed, 0 Changed, 0 Added variable
Functions changes summary: 0 Removed, 0 Changed, 0 Added function
Variables changes summary: 0 Removed (14 filtered out), 0 Changed, 0 Added variables
Functions changes summary: 0 Removed, 0 Changed (1 filtered out), 0 Added function
Variables changes summary: 0 Removed, 0 Changed, 0 Added variable
Functions changes summary: 0 Removed, 0 Changed (1 filtered out), 0 Added function
Variables changes summary: 0 Removed, 0 Changed, 0 Added variable
==== End log output ====
Debian Buster
Kernel: 5.4.0-122-generic
Compiler: gcc 8.3.0-6
Ubuntu 22.04
Kernel: Container Host Kernel
Compiler: clang 14.0.5-1.fc36
openSUSE Leap 15
Kernel: 4.18.0-240.10.1.el8_3.x86_64
Compiler: gcc 7.5.0
To view detailed results, visit:
https://lab.dpdk.org/results/dashboard/patchsets/26280/
UNH-IOL DPDK Community Lab
To manage your email subscriptions, visit:
https://lab.dpdk.org/results/dashboard/preferences/subscriptions/
^ permalink raw reply [flat|nested] 11+ messages in thread
* |WARNING| pw126979 [PATCH] [v4] net/bonding: replace master/slave to main/member
@ 2023-05-18 12:11 dpdklab
0 siblings, 0 replies; 11+ messages in thread
From: dpdklab @ 2023-05-18 12:11 UTC (permalink / raw)
To: Test Report; +Cc: dpdk-test-reports, Chaoyong He
Test-Label: iol-abi-testing
Test-Status: WARNING
http://dpdk.org/patch/126979
_Testing issues_
Submitter: Chaoyong He <chaoyong.he@corigine.com>
Date: Thursday, May 18 2023 08:44:58
DPDK git baseline: Repo:dpdk
Branch: master
CommitID:a399d7b5a994e335c446d4b15d7622d71dd8848c
126979 --> testing fail
Test environment and result as below:
+------------------+----------+
| Environment | abi_test |
+==================+==========+
| Debian Buster | FAIL |
+------------------+----------+
| Ubuntu 22.04 | FAIL |
+------------------+----------+
| openSUSE Leap 15 | FAIL |
+------------------+----------+
==== 20 line log output for openSUSE Leap 15 (abi_test): ====
Variables changes summary: 0 Removed, 0 Changed, 0 Added (1 filtered out) variable
Functions changes summary: 0 Removed, 0 Changed (2 filtered out), 0 Added functions
Variables changes summary: 0 Removed, 0 Changed, 0 Added variable
Functions changes summary: 0 Removed (6 filtered out), 0 Changed, 0 Added (62 filtered out) functions
Variables changes summary: 0 Removed, 0 Changed, 0 Added variable
Functions changes summary: 0 Removed, 0 Changed, 0 Added (1 filtered out) function
Variables changes summary: 0 Removed, 0 Changed, 0 Added variable
Functions changes summary: 0 Removed, 0 Changed, 0 Added function
Variables changes summary: 0 Removed (14 filtered out), 0 Changed, 0 Added variables
Functions changes summary: 0 Removed, 0 Changed (1 filtered out), 0 Added function
Variables changes summary: 0 Removed, 0 Changed, 0 Added variable
Functions changes summary: 0 Removed, 0 Changed (1 filtered out), 0 Added function
Variables changes summary: 0 Removed, 0 Changed, 0 Added variable
==== End log output ====
Debian Buster
Kernel: 5.4.0-122-generic
Compiler: gcc 8.3.0-6
Ubuntu 22.04
Kernel: Container Host Kernel
Compiler: clang 14.0.5-1.fc36
openSUSE Leap 15
Kernel: 4.18.0-240.10.1.el8_3.x86_64
Compiler: gcc 7.5.0
To view detailed results, visit:
https://lab.dpdk.org/results/dashboard/patchsets/26280/
UNH-IOL DPDK Community Lab
To manage your email subscriptions, visit:
https://lab.dpdk.org/results/dashboard/preferences/subscriptions/
^ permalink raw reply [flat|nested] 11+ messages in thread
[parent not found: <20230518084458.1531512-1-chaoyong.he@corigine.com>]
* |WARNING| pw126979 [PATCH v4] net/bonding: replace master/slave to main/member
[not found] <20230518084458.1531512-1-chaoyong.he@corigine.com>
@ 2023-05-18 8:47 ` checkpatch
0 siblings, 0 replies; 11+ messages in thread
From: checkpatch @ 2023-05-18 8:47 UTC (permalink / raw)
To: test-report; +Cc: Chaoyong He
Test-Label: checkpatch
Test-Status: WARNING
http://dpdk.org/patch/126979
_coding style issues_
WARNING:TYPO_SPELLING: 'master' may be misspelled - perhaps 'primary'?
#50:
Subject: [PATCH v4] net/bonding: replace master/slave to main/member
WARNING:TYPO_SPELLING: 'slave' may be misspelled - perhaps 'secondary'?
#50:
Subject: [PATCH v4] net/bonding: replace master/slave to main/member
WARNING:TYPO_SPELLING: 'master' may be misspelled - perhaps 'primary'?
#126:
This patch replaces the usage of the word 'master/slave' with more
WARNING:TYPO_SPELLING: 'slave' may be misspelled - perhaps 'secondary'?
#126:
This patch replaces the usage of the word 'master/slave' with more
WARNING:TYPO_SPELLING: 'slave' may be misspelled - perhaps 'secondary'?
#133:
rte_eth_bond_8023ad_slave_info is now called
WARNING:TYPO_SPELLING: 'slaves' may be misspelled - perhaps 'secondaries'?
#135:
rte_eth_bond_active_slaves_get is now called
WARNING:TYPO_SPELLING: 'slave' may be misspelled - perhaps 'secondary'?
#137:
rte_eth_bond_slave_add is now called
WARNING:TYPO_SPELLING: 'slave' may be misspelled - perhaps 'secondary'?
#139:
rte_eth_bond_slave_remove is now called
WARNING:TYPO_SPELLING: 'slaves' may be misspelled - perhaps 'secondaries'?
#141:
rte_eth_bond_slaves_get is now called
WARNING:TYPO_SPELLING: 'SLAVE' may be misspelled - perhaps 'SECONDARY'?
#144:
Also the macro RTE_ETH_DEV_BONDED_SLAVE was renamed to
WARNING:TYPO_SPELLING: 'parnter' may be misspelled - perhaps 'partner'?
#5954: FILE: app/test/test_link_bonding_mode4.c:259:
+ RTE_VERIFY(member->lacp_parnter_state == 0);
WARNING:TYPO_SPELLING: 'parnter' may be misspelled - perhaps 'partner'?
#6002: FILE: app/test/test_link_bonding_mode4.c:289:
+ member->lacp_parnter_state = 0;
WARNING:TYPO_SPELLING: 'parnter' may be misspelled - perhaps 'partner'?
#6156: FILE: app/test/test_link_bonding_mode4.c:508:
+ member->lacp_parnter_state = lacp->actor.state;
WARNING:TYPO_SPELLING: 'parnter' may be misspelled - perhaps 'partner'?
#6231: FILE: app/test/test_link_bonding_mode4.c:581:
+ return member->lacp_parnter_state == expected_state;
WARNING:TYPO_SPELLING: 'parnter' may be misspelled - perhaps 'partner'?
#6860: FILE: app/test/test_link_bonding_mode4.c:1356:
+ TEST_ASSERT(member->lacp_parnter_state & STATE_EXPIRED,
WARNING:TYPO_SPELLING: 'slave' may be misspelled - perhaps 'secondary'?
#8965: FILE: drivers/net/bonding/rte_eth_bond.h:134:
+rte_eth_bond_slave_add(uint16_t bonded_port_id, uint16_t member_port_id)
WARNING:TYPO_SPELLING: 'slave' may be misspelled - perhaps 'secondary'?
#8988: FILE: drivers/net/bonding/rte_eth_bond.h:154:
+rte_eth_bond_slave_remove(uint16_t bonded_port_id, uint16_t member_port_id)
WARNING:TYPO_SPELLING: 'slaves' may be misspelled - perhaps 'secondaries'?
#9050: FILE: drivers/net/bonding/rte_eth_bond.h:223:
+rte_eth_bond_slaves_get(uint16_t bonded_port_id, uint16_t members[],
WARNING:TYPO_SPELLING: 'slaves' may be misspelled - perhaps 'secondaries'?
#9081: FILE: drivers/net/bonding/rte_eth_bond.h:248:
+rte_eth_bond_active_slaves_get(uint16_t bonded_port_id, uint16_t members[],
WARNING:TYPO_SPELLING: 'slave' may be misspelled - perhaps 'secondary'?
#10113: FILE: drivers/net/bonding/rte_eth_bond_8023ad.h:203:
+rte_eth_bond_8023ad_slave_info(uint16_t port_id, uint16_t member_id,
WARNING:TYPO_SPELLING: 'SLAVE' may be misspelled - perhaps 'SECONDARY'?
#14770: FILE: lib/ethdev/rte_ethdev.h:2040:
+#define RTE_ETH_DEV_BONDED_SLAVE \
WARNING:TYPO_SPELLING: 'SLAVE' may be misspelled - perhaps 'SECONDARY'?
#14772: FILE: lib/ethdev/rte_ethdev.h:2042:
+ RTE_DEPRECATED(RTE_ETH_DEV_BONDED_SLAVE) \
total: 0 errors, 22 warnings, 13941 lines checked
^ permalink raw reply [flat|nested] 11+ messages in thread
end of thread, other threads:[~2023-05-18 12:36 UTC | newest]
Thread overview: 11+ messages (download: mbox.gz / follow: Atom feed)
-- links below jump to the message on this page --
2023-05-18 12:07 |WARNING| pw126979 [PATCH] [v4] net/bonding: replace master/slave to main/member dpdklab
-- strict thread matches above, loose matches on Subject: below --
2023-05-18 12:36 dpdklab
2023-05-18 12:36 dpdklab
2023-05-18 12:33 dpdklab
2023-05-18 12:24 dpdklab
2023-05-18 12:24 dpdklab
2023-05-18 12:20 dpdklab
2023-05-18 12:16 dpdklab
2023-05-18 12:15 dpdklab
2023-05-18 12:11 dpdklab
[not found] <20230518084458.1531512-1-chaoyong.he@corigine.com>
2023-05-18 8:47 ` |WARNING| pw126979 [PATCH v4] " checkpatch
This is a public inbox, see mirroring instructions
for how to clone and mirror all data and code used for this inbox;
as well as URLs for NNTP newsgroup(s).