From: dpdklab@iol.unh.edu
To: Test Report <test-report@dpdk.org>
Cc: dpdk-test-reports@iol.unh.edu, Akhil Goyal <gakhil@marvell.com>
Subject: |WARNING| pw127235-127247 [PATCH] [13/13] test/security: remove no M
Date: Tue, 23 May 2023 16:20:56 -0700 (PDT) [thread overview]
Message-ID: <646d4a58.050a0220.3e1d6.044eSMTPIN_ADDED_MISSING@mx.google.com> (raw)
Test-Label: iol-abi-testing
Test-Status: WARNING
http://dpdk.org/patch/127247
_Testing issues_
Submitter: Akhil Goyal <gakhil@marvell.com>
Date: Tuesday, May 23 2023 19:49:18
DPDK git baseline: Repo:dpdk
Branch: master
CommitID:a399d7b5a994e335c446d4b15d7622d71dd8848c
127235-127247 --> testing fail
Test environment and result as below:
+------------------+----------+
| Environment | abi_test |
+==================+==========+
| CentOS Stream 9 | FAIL |
+------------------+----------+
| openSUSE Leap 15 | FAIL |
+------------------+----------+
| RHEL 7 | FAIL |
+------------------+----------+
| Debian Buster | FAIL |
+------------------+----------+
| Ubuntu 22.04 | FAIL |
+------------------+----------+
| RHEL8 | FAIL |
+------------------+----------+
| Debian Bullseye | FAIL |
+------------------+----------+
| CentOS Stream 8 | FAIL |
+------------------+----------+
==== 20 line log output for CentOS Stream 8 (abi_test): ====
Variables changes summary: 0 Removed, 0 Changed, 0 Added variable
Functions changes summary: 0 Removed (1 filtered out), 0 Changed (276 filtered out), 0 Added (42 filtered out) functions
Variables changes summary: 0 Removed, 0 Changed, 0 Added (1 filtered out) variable
Functions changes summary: 0 Removed, 0 Changed (1 filtered out), 0 Added function
Variables changes summary: 0 Removed, 0 Changed, 0 Added variable
Functions changes summary: 0 Removed, 0 Changed, 0 Added (1 filtered out) function
Variables changes summary: 0 Removed, 0 Changed, 0 Added variable
Functions changes summary: 0 Removed, 0 Changed, 0 Added function
Variables changes summary: 0 Removed (14 filtered out), 0 Changed, 0 Added variables
Functions changes summary: 0 Removed, 0 Changed, 0 Added (1 filtered out) function
Variables changes summary: 0 Removed, 0 Changed, 0 Added variable
Functions changes summary: 0 Removed, 0 Changed (1 filtered out), 0 Added function
Variables changes summary: 0 Removed, 0 Changed, 0 Added variable
==== End log output ====
CentOS Stream 9
Kernel: 4.18.0-240.10.1.el8_3.x86_64
Compiler: gcc 11.3.1 20220421
openSUSE Leap 15
Kernel: 4.18.0-240.10.1.el8_3.x86_64
Compiler: gcc 7.5.0
RHEL 7
Kernel: 4.18.0-240.10.1.el8_3.x86_64
Compiler: gcc 4.8.5 20150623 (Red Hat 4.8.5-44)
Debian Buster
Kernel: 5.4.0-122-generic
Compiler: gcc 8.3.0-6
Ubuntu 22.04
Kernel: 4.18.0-240.10.1.el8_3.x86_64
Compiler: gcc 11.3.0
RHEL8
Kernel: 4.18.0-240.10.1.el8_3.x86_64
Compiler: gcc 8.3.1 20191121 (Red Hat 8.3.1-5)
Debian Bullseye
Kernel: 5.4.0-122-generic
Compiler: gcc 10.2.1-6
CentOS Stream 8
Kernel: 4.18.0-240.10.1.el8_3.x86_64
Compiler: gcc 8.4.1 20200928
To view detailed results, visit:
https://lab.dpdk.org/results/dashboard/patchsets/26356/
UNH-IOL DPDK Community Lab
To manage your email subscriptions, visit:
https://lab.dpdk.org/results/dashboard/preferences/subscriptions/
next reply other threads:[~2023-05-23 23:21 UTC|newest]
Thread overview: 11+ messages / expand[flat|nested] mbox.gz Atom feed top
2023-05-23 23:20 dpdklab [this message]
-- strict thread matches above, loose matches on Subject: below --
2023-05-23 23:20 dpdklab
2023-05-23 23:06 dpdklab
2023-05-23 23:05 dpdklab
2023-05-23 23:05 dpdklab
2023-05-23 23:03 dpdklab
2023-05-23 23:02 dpdklab
2023-05-23 23:00 dpdklab
2023-05-23 22:56 dpdklab
2023-05-23 22:49 dpdklab
2023-05-23 22:37 dpdklab
Reply instructions:
You may reply publicly to this message via plain-text email
using any one of the following methods:
* Save the following mbox file, import it into your mail client,
and reply-to-all from there: mbox
Avoid top-posting and favor interleaved quoting:
https://en.wikipedia.org/wiki/Posting_style#Interleaved_style
* Reply using the --to, --cc, and --in-reply-to
switches of git-send-email(1):
git send-email \
--in-reply-to=646d4a58.050a0220.3e1d6.044eSMTPIN_ADDED_MISSING@mx.google.com \
--to=dpdklab@iol.unh.edu \
--cc=dpdk-test-reports@iol.unh.edu \
--cc=gakhil@marvell.com \
--cc=test-report@dpdk.org \
/path/to/YOUR_REPLY
https://kernel.org/pub/software/scm/git/docs/git-send-email.html
* If your mail client supports setting the In-Reply-To header
via mailto: links, try the mailto: link
Be sure your reply has a Subject: header at the top and a blank line
before the message body.
This is a public inbox, see mirroring instructions
for how to clone and mirror all data and code used for this inbox;
as well as URLs for NNTP newsgroup(s).