* |FAILURE| [GIT MASTER] 2d9e10932d535ea553081b489a25f6fce7ec7996
@ 2023-05-25 2:49 dpdklab
0 siblings, 0 replies; only message in thread
From: dpdklab @ 2023-05-25 2:49 UTC (permalink / raw)
To: Test Report; +Cc: dpdk-test-reports
_Testing issues_
Branch: dpdk
2d9e10932d535ea553081b489a25f6fce7ec7996 --> testing fail
Test environment and result as below:
+--------------------------+----------------+
| Environment | dpdk_unit_test |
+==========================+================+
| Debian 11 (Buster) (ARM) | FAIL |
+--------------------------+----------------+
| Fedora 37 (ARM) | FAIL |
+--------------------------+----------------+
| CentOS Stream 9 (ARM) | FAIL |
+--------------------------+----------------+
| Fedora 38 (ARM) | FAIL |
+--------------------------+----------------+
| Arch Linux | FAIL |
+--------------------------+----------------+
| Debian Bullseye | FAIL |
+--------------------------+----------------+
| CentOS Stream 8 | FAIL |
+--------------------------+----------------+
| RHEL8 | FAIL |
+--------------------------+----------------+
| openSUSE Leap 15 | PASS |
+--------------------------+----------------+
| CentOS Stream 9 | PASS |
+--------------------------+----------------+
| Debian Buster | FAIL |
+--------------------------+----------------+
| Ubuntu 20.04 (ARM) | FAIL |
+--------------------------+----------------+
| Fedora 38 | FAIL |
+--------------------------+----------------+
| RHEL 7 | PASS |
+--------------------------+----------------+
| Fedora 37 | PASS |
+--------------------------+----------------+
| Ubuntu 20.04 | FAIL |
+--------------------------+----------------+
| Ubuntu 22.04 | FAIL |
+--------------------------+----------------+
==== 20 line log output for Ubuntu 22.04 (dpdk_unit_test): ====
94/104 DPDK:fast-tests / telemetry_data_autotest OK 0.17 s
95/104 DPDK:fast-tests / table_autotest OK 5.68 s
96/104 DPDK:fast-tests / ring_pmd_autotest OK 0.17 s
97/104 DPDK:fast-tests / event_eth_tx_adapter_autotest OK 0.47 s
98/104 DPDK:fast-tests / bitratestats_autotest OK 0.17 s
99/104 DPDK:fast-tests / latencystats_autotest OK 0.17 s
100/104 DPDK:fast-tests / pdump_autotest OK 5.23 s
101/104 DPDK:fast-tests / vdev_autotest OK 0.17 s
102/104 DPDK:fast-tests / rawdev_autotest OK 0.17 s
103/104 DPDK:fast-tests / compressdev_autotest SKIP 0.17 s
104/104 DPDK:fast-tests / telemetry_all OK 6.85 s
Ok: 95
Expected Fail: 0
Fail: 1
Unexpected Pass: 0
Skipped: 8
Timeout: 0
Full log written to /home-local/jenkins-local/jenkins-agent/workspace/Generic-Unit-Test-DPDK/dpdk/build/meson-logs/testlog.txt
==== End log output ====
Debian 11 (Buster) (ARM)
Kernel: Container Host Kernel
Compiler: gcc 10.2.1
Fedora 37 (ARM)
Kernel: Depends on container host
Compiler: gcc 12.3.1
CentOS Stream 9 (ARM)
Kernel: Container Host Kernel
Compiler: gcc 11.3.1
Fedora 38 (ARM)
Kernel: Depends on container host
Compiler: clang 16.0.3
Arch Linux
Kernel: 5.4.0-73-generic
Compiler: gcc 11.1.0
Debian Bullseye
Kernel: 5.4.0-122-generic
Compiler: gcc 10.2.1-6
CentOS Stream 8
Kernel: 4.18.0-240.10.1.el8_3.x86_64
Compiler: gcc 8.4.1 20200928
RHEL8
Kernel: 4.18.0-240.10.1.el8_3.x86_64
Compiler: gcc 8.3.1 20191121 (Red Hat 8.3.1-5)
openSUSE Leap 15
Kernel: 4.18.0-240.10.1.el8_3.x86_64
Compiler: gcc 7.5.0
CentOS Stream 9
Kernel: 4.18.0-240.10.1.el8_3.x86_64
Compiler: gcc 11.3.1 20220421
Debian Buster
Kernel: 5.4.0-122-generic
Compiler: gcc 8.3.0-6
Ubuntu 20.04 (ARM)
Kernel: Container Host Kernel
Compiler: gcc 9.4.0
Fedora 38
Kernel: Depends on container host
Compiler: gcc 13.1.1
RHEL 7
Kernel: 4.18.0-240.10.1.el8_3.x86_64
Compiler: gcc 4.8.5 20150623 (Red Hat 4.8.5-44)
Fedora 37
Kernel: Depends on container host system
Compiler: gcc 12.3.1
Ubuntu 20.04
Kernel: 4.18.0-240.10.1.el8_3.x86_64
Compiler: gcc 9.3.0-17ubuntu1~20.04
Ubuntu 22.04
Kernel: 4.18.0-240.10.1.el8_3.x86_64
Compiler: gcc 11.3.0
To view detailed results, visit:
https://lab.dpdk.org/results/dashboard/tarballs/24708/
UNH-IOL DPDK Community Lab
To manage your email subscriptions, visit:
https://lab.dpdk.org/results/dashboard/preferences/subscriptions/
^ permalink raw reply [flat|nested] only message in thread
only message in thread, other threads:[~2023-05-25 2:49 UTC | newest]
Thread overview: (only message) (download: mbox.gz / follow: Atom feed)
-- links below jump to the message on this page --
2023-05-25 2:49 |FAILURE| [GIT MASTER] 2d9e10932d535ea553081b489a25f6fce7ec7996 dpdklab
This is a public inbox, see mirroring instructions
for how to clone and mirror all data and code used for this inbox;
as well as URLs for NNTP newsgroup(s).