* |FAILURE| pw128273-128285 [PATCH] [v2,13/13] ethdev: support telemet
@ 2023-06-08 20:56 dpdklab
0 siblings, 0 replies; 2+ messages in thread
From: dpdklab @ 2023-06-08 20:56 UTC (permalink / raw)
To: Test Report; +Cc: dpdk-test-reports, Andrew Rybchenko, Ferruh Yigit, Jie Hai
Test-Label: iol-x86_64-unit-testing
Test-Status: FAILURE
http://dpdk.org/patch/128285
_Testing issues_
Submitter: Jie Hai <haijie1@huawei.com>
Date: Wednesday, June 07 2023 07:42:08
DPDK git baseline: Repo:dpdk-next-net
Branch: master
CommitID:4d1e5bf4cebe3738e4c4615626dd5dad72d58655
128273-128285 --> testing fail
Test environment and result as below:
+---------------------+----------------+
| Environment | dpdk_unit_test |
+=====================+================+
| Windows Server 2019 | PASS |
+---------------------+----------------+
| Ubuntu 20.04 | FAIL |
+---------------------+----------------+
==== 20 line log output for Ubuntu 20.04 (dpdk_unit_test): ====
94/104 DPDK:fast-tests / telemetry_data_autotest OK 0.17 s
95/104 DPDK:fast-tests / table_autotest OK 5.83 s
96/104 DPDK:fast-tests / ring_pmd_autotest OK 0.17 s
97/104 DPDK:fast-tests / event_eth_tx_adapter_autotest OK 0.47 s
98/104 DPDK:fast-tests / bitratestats_autotest OK 0.17 s
99/104 DPDK:fast-tests / latencystats_autotest OK 0.17 s
100/104 DPDK:fast-tests / pdump_autotest OK 5.23 s
101/104 DPDK:fast-tests / vdev_autotest OK 0.17 s
102/104 DPDK:fast-tests / rawdev_autotest OK 0.17 s
103/104 DPDK:fast-tests / compressdev_autotest SKIP 0.17 s
104/104 DPDK:fast-tests / telemetry_all FAIL 7.84 s (exit status 134 or signal 6 SIGABRT)
Ok: 95
Expected Fail: 0
Fail: 1
Unexpected Pass: 0
Skipped: 8
Timeout: 0
Full log written to /home-local/jenkins-local/jenkins-agent/workspace/Generic-Unit-Test-DPDK/dpdk/build/meson-logs/testlog.txt
==== End log output ====
Windows Server 2019
Kernel: 10.0
Compiler: clang 14.0 and gcc 8.1.0 (MinGW)
Ubuntu 20.04
Kernel: 4.18.0-240.10.1.el8_3.x86_64
Compiler: gcc 9.3.0-17ubuntu1~20.04
To view detailed results, visit:
https://lab.dpdk.org/results/dashboard/patchsets/26566/
UNH-IOL DPDK Community Lab
To manage your email subscriptions, visit:
https://lab.dpdk.org/results/dashboard/preferences/subscriptions/
^ permalink raw reply [flat|nested] 2+ messages in thread
* |FAILURE| pw128273-128285 [PATCH] [v2,13/13] ethdev: support telemet
@ 2023-06-08 20:56 dpdklab
0 siblings, 0 replies; 2+ messages in thread
From: dpdklab @ 2023-06-08 20:56 UTC (permalink / raw)
To: Test Report; +Cc: dpdk-test-reports, Andrew Rybchenko, Ferruh Yigit, Jie Hai
Test-Label: iol-unit-testing
Test-Status: FAILURE
http://dpdk.org/patch/128285
_Testing issues_
Submitter: Jie Hai <haijie1@huawei.com>
Date: Wednesday, June 07 2023 07:42:08
DPDK git baseline: Repo:dpdk-next-net
Branch: master
CommitID:4d1e5bf4cebe3738e4c4615626dd5dad72d58655
128273-128285 --> testing fail
Test environment and result as below:
+--------------------------+----------------+
| Environment | dpdk_unit_test |
+==========================+================+
| CentOS Stream 9 (ARM) | PASS |
+--------------------------+----------------+
| Debian Buster | PASS |
+--------------------------+----------------+
| Debian Bullseye | PASS |
+--------------------------+----------------+
| Debian 11 (Buster) (ARM) | PASS |
+--------------------------+----------------+
| Fedora 38 (ARM) | PASS |
+--------------------------+----------------+
| Fedora 37 (ARM) | PASS |
+--------------------------+----------------+
| CentOS Stream 8 | PASS |
+--------------------------+----------------+
| CentOS Stream 9 | PASS |
+--------------------------+----------------+
| openSUSE Leap 15 | PASS |
+--------------------------+----------------+
| Fedora 37 | PASS |
+--------------------------+----------------+
| Ubuntu 22.04 | FAIL |
+--------------------------+----------------+
| Fedora 38 | PASS |
+--------------------------+----------------+
| RHEL 7 | PASS |
+--------------------------+----------------+
| RHEL8 | PASS |
+--------------------------+----------------+
| Ubuntu 20.04 | FAIL |
+--------------------------+----------------+
| Ubuntu 20.04 (ARM) | FAIL |
+--------------------------+----------------+
==== 20 line log output for Ubuntu 20.04 (ARM) (dpdk_unit_test): ====
93/103 DPDK:fast-tests / telemetry_data_autotest OK 0.07 s
94/103 DPDK:fast-tests / table_autotest OK 6.88 s
95/103 DPDK:fast-tests / ring_pmd_autotest OK 0.07 s
96/103 DPDK:fast-tests / event_eth_tx_adapter_autotest OK 1.12 s
97/103 DPDK:fast-tests / bitratestats_autotest OK 0.07 s
98/103 DPDK:fast-tests / latencystats_autotest OK 0.07 s
99/103 DPDK:fast-tests / pdump_autotest OK 5.18 s
100/103 DPDK:fast-tests / vdev_autotest OK 0.07 s
101/103 DPDK:fast-tests / rawdev_autotest OK 0.07 s
102/103 DPDK:fast-tests / compressdev_autotest SKIP 0.07 s
103/103 DPDK:fast-tests / telemetry_all FAIL 18.66 s (exit status 134 or signal 6 SIGABRT)
Ok: 96
Expected Fail: 0
Fail: 1
Unexpected Pass: 0
Skipped: 6
Timeout: 0
Full log written to /home-local/jenkins-local/jenkins-agent/workspace/Generic-Unit-Test-DPDK/dpdk/build/meson-logs/testlog.txt
==== End log output ====
CentOS Stream 9 (ARM)
Kernel: Container Host Kernel
Compiler: gcc 11.3.1
Debian Buster
Kernel: 5.4.0-122-generic
Compiler: gcc 8.3.0-6
Debian Bullseye
Kernel: 5.4.0-122-generic
Compiler: gcc 10.2.1-6
Debian 11 (Buster) (ARM)
Kernel: Container Host Kernel
Compiler: gcc 10.2.1
Fedora 38 (ARM)
Kernel: Depends on container host
Compiler: clang 16.0.3
Fedora 37 (ARM)
Kernel: Depends on container host
Compiler: gcc 12.3.1
CentOS Stream 8
Kernel: 4.18.0-240.10.1.el8_3.x86_64
Compiler: gcc 8.4.1 20200928
CentOS Stream 9
Kernel: 4.18.0-240.10.1.el8_3.x86_64
Compiler: gcc 11.3.1 20220421
openSUSE Leap 15
Kernel: 4.18.0-240.10.1.el8_3.x86_64
Compiler: gcc 7.5.0
Fedora 37
Kernel: Depends on container host system
Compiler: gcc 12.3.1
Ubuntu 22.04
Kernel: 4.18.0-240.10.1.el8_3.x86_64
Compiler: gcc 11.3.0
Fedora 38
Kernel: Depends on container host
Compiler: clang 16.0.3
RHEL 7
Kernel: 4.18.0-240.10.1.el8_3.x86_64
Compiler: gcc 4.8.5 20150623 (Red Hat 4.8.5-44)
RHEL8
Kernel: 4.18.0-240.10.1.el8_3.x86_64
Compiler: gcc 8.3.1 20191121 (Red Hat 8.3.1-5)
Ubuntu 20.04
Kernel: 4.18.0-240.10.1.el8_3.x86_64
Compiler: gcc 9.3.0-17ubuntu1~20.04
Ubuntu 20.04 (ARM)
Kernel: Container Host Kernel
Compiler: gcc 9.4.0
To view detailed results, visit:
https://lab.dpdk.org/results/dashboard/patchsets/26566/
UNH-IOL DPDK Community Lab
To manage your email subscriptions, visit:
https://lab.dpdk.org/results/dashboard/preferences/subscriptions/
^ permalink raw reply [flat|nested] 2+ messages in thread
end of thread, other threads:[~2023-06-08 20:56 UTC | newest]
Thread overview: 2+ messages (download: mbox.gz / follow: Atom feed)
-- links below jump to the message on this page --
2023-06-08 20:56 |FAILURE| pw128273-128285 [PATCH] [v2,13/13] ethdev: support telemet dpdklab
-- strict thread matches above, loose matches on Subject: below --
2023-06-08 20:56 dpdklab
This is a public inbox, see mirroring instructions
for how to clone and mirror all data and code used for this inbox;
as well as URLs for NNTP newsgroup(s).