* |WARNING| pw129704 [PATCH] [v3] Add support for IBM Z s390x
@ 2023-07-26 2:35 dpdklab
0 siblings, 0 replies; 12+ messages in thread
From: dpdklab @ 2023-07-26 2:35 UTC (permalink / raw)
To: Test Report; +Cc: dpdk-test-reports, David Miller
Test-Label: iol-abi-testing
Test-Status: WARNING
http://dpdk.org/patch/129704
_Testing issues_
Submitter: David Miller <dmiller423@gmail.com>
Date: Wednesday, July 26 2023 01:35:17
DPDK git baseline: Repo:dpdk
Branch: master
CommitID:74913fd2e1579af164c81de3c109e9578d709e4d
129704 --> testing fail
Test environment and result as below:
+------------------+----------+
| Environment | abi_test |
+==================+==========+
| RHEL 7 | FAIL |
+------------------+----------+
| Debian Bullseye | FAIL |
+------------------+----------+
| Fedora 37 | FAIL |
+------------------+----------+
| Debian Buster | FAIL |
+------------------+----------+
| Ubuntu 22.04 | FAIL |
+------------------+----------+
| RHEL8 | FAIL |
+------------------+----------+
| Fedora 38 | FAIL |
+------------------+----------+
| openSUSE Leap 15 | FAIL |
+------------------+----------+
| CentOS Stream 8 | FAIL |
+------------------+----------+
| CentOS Stream 9 | FAIL |
+------------------+----------+
==== 20 line log output for CentOS Stream 9 (abi_test): ====
Variables changes summary: 0 Removed, 0 Changed, 0 Added variable
Functions changes summary: 0 Removed, 0 Changed (12 filtered out), 0 Added (4 filtered out) functions
Variables changes summary: 0 Removed, 0 Changed, 0 Added variable
Functions changes summary: 0 Removed, 0 Changed (206 filtered out), 0 Added (17 filtered out) functions
Variables changes summary: 0 Removed, 0 Changed, 0 Added variable
Functions changes summary: 0 Removed, 0 Changed, 0 Added (2 filtered out) functions
Variables changes summary: 0 Removed, 0 Changed, 0 Added variable
Functions changes summary: 0 Removed, 0 Changed (84 filtered out), 0 Added (12 filtered out) functions
Variables changes summary: 0 Removed, 0 Changed, 0 Added variable
Functions changes summary: 0 Removed (1 filtered out), 0 Changed (2 filtered out), 0 Added (3 filtered out) functions
Variables changes summary: 0 Removed, 0 Changed, 0 Added variable
Functions changes summary: 0 Removed, 0 Changed, 0 Added (1 filtered out) function
Variables changes summary: 0 Removed, 0 Changed, 0 Added variable
==== End log output ====
RHEL 7
Kernel: 4.18.0-240.10.1.el8_3.x86_64
Compiler: gcc 4.8.5 20150623 (Red Hat 4.8.5-44)
Debian Bullseye
Kernel: 5.4.0-122-generic
Compiler: gcc 10.2.1-6
Fedora 37
Kernel: Depends on container host system
Compiler: gcc 12.3.1
Debian Buster
Kernel: 5.4.0-122-generic
Compiler: gcc 8.3.0-6
Ubuntu 22.04
Kernel: 4.18.0-240.10.1.el8_3.x86_64
Compiler: gcc 11.3.0
RHEL8
Kernel: 4.18.0-240.10.1.el8_3.x86_64
Compiler: gcc 8.3.1 20191121 (Red Hat 8.3.1-5)
Fedora 38
Kernel: Depends on container host
Compiler: clang 16.0.3
openSUSE Leap 15
Kernel: 4.18.0-240.10.1.el8_3.x86_64
Compiler: gcc 7.5.0
CentOS Stream 8
Kernel: 4.18.0-240.10.1.el8_3.x86_64
Compiler: gcc 8.4.1 20200928
CentOS Stream 9
Kernel: 4.18.0-240.10.1.el8_3.x86_64
Compiler: gcc 11.3.1 20220421
To view detailed results, visit:
https://lab.dpdk.org/results/dashboard/patchsets/27142/
UNH-IOL DPDK Community Lab
To manage your email subscriptions, visit:
https://lab.dpdk.org/results/dashboard/preferences/subscriptions/
^ permalink raw reply [flat|nested] 12+ messages in thread
* |WARNING| pw129704 [PATCH] [v3] Add support for IBM Z s390x
@ 2023-07-26 2:35 dpdklab
0 siblings, 0 replies; 12+ messages in thread
From: dpdklab @ 2023-07-26 2:35 UTC (permalink / raw)
To: Test Report; +Cc: dpdk-test-reports, David Miller
Test-Label: iol-abi-testing
Test-Status: WARNING
http://dpdk.org/patch/129704
_Testing issues_
Submitter: David Miller <dmiller423@gmail.com>
Date: Wednesday, July 26 2023 01:35:17
DPDK git baseline: Repo:dpdk
Branch: master
CommitID:74913fd2e1579af164c81de3c109e9578d709e4d
129704 --> testing fail
Test environment and result as below:
+------------------+----------+
| Environment | abi_test |
+==================+==========+
| RHEL 7 | FAIL |
+------------------+----------+
| Debian Bullseye | FAIL |
+------------------+----------+
| Fedora 37 | FAIL |
+------------------+----------+
| Debian Buster | FAIL |
+------------------+----------+
| Ubuntu 22.04 | FAIL |
+------------------+----------+
| RHEL8 | FAIL |
+------------------+----------+
| Fedora 38 | FAIL |
+------------------+----------+
| openSUSE Leap 15 | FAIL |
+------------------+----------+
| CentOS Stream 8 | FAIL |
+------------------+----------+
| CentOS Stream 9 | FAIL |
+------------------+----------+
==== 20 line log output for CentOS Stream 9 (abi_test): ====
Variables changes summary: 0 Removed, 0 Changed, 0 Added variable
Functions changes summary: 0 Removed, 0 Changed (12 filtered out), 0 Added (4 filtered out) functions
Variables changes summary: 0 Removed, 0 Changed, 0 Added variable
Functions changes summary: 0 Removed, 0 Changed (206 filtered out), 0 Added (17 filtered out) functions
Variables changes summary: 0 Removed, 0 Changed, 0 Added variable
Functions changes summary: 0 Removed, 0 Changed, 0 Added (2 filtered out) functions
Variables changes summary: 0 Removed, 0 Changed, 0 Added variable
Functions changes summary: 0 Removed, 0 Changed (84 filtered out), 0 Added (12 filtered out) functions
Variables changes summary: 0 Removed, 0 Changed, 0 Added variable
Functions changes summary: 0 Removed (1 filtered out), 0 Changed (2 filtered out), 0 Added (3 filtered out) functions
Variables changes summary: 0 Removed, 0 Changed, 0 Added variable
Functions changes summary: 0 Removed, 0 Changed, 0 Added (1 filtered out) function
Variables changes summary: 0 Removed, 0 Changed, 0 Added variable
==== End log output ====
RHEL 7
Kernel: 4.18.0-240.10.1.el8_3.x86_64
Compiler: gcc 4.8.5 20150623 (Red Hat 4.8.5-44)
Debian Bullseye
Kernel: 5.4.0-122-generic
Compiler: gcc 10.2.1-6
Fedora 37
Kernel: Depends on container host system
Compiler: gcc 12.3.1
Debian Buster
Kernel: 5.4.0-122-generic
Compiler: gcc 8.3.0-6
Ubuntu 22.04
Kernel: 4.18.0-240.10.1.el8_3.x86_64
Compiler: gcc 11.3.0
RHEL8
Kernel: 4.18.0-240.10.1.el8_3.x86_64
Compiler: gcc 8.3.1 20191121 (Red Hat 8.3.1-5)
Fedora 38
Kernel: Depends on container host
Compiler: clang 16.0.3
openSUSE Leap 15
Kernel: 4.18.0-240.10.1.el8_3.x86_64
Compiler: gcc 7.5.0
CentOS Stream 8
Kernel: 4.18.0-240.10.1.el8_3.x86_64
Compiler: gcc 8.4.1 20200928
CentOS Stream 9
Kernel: 4.18.0-240.10.1.el8_3.x86_64
Compiler: gcc 11.3.1 20220421
To view detailed results, visit:
https://lab.dpdk.org/results/dashboard/patchsets/27142/
UNH-IOL DPDK Community Lab
To manage your email subscriptions, visit:
https://lab.dpdk.org/results/dashboard/preferences/subscriptions/
^ permalink raw reply [flat|nested] 12+ messages in thread
* |WARNING| pw129704 [PATCH] [v3] Add support for IBM Z s390x
@ 2023-07-26 2:34 dpdklab
0 siblings, 0 replies; 12+ messages in thread
From: dpdklab @ 2023-07-26 2:34 UTC (permalink / raw)
To: Test Report; +Cc: dpdk-test-reports, David Miller
Test-Label: iol-abi-testing
Test-Status: WARNING
http://dpdk.org/patch/129704
_Testing issues_
Submitter: David Miller <dmiller423@gmail.com>
Date: Wednesday, July 26 2023 01:35:17
DPDK git baseline: Repo:dpdk
Branch: master
CommitID:74913fd2e1579af164c81de3c109e9578d709e4d
129704 --> testing fail
Test environment and result as below:
+------------------+----------+
| Environment | abi_test |
+==================+==========+
| RHEL 7 | FAIL |
+------------------+----------+
| Debian Bullseye | FAIL |
+------------------+----------+
| Fedora 37 | FAIL |
+------------------+----------+
| Debian Buster | FAIL |
+------------------+----------+
| Ubuntu 22.04 | FAIL |
+------------------+----------+
| RHEL8 | FAIL |
+------------------+----------+
| Fedora 38 | FAIL |
+------------------+----------+
| openSUSE Leap 15 | FAIL |
+------------------+----------+
| CentOS Stream 8 | FAIL |
+------------------+----------+
==== 20 line log output for CentOS Stream 8 (abi_test): ====
Variables changes summary: 0 Removed, 0 Changed, 0 Added variable
Functions changes summary: 0 Removed, 0 Changed (13 filtered out), 0 Added functions
Variables changes summary: 0 Removed, 0 Changed, 0 Added variable
Functions changes summary: 0 Removed, 0 Changed (84 filtered out), 0 Added (12 filtered out) functions
Variables changes summary: 0 Removed, 0 Changed, 0 Added variable
Functions changes summary: 0 Removed, 0 Changed (207 filtered out), 0 Added (17 filtered out) functions
Variables changes summary: 0 Removed, 0 Changed, 0 Added variable
Functions changes summary: 0 Removed (1 filtered out), 0 Changed (2 filtered out), 0 Added (3 filtered out) functions
Variables changes summary: 0 Removed, 0 Changed, 0 Added variable
Functions changes summary: 0 Removed, 0 Changed (1 filtered out), 0 Added function
Variables changes summary: 0 Removed, 0 Changed, 0 Added variable
Functions changes summary: 0 Removed, 0 Changed, 0 Added (1 filtered out) function
Variables changes summary: 0 Removed, 0 Changed, 0 Added variable
==== End log output ====
RHEL 7
Kernel: 4.18.0-240.10.1.el8_3.x86_64
Compiler: gcc 4.8.5 20150623 (Red Hat 4.8.5-44)
Debian Bullseye
Kernel: 5.4.0-122-generic
Compiler: gcc 10.2.1-6
Fedora 37
Kernel: Depends on container host system
Compiler: gcc 12.3.1
Debian Buster
Kernel: 5.4.0-122-generic
Compiler: gcc 8.3.0-6
Ubuntu 22.04
Kernel: 4.18.0-240.10.1.el8_3.x86_64
Compiler: gcc 11.3.0
RHEL8
Kernel: 4.18.0-240.10.1.el8_3.x86_64
Compiler: gcc 8.3.1 20191121 (Red Hat 8.3.1-5)
Fedora 38
Kernel: Depends on container host
Compiler: clang 16.0.3
openSUSE Leap 15
Kernel: 4.18.0-240.10.1.el8_3.x86_64
Compiler: gcc 7.5.0
CentOS Stream 8
Kernel: 4.18.0-240.10.1.el8_3.x86_64
Compiler: gcc 8.4.1 20200928
To view detailed results, visit:
https://lab.dpdk.org/results/dashboard/patchsets/27142/
UNH-IOL DPDK Community Lab
To manage your email subscriptions, visit:
https://lab.dpdk.org/results/dashboard/preferences/subscriptions/
^ permalink raw reply [flat|nested] 12+ messages in thread
* |WARNING| pw129704 [PATCH] [v3] Add support for IBM Z s390x
@ 2023-07-26 2:32 dpdklab
0 siblings, 0 replies; 12+ messages in thread
From: dpdklab @ 2023-07-26 2:32 UTC (permalink / raw)
To: Test Report; +Cc: dpdk-test-reports, David Miller
Test-Label: iol-abi-testing
Test-Status: WARNING
http://dpdk.org/patch/129704
_Testing issues_
Submitter: David Miller <dmiller423@gmail.com>
Date: Wednesday, July 26 2023 01:35:17
DPDK git baseline: Repo:dpdk
Branch: master
CommitID:74913fd2e1579af164c81de3c109e9578d709e4d
129704 --> testing fail
Test environment and result as below:
+------------------+----------+
| Environment | abi_test |
+==================+==========+
| RHEL 7 | FAIL |
+------------------+----------+
| Debian Bullseye | FAIL |
+------------------+----------+
| Fedora 37 | FAIL |
+------------------+----------+
| Debian Buster | FAIL |
+------------------+----------+
| Ubuntu 22.04 | FAIL |
+------------------+----------+
| RHEL8 | FAIL |
+------------------+----------+
| Fedora 38 | FAIL |
+------------------+----------+
| openSUSE Leap 15 | FAIL |
+------------------+----------+
==== 20 line log output for openSUSE Leap 15 (abi_test): ====
Variable symbols changes summary: 0 Removed, 0 Added variable symbol not referenced by debug info
Functions changes summary: 0 Removed, 0 Changed (2 filtered out), 0 Added functions
Variables changes summary: 0 Removed, 0 Changed, 0 Added variable
Functions changes summary: 0 Removed, 0 Changed, 0 Added (1 filtered out) function
Variables changes summary: 0 Removed, 0 Changed, 0 Added variable
Functions changes summary: 0 Removed, 0 Changed, 0 Added function
Variables changes summary: 0 Removed (14 filtered out), 0 Changed, 0 Added variables
Functions changes summary: 0 Removed, 0 Changed (1 filtered out), 0 Added (1 filtered out) functions
Variables changes summary: 0 Removed, 0 Changed, 0 Added variable
Functions changes summary: 0 Removed, 0 Changed (1 filtered out), 0 Added function
Variables changes summary: 0 Removed, 0 Changed, 0 Added variable
Functions changes summary: 0 Removed, 0 Changed (207 filtered out), 0 Added (17 filtered out) functions
Variables changes summary: 0 Removed, 0 Changed, 0 Added variable
==== End log output ====
RHEL 7
Kernel: 4.18.0-240.10.1.el8_3.x86_64
Compiler: gcc 4.8.5 20150623 (Red Hat 4.8.5-44)
Debian Bullseye
Kernel: 5.4.0-122-generic
Compiler: gcc 10.2.1-6
Fedora 37
Kernel: Depends on container host system
Compiler: gcc 12.3.1
Debian Buster
Kernel: 5.4.0-122-generic
Compiler: gcc 8.3.0-6
Ubuntu 22.04
Kernel: 4.18.0-240.10.1.el8_3.x86_64
Compiler: gcc 11.3.0
RHEL8
Kernel: 4.18.0-240.10.1.el8_3.x86_64
Compiler: gcc 8.3.1 20191121 (Red Hat 8.3.1-5)
Fedora 38
Kernel: Depends on container host
Compiler: clang 16.0.3
openSUSE Leap 15
Kernel: 4.18.0-240.10.1.el8_3.x86_64
Compiler: gcc 7.5.0
To view detailed results, visit:
https://lab.dpdk.org/results/dashboard/patchsets/27142/
UNH-IOL DPDK Community Lab
To manage your email subscriptions, visit:
https://lab.dpdk.org/results/dashboard/preferences/subscriptions/
^ permalink raw reply [flat|nested] 12+ messages in thread
* |WARNING| pw129704 [PATCH] [v3] Add support for IBM Z s390x
@ 2023-07-26 2:30 dpdklab
0 siblings, 0 replies; 12+ messages in thread
From: dpdklab @ 2023-07-26 2:30 UTC (permalink / raw)
To: Test Report; +Cc: dpdk-test-reports, David Miller
Test-Label: iol-abi-testing
Test-Status: WARNING
http://dpdk.org/patch/129704
_Testing issues_
Submitter: David Miller <dmiller423@gmail.com>
Date: Wednesday, July 26 2023 01:35:17
DPDK git baseline: Repo:dpdk
Branch: master
CommitID:74913fd2e1579af164c81de3c109e9578d709e4d
129704 --> testing fail
Test environment and result as below:
+------------------+----------+
| Environment | abi_test |
+==================+==========+
| RHEL 7 | FAIL |
+------------------+----------+
| Debian Bullseye | FAIL |
+------------------+----------+
| Fedora 37 | FAIL |
+------------------+----------+
| Debian Buster | FAIL |
+------------------+----------+
| Ubuntu 22.04 | FAIL |
+------------------+----------+
| RHEL8 | FAIL |
+------------------+----------+
| Fedora 38 | FAIL |
+------------------+----------+
| openSUSE Leap 15 | FAIL |
+------------------+----------+
==== 20 line log output for openSUSE Leap 15 (abi_test): ====
Variable symbols changes summary: 0 Removed, 0 Added variable symbol not referenced by debug info
Functions changes summary: 0 Removed, 0 Changed (2 filtered out), 0 Added functions
Variables changes summary: 0 Removed, 0 Changed, 0 Added variable
Functions changes summary: 0 Removed, 0 Changed, 0 Added (1 filtered out) function
Variables changes summary: 0 Removed, 0 Changed, 0 Added variable
Functions changes summary: 0 Removed, 0 Changed, 0 Added function
Variables changes summary: 0 Removed (14 filtered out), 0 Changed, 0 Added variables
Functions changes summary: 0 Removed, 0 Changed (1 filtered out), 0 Added (1 filtered out) functions
Variables changes summary: 0 Removed, 0 Changed, 0 Added variable
Functions changes summary: 0 Removed, 0 Changed (1 filtered out), 0 Added function
Variables changes summary: 0 Removed, 0 Changed, 0 Added variable
Functions changes summary: 0 Removed, 0 Changed (207 filtered out), 0 Added (17 filtered out) functions
Variables changes summary: 0 Removed, 0 Changed, 0 Added variable
==== End log output ====
RHEL 7
Kernel: 4.18.0-240.10.1.el8_3.x86_64
Compiler: gcc 4.8.5 20150623 (Red Hat 4.8.5-44)
Debian Bullseye
Kernel: 5.4.0-122-generic
Compiler: gcc 10.2.1-6
Fedora 37
Kernel: Depends on container host system
Compiler: gcc 12.3.1
Debian Buster
Kernel: 5.4.0-122-generic
Compiler: gcc 8.3.0-6
Ubuntu 22.04
Kernel: 4.18.0-240.10.1.el8_3.x86_64
Compiler: gcc 11.3.0
RHEL8
Kernel: 4.18.0-240.10.1.el8_3.x86_64
Compiler: gcc 8.3.1 20191121 (Red Hat 8.3.1-5)
Fedora 38
Kernel: Depends on container host
Compiler: clang 16.0.3
openSUSE Leap 15
Kernel: 4.18.0-240.10.1.el8_3.x86_64
Compiler: gcc 7.5.0
To view detailed results, visit:
https://lab.dpdk.org/results/dashboard/patchsets/27142/
UNH-IOL DPDK Community Lab
To manage your email subscriptions, visit:
https://lab.dpdk.org/results/dashboard/preferences/subscriptions/
^ permalink raw reply [flat|nested] 12+ messages in thread
* |WARNING| pw129704 [PATCH] [v3] Add support for IBM Z s390x
@ 2023-07-26 2:30 dpdklab
0 siblings, 0 replies; 12+ messages in thread
From: dpdklab @ 2023-07-26 2:30 UTC (permalink / raw)
To: Test Report; +Cc: dpdk-test-reports, David Miller
Test-Label: iol-abi-testing
Test-Status: WARNING
http://dpdk.org/patch/129704
_Testing issues_
Submitter: David Miller <dmiller423@gmail.com>
Date: Wednesday, July 26 2023 01:35:17
DPDK git baseline: Repo:dpdk
Branch: master
CommitID:74913fd2e1579af164c81de3c109e9578d709e4d
129704 --> testing fail
Test environment and result as below:
+------------------+----------+
| Environment | abi_test |
+==================+==========+
| RHEL 7 | FAIL |
+------------------+----------+
| Debian Bullseye | FAIL |
+------------------+----------+
| Fedora 37 | FAIL |
+------------------+----------+
| Debian Buster | FAIL |
+------------------+----------+
| Ubuntu 22.04 | FAIL |
+------------------+----------+
| RHEL8 | FAIL |
+------------------+----------+
| Fedora 38 | FAIL |
+------------------+----------+
| openSUSE Leap 15 | FAIL |
+------------------+----------+
==== 20 line log output for openSUSE Leap 15 (abi_test): ====
Variable symbols changes summary: 0 Removed, 0 Added variable symbol not referenced by debug info
Functions changes summary: 0 Removed, 0 Changed (2 filtered out), 0 Added functions
Variables changes summary: 0 Removed, 0 Changed, 0 Added variable
Functions changes summary: 0 Removed, 0 Changed, 0 Added (1 filtered out) function
Variables changes summary: 0 Removed, 0 Changed, 0 Added variable
Functions changes summary: 0 Removed, 0 Changed, 0 Added function
Variables changes summary: 0 Removed (14 filtered out), 0 Changed, 0 Added variables
Functions changes summary: 0 Removed, 0 Changed (1 filtered out), 0 Added (1 filtered out) functions
Variables changes summary: 0 Removed, 0 Changed, 0 Added variable
Functions changes summary: 0 Removed, 0 Changed (1 filtered out), 0 Added function
Variables changes summary: 0 Removed, 0 Changed, 0 Added variable
Functions changes summary: 0 Removed, 0 Changed (207 filtered out), 0 Added (17 filtered out) functions
Variables changes summary: 0 Removed, 0 Changed, 0 Added variable
==== End log output ====
RHEL 7
Kernel: 4.18.0-240.10.1.el8_3.x86_64
Compiler: gcc 4.8.5 20150623 (Red Hat 4.8.5-44)
Debian Bullseye
Kernel: 5.4.0-122-generic
Compiler: gcc 10.2.1-6
Fedora 37
Kernel: Depends on container host system
Compiler: gcc 12.3.1
Debian Buster
Kernel: 5.4.0-122-generic
Compiler: gcc 8.3.0-6
Ubuntu 22.04
Kernel: 4.18.0-240.10.1.el8_3.x86_64
Compiler: gcc 11.3.0
RHEL8
Kernel: 4.18.0-240.10.1.el8_3.x86_64
Compiler: gcc 8.3.1 20191121 (Red Hat 8.3.1-5)
Fedora 38
Kernel: Depends on container host
Compiler: clang 16.0.3
openSUSE Leap 15
Kernel: 4.18.0-240.10.1.el8_3.x86_64
Compiler: gcc 7.5.0
To view detailed results, visit:
https://lab.dpdk.org/results/dashboard/patchsets/27142/
UNH-IOL DPDK Community Lab
To manage your email subscriptions, visit:
https://lab.dpdk.org/results/dashboard/preferences/subscriptions/
^ permalink raw reply [flat|nested] 12+ messages in thread
* |WARNING| pw129704 [PATCH] [v3] Add support for IBM Z s390x
@ 2023-07-26 2:26 dpdklab
0 siblings, 0 replies; 12+ messages in thread
From: dpdklab @ 2023-07-26 2:26 UTC (permalink / raw)
To: Test Report; +Cc: dpdk-test-reports, David Miller
Test-Label: iol-abi-testing
Test-Status: WARNING
http://dpdk.org/patch/129704
_Testing issues_
Submitter: David Miller <dmiller423@gmail.com>
Date: Wednesday, July 26 2023 01:35:17
DPDK git baseline: Repo:dpdk
Branch: master
CommitID:74913fd2e1579af164c81de3c109e9578d709e4d
129704 --> testing fail
Test environment and result as below:
+-----------------+----------+
| Environment | abi_test |
+=================+==========+
| RHEL 7 | FAIL |
+-----------------+----------+
| Debian Bullseye | FAIL |
+-----------------+----------+
| Fedora 37 | FAIL |
+-----------------+----------+
| Debian Buster | FAIL |
+-----------------+----------+
| Ubuntu 22.04 | FAIL |
+-----------------+----------+
| RHEL8 | FAIL |
+-----------------+----------+
| Fedora 38 | FAIL |
+-----------------+----------+
==== 20 line log output for Fedora 38 (abi_test): ====
Variables changes summary: 0 Removed, 0 Changed, 0 Added (1 filtered out) variable
Functions changes summary: 0 Removed, 0 Changed (2 filtered out), 0 Added functions
Variables changes summary: 0 Removed, 0 Changed, 0 Added variable
Functions changes summary: 0 Removed, 0 Changed, 0 Added function
Variables changes summary: 0 Removed (14 filtered out), 0 Changed, 0 Added variables
Functions changes summary: 0 Removed, 0 Changed (1 filtered out), 0 Added (1 filtered out) functions
Variables changes summary: 0 Removed, 0 Changed, 0 Added variable
Functions changes summary: 0 Removed, 0 Changed (1 filtered out), 0 Added function
Variables changes summary: 0 Removed, 0 Changed, 0 Added variable
Functions changes summary: 0 Removed, 0 Changed, 0 Added (1 filtered out) function
Variables changes summary: 0 Removed, 0 Changed, 0 Added variable
Functions changes summary: 0 Removed, 0 Changed (207 filtered out), 0 Added (17 filtered out) functions
Variables changes summary: 0 Removed, 0 Changed, 0 Added variable
==== End log output ====
RHEL 7
Kernel: 4.18.0-240.10.1.el8_3.x86_64
Compiler: gcc 4.8.5 20150623 (Red Hat 4.8.5-44)
Debian Bullseye
Kernel: 5.4.0-122-generic
Compiler: gcc 10.2.1-6
Fedora 37
Kernel: Depends on container host system
Compiler: gcc 12.3.1
Debian Buster
Kernel: 5.4.0-122-generic
Compiler: gcc 8.3.0-6
Ubuntu 22.04
Kernel: 4.18.0-240.10.1.el8_3.x86_64
Compiler: gcc 11.3.0
RHEL8
Kernel: 4.18.0-240.10.1.el8_3.x86_64
Compiler: gcc 8.3.1 20191121 (Red Hat 8.3.1-5)
Fedora 38
Kernel: Depends on container host
Compiler: clang 16.0.3
To view detailed results, visit:
https://lab.dpdk.org/results/dashboard/patchsets/27142/
UNH-IOL DPDK Community Lab
To manage your email subscriptions, visit:
https://lab.dpdk.org/results/dashboard/preferences/subscriptions/
^ permalink raw reply [flat|nested] 12+ messages in thread
* |WARNING| pw129704 [PATCH] [v3] Add support for IBM Z s390x
@ 2023-07-26 2:15 dpdklab
0 siblings, 0 replies; 12+ messages in thread
From: dpdklab @ 2023-07-26 2:15 UTC (permalink / raw)
To: Test Report; +Cc: David Miller, dpdk-test-reports, David Miller
Test-Label: iol-abi-testing
Test-Status: WARNING
http://dpdk.org/patch/129704
_Testing issues_
Submitter: David Miller <dmiller423@gmail.com>
Date: Wednesday, July 26 2023 01:35:17
DPDK git baseline: Repo:dpdk
Branch: master
CommitID:74913fd2e1579af164c81de3c109e9578d709e4d
129704 --> testing fail
Test environment and result as below:
+-----------------+----------+
| Environment | abi_test |
+=================+==========+
| RHEL 7 | FAIL |
+-----------------+----------+
| Debian Bullseye | FAIL |
+-----------------+----------+
| Fedora 37 | FAIL |
+-----------------+----------+
| Debian Buster | FAIL |
+-----------------+----------+
==== 20 line log output for Debian Buster (abi_test): ====
Variables changes summary: 0 Removed, 0 Changed, 0 Added variable
Functions changes summary: 0 Removed, 0 Changed (13 filtered out), 0 Added functions
Variables changes summary: 0 Removed, 0 Changed, 0 Added variable
Functions changes summary: 0 Removed, 0 Changed (1 filtered out), 0 Added function
Variables changes summary: 0 Removed, 0 Changed, 0 Added variable
Functions changes summary: 0 Removed (1 filtered out), 0 Changed (2 filtered out), 0 Added (3 filtered out) functions
Variables changes summary: 0 Removed, 0 Changed, 0 Added variable
Functions changes summary: 0 Removed, 0 Changed (84 filtered out), 0 Added (12 filtered out) functions
Variables changes summary: 0 Removed, 0 Changed, 0 Added variable
Functions changes summary: 0 Removed, 0 Changed (207 filtered out), 0 Added (17 filtered out) functions
Variables changes summary: 0 Removed, 0 Changed, 0 Added variable
Functions changes summary: 0 Removed, 0 Changed, 0 Added (1 filtered out) function
Variables changes summary: 0 Removed, 0 Changed, 0 Added variable
==== End log output ====
RHEL 7
Kernel: 4.18.0-240.10.1.el8_3.x86_64
Compiler: gcc 4.8.5 20150623 (Red Hat 4.8.5-44)
Debian Bullseye
Kernel: 5.4.0-122-generic
Compiler: gcc 10.2.1-6
Fedora 37
Kernel: Depends on container host system
Compiler: gcc 12.3.1
Debian Buster
Kernel: 5.4.0-122-generic
Compiler: gcc 8.3.0-6
To view detailed results, visit:
https://lab.dpdk.org/results/dashboard/patchsets/27142/
UNH-IOL DPDK Community Lab
To manage your email subscriptions, visit:
https://lab.dpdk.org/results/dashboard/preferences/subscriptions/
^ permalink raw reply [flat|nested] 12+ messages in thread
* |WARNING| pw129704 [PATCH] [v3] Add support for IBM Z s390x
@ 2023-07-26 2:14 dpdklab
0 siblings, 0 replies; 12+ messages in thread
From: dpdklab @ 2023-07-26 2:14 UTC (permalink / raw)
To: Test Report; +Cc: David Miller, dpdk-test-reports, David Miller
Test-Label: iol-abi-testing
Test-Status: WARNING
http://dpdk.org/patch/129704
_Testing issues_
Submitter: David Miller <dmiller423@gmail.com>
Date: Wednesday, July 26 2023 01:35:17
DPDK git baseline: Repo:dpdk
Branch: master
CommitID:74913fd2e1579af164c81de3c109e9578d709e4d
129704 --> testing fail
Test environment and result as below:
+-----------------+----------+
| Environment | abi_test |
+=================+==========+
| RHEL 7 | FAIL |
+-----------------+----------+
| Debian Bullseye | FAIL |
+-----------------+----------+
| Fedora 37 | FAIL |
+-----------------+----------+
| Debian Buster | FAIL |
+-----------------+----------+
==== 20 line log output for Debian Buster (abi_test): ====
Variables changes summary: 0 Removed, 0 Changed, 0 Added variable
Functions changes summary: 0 Removed, 0 Changed (13 filtered out), 0 Added functions
Variables changes summary: 0 Removed, 0 Changed, 0 Added variable
Functions changes summary: 0 Removed, 0 Changed (1 filtered out), 0 Added function
Variables changes summary: 0 Removed, 0 Changed, 0 Added variable
Functions changes summary: 0 Removed (1 filtered out), 0 Changed (2 filtered out), 0 Added (3 filtered out) functions
Variables changes summary: 0 Removed, 0 Changed, 0 Added variable
Functions changes summary: 0 Removed, 0 Changed (84 filtered out), 0 Added (12 filtered out) functions
Variables changes summary: 0 Removed, 0 Changed, 0 Added variable
Functions changes summary: 0 Removed, 0 Changed (207 filtered out), 0 Added (17 filtered out) functions
Variables changes summary: 0 Removed, 0 Changed, 0 Added variable
Functions changes summary: 0 Removed, 0 Changed, 0 Added (1 filtered out) function
Variables changes summary: 0 Removed, 0 Changed, 0 Added variable
==== End log output ====
RHEL 7
Kernel: 4.18.0-240.10.1.el8_3.x86_64
Compiler: gcc 4.8.5 20150623 (Red Hat 4.8.5-44)
Debian Bullseye
Kernel: 5.4.0-122-generic
Compiler: gcc 10.2.1-6
Fedora 37
Kernel: Depends on container host system
Compiler: gcc 12.3.1
Debian Buster
Kernel: 5.4.0-122-generic
Compiler: gcc 8.3.0-6
To view detailed results, visit:
https://lab.dpdk.org/results/dashboard/patchsets/27142/
UNH-IOL DPDK Community Lab
To manage your email subscriptions, visit:
https://lab.dpdk.org/results/dashboard/preferences/subscriptions/
^ permalink raw reply [flat|nested] 12+ messages in thread
* |WARNING| pw129704 [PATCH] [v3] Add support for IBM Z s390x
@ 2023-07-26 2:13 dpdklab
0 siblings, 0 replies; 12+ messages in thread
From: dpdklab @ 2023-07-26 2:13 UTC (permalink / raw)
To: Test Report; +Cc: David Miller, dpdk-test-reports, David Miller
Test-Label: iol-abi-testing
Test-Status: WARNING
http://dpdk.org/patch/129704
_Testing issues_
Submitter: David Miller <dmiller423@gmail.com>
Date: Wednesday, July 26 2023 01:35:17
DPDK git baseline: Repo:dpdk
Branch: master
CommitID:74913fd2e1579af164c81de3c109e9578d709e4d
129704 --> testing fail
Test environment and result as below:
+-----------------+----------+
| Environment | abi_test |
+=================+==========+
| RHEL 7 | FAIL |
+-----------------+----------+
| Debian Bullseye | FAIL |
+-----------------+----------+
| Fedora 37 | FAIL |
+-----------------+----------+
| Debian Buster | FAIL |
+-----------------+----------+
==== 20 line log output for Debian Buster (abi_test): ====
Variables changes summary: 0 Removed, 0 Changed, 0 Added variable
Functions changes summary: 0 Removed, 0 Changed (13 filtered out), 0 Added functions
Variables changes summary: 0 Removed, 0 Changed, 0 Added variable
Functions changes summary: 0 Removed, 0 Changed (1 filtered out), 0 Added function
Variables changes summary: 0 Removed, 0 Changed, 0 Added variable
Functions changes summary: 0 Removed (1 filtered out), 0 Changed (2 filtered out), 0 Added (3 filtered out) functions
Variables changes summary: 0 Removed, 0 Changed, 0 Added variable
Functions changes summary: 0 Removed, 0 Changed (84 filtered out), 0 Added (12 filtered out) functions
Variables changes summary: 0 Removed, 0 Changed, 0 Added variable
Functions changes summary: 0 Removed, 0 Changed (207 filtered out), 0 Added (17 filtered out) functions
Variables changes summary: 0 Removed, 0 Changed, 0 Added variable
Functions changes summary: 0 Removed, 0 Changed, 0 Added (1 filtered out) function
Variables changes summary: 0 Removed, 0 Changed, 0 Added variable
==== End log output ====
RHEL 7
Kernel: 4.18.0-240.10.1.el8_3.x86_64
Compiler: gcc 4.8.5 20150623 (Red Hat 4.8.5-44)
Debian Bullseye
Kernel: 5.4.0-122-generic
Compiler: gcc 10.2.1-6
Fedora 37
Kernel: Depends on container host system
Compiler: gcc 12.3.1
Debian Buster
Kernel: 5.4.0-122-generic
Compiler: gcc 8.3.0-6
To view detailed results, visit:
https://lab.dpdk.org/results/dashboard/patchsets/27142/
UNH-IOL DPDK Community Lab
To manage your email subscriptions, visit:
https://lab.dpdk.org/results/dashboard/preferences/subscriptions/
^ permalink raw reply [flat|nested] 12+ messages in thread
* |WARNING| pw129704 [PATCH] [v3] Add support for IBM Z s390x
@ 2023-07-26 2:13 dpdklab
0 siblings, 0 replies; 12+ messages in thread
From: dpdklab @ 2023-07-26 2:13 UTC (permalink / raw)
To: Test Report; +Cc: David Miller, dpdk-test-reports, David Miller
Test-Label: iol-abi-testing
Test-Status: WARNING
http://dpdk.org/patch/129704
_Testing issues_
Submitter: David Miller <dmiller423@gmail.com>
Date: Wednesday, July 26 2023 01:35:17
DPDK git baseline: Repo:dpdk
Branch: master
CommitID:74913fd2e1579af164c81de3c109e9578d709e4d
129704 --> testing fail
Test environment and result as below:
+-----------------+----------+
| Environment | abi_test |
+=================+==========+
| RHEL 7 | FAIL |
+-----------------+----------+
| Debian Bullseye | FAIL |
+-----------------+----------+
| Fedora 37 | FAIL |
+-----------------+----------+
| Debian Buster | FAIL |
+-----------------+----------+
==== 20 line log output for Debian Buster (abi_test): ====
Variables changes summary: 0 Removed, 0 Changed, 0 Added variable
Functions changes summary: 0 Removed, 0 Changed (13 filtered out), 0 Added functions
Variables changes summary: 0 Removed, 0 Changed, 0 Added variable
Functions changes summary: 0 Removed, 0 Changed (1 filtered out), 0 Added function
Variables changes summary: 0 Removed, 0 Changed, 0 Added variable
Functions changes summary: 0 Removed (1 filtered out), 0 Changed (2 filtered out), 0 Added (3 filtered out) functions
Variables changes summary: 0 Removed, 0 Changed, 0 Added variable
Functions changes summary: 0 Removed, 0 Changed (84 filtered out), 0 Added (12 filtered out) functions
Variables changes summary: 0 Removed, 0 Changed, 0 Added variable
Functions changes summary: 0 Removed, 0 Changed (207 filtered out), 0 Added (17 filtered out) functions
Variables changes summary: 0 Removed, 0 Changed, 0 Added variable
Functions changes summary: 0 Removed, 0 Changed, 0 Added (1 filtered out) function
Variables changes summary: 0 Removed, 0 Changed, 0 Added variable
==== End log output ====
RHEL 7
Kernel: 4.18.0-240.10.1.el8_3.x86_64
Compiler: gcc 4.8.5 20150623 (Red Hat 4.8.5-44)
Debian Bullseye
Kernel: 5.4.0-122-generic
Compiler: gcc 10.2.1-6
Fedora 37
Kernel: Depends on container host system
Compiler: gcc 12.3.1
Debian Buster
Kernel: 5.4.0-122-generic
Compiler: gcc 8.3.0-6
To view detailed results, visit:
https://lab.dpdk.org/results/dashboard/patchsets/27142/
UNH-IOL DPDK Community Lab
To manage your email subscriptions, visit:
https://lab.dpdk.org/results/dashboard/preferences/subscriptions/
^ permalink raw reply [flat|nested] 12+ messages in thread
* |WARNING| pw129704 [PATCH v3] Add support for IBM Z s390x
[not found] <20230726013517.216549-1-dmiller423@gmail.com>
@ 2023-07-26 1:36 ` checkpatch
0 siblings, 0 replies; 12+ messages in thread
From: checkpatch @ 2023-07-26 1:36 UTC (permalink / raw)
To: test-report; +Cc: David Miller
Test-Label: checkpatch
Test-Status: WARNING
http://dpdk.org/patch/129704
_coding style issues_
WARNING:TYPO_SPELLING: 'daa' may be misspelled - perhaps 'data'?
#477: FILE: app/test/test_hash_functions.c:77:
+ 0x37765e57, 0x6559eb17, 0x49c8a164, 0x18daa0d3,
WARNING:TYPO_SPELLING: 'avaialbe' may be misspelled - perhaps 'available'?
#1129: FILE: drivers/net/i40e/i40e_rxtx_vec_s390x.c:448:
+ /* C.4 calc avaialbe number of desc */
WARNING:TYPO_SPELLING: 'signifcant' may be misspelled - perhaps 'significant'?
#1879: FILE: lib/acl/acl_gen.c:365:
+ * is at least signifcant byte.
total: 0 errors, 3 warnings, 2744 lines checked
Warning in drivers/net/i40e/i40e_rxtx_vec_s390x.c:
Using compiler attribute directly
Warning in lib/eal/s390x/include/rte_atomic.h:
Using rte_smp_[r/w]mb
Warning in lib/eal/s390x/include/rte_spinlock.h:
Using __sync_xxx builtins
^ permalink raw reply [flat|nested] 12+ messages in thread
end of thread, other threads:[~2023-07-26 2:35 UTC | newest]
Thread overview: 12+ messages (download: mbox.gz / follow: Atom feed)
-- links below jump to the message on this page --
2023-07-26 2:35 |WARNING| pw129704 [PATCH] [v3] Add support for IBM Z s390x dpdklab
-- strict thread matches above, loose matches on Subject: below --
2023-07-26 2:35 dpdklab
2023-07-26 2:34 dpdklab
2023-07-26 2:32 dpdklab
2023-07-26 2:30 dpdklab
2023-07-26 2:30 dpdklab
2023-07-26 2:26 dpdklab
2023-07-26 2:15 dpdklab
2023-07-26 2:14 dpdklab
2023-07-26 2:13 dpdklab
2023-07-26 2:13 dpdklab
[not found] <20230726013517.216549-1-dmiller423@gmail.com>
2023-07-26 1:36 ` |WARNING| pw129704 [PATCH v3] " checkpatch
This is a public inbox, see mirroring instructions
for how to clone and mirror all data and code used for this inbox;
as well as URLs for NNTP newsgroup(s).