From: dpdklab@iol.unh.edu
To: Test Report <test-report@dpdk.org>
Cc: dpdk-test-reports@iol.unh.edu, Kaisen You <kaisenx.you@intel.com>
Subject: |FAILURE| pw129705 [PATCH] [v2] app/test:subprocess synchronization
Date: Tue, 25 Jul 2023 20:36:47 -0700 (PDT) [thread overview]
Message-ID: <64c094cf.050a0220.1f973.6d1bSMTPIN_ADDED_MISSING@mx.google.com> (raw)
Test-Label: iol-x86_64-compile-testing
Test-Status: FAILURE
http://dpdk.org/patch/129705
_Testing issues_
Submitter: Kaisen You <kaisenx.you@intel.com>
Date: Wednesday, July 26 2023 02:39:47
DPDK git baseline: Repo:dpdk
Branch: master
CommitID:74913fd2e1579af164c81de3c109e9578d709e4d
129705 --> testing fail
Test environment and result as below:
+---------------------+--------------------+----------------------+
| Environment | dpdk_meson_compile | dpdk_mingw64_compile |
+=====================+====================+======================+
| CentOS Stream 9 | FAIL | SKIPPED |
+---------------------+--------------------+----------------------+
| FreeBSD 13 | PASS | SKIPPED |
+---------------------+--------------------+----------------------+
| Debian Bullseye | FAIL | SKIPPED |
+---------------------+--------------------+----------------------+
| CentOS Stream 8 | FAIL | SKIPPED |
+---------------------+--------------------+----------------------+
| Fedora 37 | FAIL | SKIPPED |
+---------------------+--------------------+----------------------+
| Debian Buster | FAIL | SKIPPED |
+---------------------+--------------------+----------------------+
| Fedora 38 | FAIL | SKIPPED |
+---------------------+--------------------+----------------------+
| Ubuntu 22.04 | FAIL | SKIPPED |
+---------------------+--------------------+----------------------+
| openSUSE Leap 15 | FAIL | SKIPPED |
+---------------------+--------------------+----------------------+
| RHEL8 | FAIL | SKIPPED |
+---------------------+--------------------+----------------------+
| Ubuntu 20.04 | FAIL | SKIPPED |
+---------------------+--------------------+----------------------+
| RHEL 7 | FAIL | SKIPPED |
+---------------------+--------------------+----------------------+
| Windows Server 2019 | PASS | PASS |
+---------------------+--------------------+----------------------+
| Alpine | FAIL | SKIPPED |
+---------------------+--------------------+----------------------+
==== 20 line log output for Alpine (dpdk_meson_compile): ====
[2593/2598] Generating symbol file 'lib/76b5a35@@rte_pipeline@sha/librte_pipeline.so.23.2.symbols'.
[2594/2598] Linking target app/dpdk-test-pipeline.
[2595/2598] Linking target drivers/librte_net_softnic.so.23.2.
[2596/2598] Linking target lib/librte_efd.so.23.2.
[2597/2598] Generating symbol file 'lib/76b5a35@@rte_efd@sha/librte_efd.so.23.2.symbols'.
[2598/2598] Linking target app/test/dpdk-test.
/usr/lib/gcc/x86_64-alpine-linux-musl/12.2.1/../../../../x86_64-alpine-linux-musl/bin/ld: app/test/3062f5d@@dpdk-test@exe/test_pdump.c.o: warning: relocation against `rte_pci_bus' in read-only section `.text'
/usr/lib/gcc/x86_64-alpine-linux-musl/12.2.1/../../../../x86_64-alpine-linux-musl/bin/ld: app/test/3062f5d@@dpdk-test@exe/test_eal_flags.c.o: in function `process_dup.constprop.0':
test_eal_flags.c:(.text+0x1f8): undefined reference to `rte_pci_bus'
/usr/lib/gcc/x86_64-alpine-linux-musl/12.2.1/../../../../x86_64-alpine-linux-musl/bin/ld: app/test/3062f5d@@dpdk-test@exe/test_eal_flags.c.o: in function `process_dup.constprop.1':
test_eal_flags.c:(.text+0x6d8): undefined reference to `rte_pci_bus'
/usr/lib/gcc/x86_64-alpine-linux-musl/12.2.1/../../../../x86_64-alpine-linux-musl/bin/ld: app/test/3062f5d@@dpdk-test@exe/test_eal_flags.c.o: in function `process_dup.constprop.2':
test_eal_flags.c:(.text+0xd48): undefined reference to `rte_pci_bus'
/usr/lib/gcc/x86_64-alpine-linux-musl/12.2.1/../../../../x86_64-alpine-linux-musl/bin/ld: app/test/3062f5d@@dpdk-test@exe/test_eal_flags.c.o: in function `process_dup.constprop.3':
test_eal_flags.c:(.text+0x1228): undefined reference to `rte_pci_bus'
/usr/lib/gcc/x86_64-alpine-linux-musl/12.2.1/../../../../x86_64-alpine-linux-musl/bin/ld: app/test/3062f5d@@dpdk-test@exe/test_eal_flags.c.o: in function `process_dup.constprop.4':
test_eal_flags.c:(.text+0x2448): undefined reference to `rte_pci_bus'
/usr/lib/gcc/x86_64-alpine-linux-musl/12.2.1/../../../../x86_64-alpine-linux-musl/bin/ld: app/test/3062f5d@@dpdk-test@exe/test_mp_secondary.c.o:test_mp_secondary.c:(.text+0x17f): more undefined references to `rte_pci_bus' follow
/usr/lib/gcc/x86_64-alpine-linux-musl/12.2.1/../../../../x86_64-alpine-linux-musl/bin/ld: warning: creating DT_TEXTREL in a PIE
collect2: error: ld returned 1 exit status
==== End log output ====
CentOS Stream 9
Kernel: 4.18.0-240.10.1.el8_3.x86_64
Compiler: gcc 11.3.1 20220421
FreeBSD 13
Kernel: 13.0
Compiler: clang 11.0.1
Debian Bullseye
Kernel: 5.4.0-122-generic
Compiler: gcc 10.2.1-6
CentOS Stream 8
Kernel: 4.18.0-240.10.1.el8_3.x86_64
Compiler: gcc 8.4.1 20200928
Fedora 37
Kernel: Depends on container host system
Compiler: gcc 12.3.1
Debian Buster
Kernel: 5.4.0-122-generic
Compiler: gcc 8.3.0-6
Fedora 38
Kernel: Depends on container host
Compiler: gcc 13.1.1
Ubuntu 22.04
Kernel: 4.18.0-240.10.1.el8_3.x86_64
Compiler: gcc 11.3.0
openSUSE Leap 15
Kernel: 4.18.0-240.10.1.el8_3.x86_64
Compiler: gcc 7.5.0
RHEL8
Kernel: 4.18.0-240.10.1.el8_3.x86_64
Compiler: gcc 8.3.1 20191121 (Red Hat 8.3.1-5)
Ubuntu 20.04
Kernel: 4.18.0-240.10.1.el8_3.x86_64
Compiler: gcc 9.3.0-17ubuntu1~20.04
RHEL 7
Kernel: 4.18.0-240.10.1.el8_3.x86_64
Compiler: gcc 4.8.5 20150623 (Red Hat 4.8.5-44)
Windows Server 2019
Kernel: 10.0
Compiler: clang 14.0 and gcc 8.1.0 (MinGW)
Alpine
Kernel: 5.4.0-73-generic
Compiler: gcc (Alpine 10.3.1_git20210424) 10.3.1 20210424
To view detailed results, visit:
https://lab.dpdk.org/results/dashboard/patchsets/27143/
UNH-IOL DPDK Community Lab
To manage your email subscriptions, visit:
https://lab.dpdk.org/results/dashboard/preferences/subscriptions/
next reply other threads:[~2023-07-26 3:36 UTC|newest]
Thread overview: 3+ messages / expand[flat|nested] mbox.gz Atom feed top
2023-07-26 3:36 dpdklab [this message]
2023-07-26 3:47 dpdklab
2023-07-26 4:45 dpdklab
Reply instructions:
You may reply publicly to this message via plain-text email
using any one of the following methods:
* Save the following mbox file, import it into your mail client,
and reply-to-all from there: mbox
Avoid top-posting and favor interleaved quoting:
https://en.wikipedia.org/wiki/Posting_style#Interleaved_style
* Reply using the --to, --cc, and --in-reply-to
switches of git-send-email(1):
git send-email \
--in-reply-to=64c094cf.050a0220.1f973.6d1bSMTPIN_ADDED_MISSING@mx.google.com \
--to=dpdklab@iol.unh.edu \
--cc=dpdk-test-reports@iol.unh.edu \
--cc=kaisenx.you@intel.com \
--cc=test-report@dpdk.org \
/path/to/YOUR_REPLY
https://kernel.org/pub/software/scm/git/docs/git-send-email.html
* If your mail client supports setting the In-Reply-To header
via mailto: links, try the mailto: link
Be sure your reply has a Subject: header at the top and a blank line
before the message body.
This is a public inbox, see mirroring instructions
for how to clone and mirror all data and code used for this inbox;
as well as URLs for NNTP newsgroup(s).