From mboxrd@z Thu Jan  1 00:00:00 1970
Return-Path: <test-report-bounces@dpdk.org>
Received: from mails.dpdk.org (mails.dpdk.org [217.70.189.124])
	by inbox.dpdk.org (Postfix) with ESMTP id E622342214
	for <public@inbox.dpdk.org>; Thu, 31 Aug 2023 18:21:00 +0200 (CEST)
Received: from mails.dpdk.org (localhost [127.0.0.1])
	by mails.dpdk.org (Postfix) with ESMTP id EDB324027B;
	Thu, 31 Aug 2023 18:21:00 +0200 (CEST)
Received: from mail-qv1-f100.google.com (mail-qv1-f100.google.com
 [209.85.219.100])
 by mails.dpdk.org (Postfix) with ESMTP id BC5394027B
 for <test-report@dpdk.org>; Thu, 31 Aug 2023 18:20:35 +0200 (CEST)
Received: by mail-qv1-f100.google.com with SMTP id
 6a1803df08f44-649c6ea6e72so5658836d6.2
 for <test-report@dpdk.org>; Thu, 31 Aug 2023 09:20:35 -0700 (PDT)
DKIM-Signature: v=1; a=rsa-sha256; c=relaxed/relaxed;
 d=iol.unh.edu; s=unh-iol; t=1693498835; x=1694103635; darn=dpdk.org;
 h=cc:to:from:subject:message-id:date:from:to:cc:subject:date
 :message-id:reply-to;
 bh=Svxniek6ehcanpWsssXUruBt/dY3vLeeY0Y8TdXX8QA=;
 b=caubIH8LP6sHCLcsyYhZ21GH5ouw8l5h0/Asb3YJ2IPKhyou8AUcVzW/C5hjvobQLb
 qEPBknu0F/yihoMuc3SgB8JaZO1RZ8GqWvWKz53XWkf1UELFqzYHvU1M5Qn9PZ6/VlE1
 2hmLnqCSaGNmppMJZEMGg75WXW4aMcRtMSZ1w=
X-Google-DKIM-Signature: v=1; a=rsa-sha256; c=relaxed/relaxed;
 d=1e100.net; s=20221208; t=1693498835; x=1694103635;
 h=cc:to:from:subject:message-id:date:x-gm-message-state:from:to:cc
 :subject:date:message-id:reply-to;
 bh=Svxniek6ehcanpWsssXUruBt/dY3vLeeY0Y8TdXX8QA=;
 b=jwtDw/rYDihjTapWD+4FQO/G0ZlMhwcPFJ0bXu8gvHic9UuhAhNcqLyAt0BDk+Qz/7
 oSnPgIKYGB2zR1KRNED9dA5iS5N3wxovmhsy9hzR/40Vh4r64MfnhqF+1J0triQX+Xub
 2KMaZ8U7LgMA1Dipw/3ZLtojeOgwMVDarhJ0QTUj8ovcWKGJYAohB0XiNnRqxIyn/I4S
 QOC/M2G6oF19boO4MFJr/tvTkVHvdOU6EOtZY/VcvYFLqj10kJQ7LnqnrnNx/G7/Dema
 x2PTi4VfjZAaUNJWmN6GYkoiIu7VtbDorYyOjnHKB9NEpbxs0JXcILVySlHolffWlSa6
 5NNg==
X-Gm-Message-State: AOJu0YxpHE4PNV1eglfYsyWNaCHbJpqECiYavurPeink0HsPYP29kzKg
 gskCXGGfDV4QijQnh6YgdsfdMrtGEmp+stMh6pfrxos4uj/LQg==
X-Google-Smtp-Source: AGHT+IG3D4GdqmfJkUE9rVOLr1g0lgi23Mp6dYLtYrpV6vJC6Oi7ykxDr9Bv7uIcUHR33GPKxW7YK9hvrtKN
X-Received: by 2002:a0c:a9db:0:b0:64f:6fa5:d7b6 with SMTP id
 c27-20020a0ca9db000000b0064f6fa5d7b6mr3276577qvb.59.1693498835213; 
 Thu, 31 Aug 2023 09:20:35 -0700 (PDT)
Received: from postal.iol.unh.edu (postal.iol.unh.edu. [132.177.123.84])
 by smtp-relay.gmail.com with ESMTPS id
 y14-20020a0ce04e000000b00649528aae1dsm49023qvk.7.2023.08.31.09.20.35
 (version=TLS1_2 cipher=ECDHE-ECDSA-AES128-GCM-SHA256 bits=128/128);
 Thu, 31 Aug 2023 09:20:35 -0700 (PDT)
X-Relaying-Domain: iol.unh.edu
Date: Thu, 31 Aug 2023 09:20:35 -0700 (PDT)
Message-ID: <64f0bdd3.0c0a0220.eee6a.353bSMTPIN_ADDED_MISSING@mx.google.com>
Received: from [172.17.0.3] (unknown [172.18.0.214])
 by postal.iol.unh.edu (Postfix) with ESMTP id E50356052471;
 Thu, 31 Aug 2023 12:20:34 -0400 (EDT)
Subject: |FAILURE| pw130984 [PATCH] [v1] net/axgbe: use CPUID to identify cpu
From: dpdklab@iol.unh.edu
To: Test Report <test-report@dpdk.org>
Cc: dpdk-test-reports@iol.unh.edu, Selwin Sebastian <selwin.sebastian@amd.com>
Content-Type: text/plain
X-BeenThere: test-report@dpdk.org
X-Mailman-Version: 2.1.29
Precedence: list
List-Id: automatic DPDK test reports <test-report.dpdk.org>
List-Unsubscribe: <https://mails.dpdk.org/options/test-report>,
 <mailto:test-report-request@dpdk.org?subject=unsubscribe>
List-Archive: <http://mails.dpdk.org/archives/test-report/>
List-Post: <mailto:test-report@dpdk.org>
List-Help: <mailto:test-report-request@dpdk.org?subject=help>
List-Subscribe: <https://mails.dpdk.org/listinfo/test-report>,
 <mailto:test-report-request@dpdk.org?subject=subscribe>
Errors-To: test-report-bounces@dpdk.org

Test-Label: iol-compile-arm64-testing
Test-Status: FAILURE
http://dpdk.org/patch/130984

_Testing issues_

Submitter: Selwin Sebastian <selwin.sebastian@amd.com>
Date: Thursday, August 31 2023 12:31:31 
DPDK git baseline: Repo:dpdk
  Branch: master
  CommitID:b7b8de26f34d39c8aaded44d8a468da5e68f19da

130984 --> testing fail

Test environment and result as below:

+----------------------------------------+--------------------+
|              Environment               | dpdk_meson_compile |
+========================================+====================+
| Ubuntu 20.04 ARM SVE                   | PASS               |
+----------------------------------------+--------------------+
| Fedora 37 (ARM)                        | FAIL               |
+----------------------------------------+--------------------+
| Ubuntu 20.04 (ARM)                     | FAIL               |
+----------------------------------------+--------------------+
| Fedora 38 (ARM)                        | FAIL               |
+----------------------------------------+--------------------+
| CentOS Stream 9 (ARM)                  | FAIL               |
+----------------------------------------+--------------------+
| Ubuntu 20.04 ARM GCC Cross Compile     | FAIL               |
+----------------------------------------+--------------------+
| Debian 11 (Buster) (ARM)               | FAIL               |
+----------------------------------------+--------------------+
| Ubuntu 20.04 ARM Clang Cross Compile   | FAIL               |
+----------------------------------------+--------------------+
| Ubuntu 20.04 aarch32 GCC Cross Compile | FAIL               |
+----------------------------------------+--------------------+

==== 20 line log output for Ubuntu 20.04 aarch32 GCC Cross Compile (dpdk_meson_compile): ====

Ubuntu 20.04 ARM SVE
	Kernel: 5.4.0-80-generic
	Compiler: gcc 10.3.0 (Ubuntu 10.3.0-1ubuntu1~20.04)

Fedora 37 (ARM)
	Kernel: Depends on container host
	Compiler: gcc 12.3.1

Ubuntu 20.04 (ARM)
	Kernel: Container Host Kernel
	Compiler: gcc 9.4.0

Fedora 38 (ARM)
	Kernel: Depends on container host
	Compiler: gcc 13.1.1

CentOS Stream 9 (ARM)
	Kernel: Container Host Kernel
	Compiler: gcc 11.3.1

Ubuntu 20.04 ARM GCC Cross Compile
	Kernel: 5.4.0-72-generic
	Compiler: aarch64-linux-gnu-gcc (Ubuntu 9.3.0-17ubuntu1~20.04) 9.3.0

Debian 11 (Buster) (ARM)
	Kernel: Container Host Kernel
	Compiler: gcc 10.2.1

Ubuntu 20.04 ARM Clang Cross Compile
	Kernel: 5.4.0-72-generic
	Compiler: clang version 10.0.0-4ubuntu1

Ubuntu 20.04 aarch32 GCC Cross Compile
	Kernel: 5.4.0-72-generic
	Compiler: gcc 9.3.0

To view detailed results, visit:
https://lab.dpdk.org/results/dashboard/patchsets/27491/

UNH-IOL DPDK Community Lab

To manage your email subscriptions, visit: 
https://lab.dpdk.org/results/dashboard/preferences/subscriptions/