* |FAILURE| pw131674 [PATCH] [v3] app/test: add external mbuf IPsec te
@ 2023-09-20 11:09 dpdklab
0 siblings, 0 replies; 31+ messages in thread
From: dpdklab @ 2023-09-20 11:09 UTC (permalink / raw)
To: Test Report; +Cc: dpdk-test-reports, Tejasree Kondoj
Test-Label: iol-compile-arm64-testing
Test-Status: FAILURE
http://dpdk.org/patch/131674
_Testing issues_
Submitter: Tejasree Kondoj <ktejasree@marvell.com>
Date: Wednesday, September 20 2023 07:22:30
DPDK git baseline: Repo:dpdk
Branch: master
CommitID:31e60e81f025e9fffa69b68bffe5cfaa22d5c098
131674 --> testing fail
Test environment and result as below:
+------------------------------------+--------------------+
| Environment | dpdk_meson_compile |
+====================================+====================+
| Ubuntu 20.04 ARM SVE | PASS |
+------------------------------------+--------------------+
| Ubuntu 20.04 (ARM) | FAIL |
+------------------------------------+--------------------+
| Fedora 37 (ARM) | FAIL |
+------------------------------------+--------------------+
| Fedora 38 (ARM) | FAIL |
+------------------------------------+--------------------+
| CentOS Stream 9 (ARM) | FAIL |
+------------------------------------+--------------------+
| Debian 11 (Buster) (ARM) | FAIL |
+------------------------------------+--------------------+
| Ubuntu 20.04 ARM GCC Cross Compile | FAIL |
+------------------------------------+--------------------+
==== 20 line log output for Ubuntu 20.04 ARM GCC Cross Compile (dpdk_meson_compile): ====
Ubuntu 20.04 ARM SVE
Kernel: 5.4.0-80-generic
Compiler: gcc 10.3.0 (Ubuntu 10.3.0-1ubuntu1~20.04)
Ubuntu 20.04 (ARM)
Kernel: Container Host Kernel
Compiler: gcc 9.4.0
Fedora 37 (ARM)
Kernel: Depends on container host
Compiler: gcc 12.3.1
Fedora 38 (ARM)
Kernel: Depends on container host
Compiler: gcc 13.1.1
CentOS Stream 9 (ARM)
Kernel: Container Host Kernel
Compiler: gcc 11.3.1
Debian 11 (Buster) (ARM)
Kernel: Container Host Kernel
Compiler: gcc 10.2.1
Ubuntu 20.04 ARM GCC Cross Compile
Kernel: 5.4.0-72-generic
Compiler: aarch64-linux-gnu-gcc (Ubuntu 9.3.0-17ubuntu1~20.04) 9.3.0
To view detailed results, visit:
https://lab.dpdk.org/results/dashboard/patchsets/27663/
UNH-IOL DPDK Community Lab
To manage your email subscriptions, visit:
https://lab.dpdk.org/results/dashboard/preferences/subscriptions/
^ permalink raw reply [flat|nested] 31+ messages in thread
* |FAILURE| pw131674 [PATCH] [v3] app/test: add external mbuf IPsec te
@ 2023-09-20 12:33 dpdklab
0 siblings, 0 replies; 31+ messages in thread
From: dpdklab @ 2023-09-20 12:33 UTC (permalink / raw)
To: Test Report; +Cc: dpdk-test-reports, Tejasree Kondoj
Test-Label: iol-compile-arm64-testing
Test-Status: FAILURE
http://dpdk.org/patch/131674
_Testing issues_
Submitter: Tejasree Kondoj <ktejasree@marvell.com>
Date: Wednesday, September 20 2023 07:22:30
DPDK git baseline: Repo:dpdk
Branch: master
CommitID:31e60e81f025e9fffa69b68bffe5cfaa22d5c098
131674 --> testing fail
Test environment and result as below:
+----------------------------------------+--------------------+
| Environment | dpdk_meson_compile |
+========================================+====================+
| Ubuntu 20.04 ARM SVE | PASS |
+----------------------------------------+--------------------+
| Ubuntu 20.04 (ARM) | FAIL |
+----------------------------------------+--------------------+
| Fedora 37 (ARM) | FAIL |
+----------------------------------------+--------------------+
| Fedora 38 (ARM) | FAIL |
+----------------------------------------+--------------------+
| CentOS Stream 9 (ARM) | FAIL |
+----------------------------------------+--------------------+
| Debian 11 (Buster) (ARM) | FAIL |
+----------------------------------------+--------------------+
| Ubuntu 20.04 ARM GCC Cross Compile | FAIL |
+----------------------------------------+--------------------+
| Ubuntu 20.04 aarch32 GCC Cross Compile | FAIL |
+----------------------------------------+--------------------+
| Ubuntu 20.04 ARM Clang Cross Compile | FAIL |
+----------------------------------------+--------------------+
| Fedora 38 (ARM Clang) | FAIL |
+----------------------------------------+--------------------+
==== 20 line log output for Fedora 38 (ARM Clang) (dpdk_meson_compile): ====
[2887/3034] Compiling C object 'app/a172ced@@dpdk-test@exe/test_test_cmdline_ipaddr.c.o'.
[2888/3034] Compiling C object 'app/a172ced@@dpdk-test@exe/test_test_cmdline_lib.c.o'.
[2889/3034] Compiling C object 'app/a172ced@@dpdk-test@exe/test_test_cmdline_num.c.o'.
[2890/3034] Compiling C object 'app/a172ced@@dpdk-test@exe/test_test_cmdline_portlist.c.o'.
[2891/3034] Compiling C object 'app/a172ced@@dpdk-test@exe/test_test_cmdline_string.c.o'.
[2892/3034] Compiling C object 'app/a172ced@@dpdk-test@exe/test_test_common.c.o'.
[2893/3034] Compiling C object 'app/a172ced@@dpdk-test@exe/test_test_compressdev.c.o'.
[2894/3034] Compiling C object 'app/a172ced@@dpdk-test@exe/test_test_cpuflags.c.o'.
[2895/3034] Compiling C object 'app/a172ced@@dpdk-test@exe/test_test_crc.c.o'.
[2896/3034] Compiling C object 'app/a172ced@@dpdk-test@exe/test_test_cryptodev.c.o'.
FAILED: app/a172ced@@dpdk-test@exe/test_test_cryptodev.c.o
clang -Iapp/a172ced@@dpdk-test@exe -Iapp -I../app -Ilib/cmdline -I../lib/cmdline -I. -I../ -Iconfig -I../config -Ilib/eal/include -I../lib/eal/include -Ilib/eal/linux/include -I../lib/eal/linux/include -Ilib/eal/arm/include -I../lib/eal/arm/include -Ilib/eal/common -I../lib/eal/common -Ilib/eal -I../lib/eal -Ilib/kvargs -I../lib/kvargs -Ilib/log -I../lib/log -Ilib/telemetry/../metrics -I../lib/telemetry/../metrics -Ilib/telemetry -I../lib/telemetry -Ilib/net -I../lib/net -Ilib/mbuf -I../lib/mbuf -Ilib/mempool -I../lib/mempool -Ilib/ring -I../lib/ring -Idrivers/net/ring -I../drivers/net/ring -Ilib/ethdev -I../lib/ethdev -Ilib/meter -I../lib/meter -Idrivers/bus/pci -I../drivers/bus/pci -I../drivers/bus/pci/linux -Ilib/pci -I../lib/pci -Idrivers/bus/vdev -I../drivers/bus/vdev -Ilib/acl -I../lib/acl -Ilib/hash -I../lib/hash -Ilib/rcu -I../lib/rcu -Ilib/metrics -I../lib/metrics -Ilib/bitratestats -I../lib/bitratestats -Ilib/bpf -I../lib/bpf -Ilib/compressdev -I../lib/compressdev -Ilib/cry
ptodev -I../lib/cryptodev -Idrivers/crypto/scheduler -I../drivers/crypto/scheduler -Ilib/reorder -I../lib/reorder -Ilib/security -I../lib/security -Ilib/distributor -I../lib/distributor -Ilib/dmadev -I../lib/dmadev -Ilib/efd -I../lib/efd -Ilib/eventdev -I../lib/eventdev -Ilib/timer -I../lib/timer -Ilib/fib -I../lib/fib -Ilib/rib -I../lib/rib -Ilib/table -I../lib/table -Ilib/port -I../lib/port -Ilib/sched -I../lib/sched -Ilib/ip_frag -I../lib/ip_frag -Ilib/lpm -I../lib/lpm -Ilib/graph -I../lib/graph -Ilib/pcapng -I../lib/pcapng -Ilib/ipsec -I../lib/ipsec -Ilib/latencystats -I../lib/latencystats -Idrivers/net/bonding -I../drivers/net/bonding -Ilib/member -I../lib/member -Ilib/pdcp -I../lib/pdcp -Ilib/pdump -I../lib/pdump -Ilib/power -I../lib/power -Ilib/rawdev -I../lib/rawdev -Ilib/stack -I../lib/stack -Ilib/pipeline -I../lib/pipeline -Xclang -fcolor-diagnostics -pipe -D_FILE_OFFSET_BITS=64 -Wall -Winvalid-pch -Wextra -Werror -std=c11 -O3 -include rte_config.h -Wcast-qual -Wdeprecated
-Wformat -Wformat-nonliteral -Wformat-security -Wmissing-declarations -Wmissing-prototypes -Wnested-externs -Wold-style-definition -Wpointer-arith -Wsign-compare -Wstrict-prototypes -Wundef -Wwrite-strings -Wno-address-of-packed-member -Wno-missing-field-initializers -D_GNU_SOURCE -march=armv8.1-a+crc+crypto -mcpu=thunderx2t99 -DALLOW_EXPERIMENTAL_API -fno-strict-aliasing -DALLOW_INTERNAL_API -MD -MQ 'app/a172ced@@dpdk-test@exe/test_test_cryptodev.c.o' -MF 'app/a172ced@@dpdk-test@exe/test_test_cryptodev.c.o.d' -o 'app/a172ced@@dpdk-test@exe/test_test_cryptodev.c.o' -c ../app/test/test_cryptodev.c
../app/test/test_cryptodev.c:16324:4: error: incompatible function pointer types initializing 'int (*)(const void *)' with an expression of type 'int (void)' [-Wincompatible-function-pointer-types]
test_ipsec_proto_sgl_ext_mbuf),
^~~~~~~~~~~~~~~~~~~~~~~~~~~~~
../app/test/test.h:130:28: note: expanded from macro 'TEST_CASE_NAMED_ST'
{ setup, teardown, NULL, testcase, name, 1, NULL }
^~~~~~~~
1 error generated.
ninja: build stopped: subcommand failed.
==== End log output ====
Ubuntu 20.04 ARM SVE
Kernel: 5.4.0-80-generic
Compiler: gcc 10.3.0 (Ubuntu 10.3.0-1ubuntu1~20.04)
Ubuntu 20.04 (ARM)
Kernel: Container Host Kernel
Compiler: gcc 9.4.0
Fedora 37 (ARM)
Kernel: Depends on container host
Compiler: gcc 12.3.1
Fedora 38 (ARM)
Kernel: Depends on container host
Compiler: gcc 13.1.1
CentOS Stream 9 (ARM)
Kernel: Container Host Kernel
Compiler: gcc 11.3.1
Debian 11 (Buster) (ARM)
Kernel: Container Host Kernel
Compiler: gcc 10.2.1
Ubuntu 20.04 ARM GCC Cross Compile
Kernel: 5.4.0-72-generic
Compiler: aarch64-linux-gnu-gcc (Ubuntu 9.3.0-17ubuntu1~20.04) 9.3.0
Ubuntu 20.04 aarch32 GCC Cross Compile
Kernel: 5.4.0-72-generic
Compiler: gcc 9.3.0
Ubuntu 20.04 ARM Clang Cross Compile
Kernel: 5.4.0-72-generic
Compiler: clang version 10.0.0-4ubuntu1
Fedora 38 (ARM Clang)
Kernel: Depends on container host
Compiler: clang 16.0.3
To view detailed results, visit:
https://lab.dpdk.org/results/dashboard/patchsets/27663/
UNH-IOL DPDK Community Lab
To manage your email subscriptions, visit:
https://lab.dpdk.org/results/dashboard/preferences/subscriptions/
^ permalink raw reply [flat|nested] 31+ messages in thread
* |FAILURE| pw131674 [PATCH] [v3] app/test: add external mbuf IPsec te
@ 2023-09-20 11:40 dpdklab
0 siblings, 0 replies; 31+ messages in thread
From: dpdklab @ 2023-09-20 11:40 UTC (permalink / raw)
To: Test Report; +Cc: dpdk-test-reports, Tejasree Kondoj
Test-Label: iol-unit-amd64-testing
Test-Status: FAILURE
http://dpdk.org/patch/131674
_Testing issues_
Submitter: Tejasree Kondoj <ktejasree@marvell.com>
Date: Wednesday, September 20 2023 07:22:30
DPDK git baseline: Repo:dpdk
Branch: master
CommitID:31e60e81f025e9fffa69b68bffe5cfaa22d5c098
131674 --> testing fail
Test environment and result as below:
+---------------------+----------------+
| Environment | dpdk_unit_test |
+=====================+================+
| Debian Bullseye | FAIL |
+---------------------+----------------+
| CentOS Stream 9 | FAIL |
+---------------------+----------------+
| Debian Buster | FAIL |
+---------------------+----------------+
| Fedora 38 | FAIL |
+---------------------+----------------+
| Windows Server 2019 | PASS |
+---------------------+----------------+
| Fedora 37 | FAIL |
+---------------------+----------------+
| RHEL8 | FAIL |
+---------------------+----------------+
| openSUSE Leap 15 | FAIL |
+---------------------+----------------+
| Ubuntu 20.04 | FAIL |
+---------------------+----------------+
| Ubuntu 22.04 | FAIL |
+---------------------+----------------+
| CentOS Stream 8 | FAIL |
+---------------------+----------------+
==== 20 line log output for CentOS Stream 8 (dpdk_unit_test): ====
[2700/2704] Compiling C object 'app/a172ced@@dpdk-test@exe/test_test_version.c.o'.
[2701/2704] Compiling C object 'app/a172ced@@dpdk-test@exe/test_test_security_inline_proto.c.o'.
[2702/2704] Compiling C object 'app/a172ced@@dpdk-test@exe/test_test_cryptodev.c.o'.
FAILED: app/a172ced@@dpdk-test@exe/test_test_cryptodev.c.o
ccache cc -Iapp/a172ced@@dpdk-test@exe -Iapp -I../app -Ilib/cmdline -I../lib/cmdline -I. -I../ -Iconfig -I../config -Ilib/eal/include -I../lib/eal/include -Ilib/eal/linux/include -I../lib/eal/linux/include -Ilib/eal/x86/include -I../lib/eal/x86/include -Ilib/eal/common -I../lib/eal/common -Ilib/eal -I../lib/eal -Ilib/kvargs -I../lib/kvargs -Ilib/log -I../lib/log -Ilib/telemetry/../metrics -I../lib/telemetry/../metrics -Ilib/telemetry -I../lib/telemetry -Ilib/net -I../lib/net -Ilib/mbuf -I../lib/mbuf -Ilib/mempool -I../lib/mempool -Ilib/ring -I../lib/ring -Idrivers/net/ring -I../drivers/net/ring -Ilib/ethdev -I../lib/ethdev -Ilib/meter -I../lib/meter -Idrivers/bus/pci -I../drivers/bus/pci -I../drivers/bus/pci/linux -Ilib/pci -I../lib/pci -Idrivers/bus/vdev -I../drivers/bus/vdev -Ilib/acl -I../lib/acl -Ilib/hash -I../lib/hash -Ilib/rcu -I../lib/rcu -Ilib/metrics -I../lib/metrics -Ilib/bitratestats -I../lib/bitratestats -Ilib/bpf -I../lib/bpf -Ilib/compressdev -I../lib/compressdev -Ilib
/cryptodev -I../lib/cryptodev -Idrivers/crypto/scheduler -I../drivers/crypto/scheduler -Ilib/reorder -I../lib/reorder -Ilib/security -I../lib/security -Ilib/distributor -I../lib/distributor -Ilib/dmadev -I../lib/dmadev -Ilib/efd -I../lib/efd -Ilib/eventdev -I../lib/eventdev -Ilib/timer -I../lib/timer -Ilib/fib -I../lib/fib -Ilib/rib -I../lib/rib -Ilib/table -I../lib/table -Ilib/port -I../lib/port -Ilib/sched -I../lib/sched -Ilib/ip_frag -I../lib/ip_frag -Ilib/lpm -I../lib/lpm -Ilib/graph -I../lib/graph -Ilib/pcapng -I../lib/pcapng -Ilib/ipsec -I../lib/ipsec -Ilib/latencystats -I../lib/latencystats -Idrivers/net/bonding -I../drivers/net/bonding -Ilib/member -I../lib/member -Ilib/pdcp -I../lib/pdcp -Ilib/pdump -I../lib/pdump -Ilib/power -I../lib/power -Ilib/rawdev -I../lib/rawdev -Ilib/stack -I../lib/stack -Ilib/pipeline -I../lib/pipeline -fdiagnostics-color=always -pipe -D_FILE_OFFSET_BITS=64 -Wall -Winvalid-pch -Wextra -Werror -std=c11 -O3 -include rte_config.h -Wcast-qual -Wdepreca
ted -Wformat -Wformat-nonliteral -Wformat-security -Wmissing-declarations -Wmissing-prototypes -Wnested-externs -Wold-style-definition -Wpointer-arith -Wsign-compare -Wstrict-prototypes -Wundef -Wwrite-strings -Wno-packed-not-aligned -Wno-missing-field-initializers -D_GNU_SOURCE -march=native -mrtm -DALLOW_EXPERIMENTAL_API -Wno-format-truncation -fno-strict-aliasing -DALLOW_INTERNAL_API -MD -MQ 'app/a172ced@@dpdk-test@exe/test_test_cryptodev.c.o' -MF 'app/a172ced@@dpdk-test@exe/test_test_cryptodev.c.o.d' -o 'app/a172ced@@dpdk-test@exe/test_test_cryptodev.c.o' -c ../app/test/test_cryptodev.c
In file included from ../app/test/test_cryptodev.c:32:
../app/test/test_cryptodev.c:16324:4: error: initialization of 'int (*)(const void *)' from incompatible pointer type 'int (*)(void)' [-Werror=incompatible-pointer-types]
test_ipsec_proto_sgl_ext_mbuf),
^~~~~~~~~~~~~~~~~~~~~~~~~~~~~
../app/test/test.h:130:28: note: in definition of macro 'TEST_CASE_NAMED_ST'
{ setup, teardown, NULL, testcase, name, 1, NULL }
^~~~~~~~
../app/test/test_cryptodev.c:16324:4: note: (near initialization for 'ipsec_proto_testsuite.unit_test_cases[90].testcase_with_data')
test_ipsec_proto_sgl_ext_mbuf),
^~~~~~~~~~~~~~~~~~~~~~~~~~~~~
../app/test/test.h:130:28: note: in definition of macro 'TEST_CASE_NAMED_ST'
{ setup, teardown, NULL, testcase, name, 1, NULL }
^~~~~~~~
cc1: all warnings being treated as errors
ninja: build stopped: subcommand failed.
==== End log output ====
Debian Bullseye
Kernel: 5.4.0-122-generic
Compiler: gcc 10.2.1-6
CentOS Stream 9
Kernel: 4.18.0-240.10.1.el8_3.x86_64
Compiler: gcc 11.3.1 20220421
Debian Buster
Kernel: 5.4.0-122-generic
Compiler: gcc 8.3.0-6
Fedora 38
Kernel: Depends on container host
Compiler: gcc 13.1.1
Windows Server 2019
Kernel: 10.0
Compiler: clang 14.0 and gcc 8.1.0 (MinGW)
Fedora 37
Kernel: Depends on container host system
Compiler: gcc 12.3.1
RHEL8
Kernel: 4.18.0-240.10.1.el8_3.x86_64
Compiler: gcc 8.3.1 20191121 (Red Hat 8.3.1-5)
openSUSE Leap 15
Kernel: 4.18.0-240.10.1.el8_3.x86_64
Compiler: gcc 7.5.0
Ubuntu 20.04
Kernel: 5.4.0-153-generic
Compiler: gcc 9.4.0-1ubuntu1~20.04.1
Ubuntu 22.04
Kernel: 4.18.0-240.10.1.el8_3.x86_64
Compiler: gcc 11.3.0
CentOS Stream 8
Kernel: 4.18.0-240.10.1.el8_3.x86_64
Compiler: gcc 8.4.1 20200928
To view detailed results, visit:
https://lab.dpdk.org/results/dashboard/patchsets/27663/
UNH-IOL DPDK Community Lab
To manage your email subscriptions, visit:
https://lab.dpdk.org/results/dashboard/preferences/subscriptions/
^ permalink raw reply [flat|nested] 31+ messages in thread
* |FAILURE| pw131674 [PATCH] [v3] app/test: add external mbuf IPsec te
@ 2023-09-20 11:39 dpdklab
0 siblings, 0 replies; 31+ messages in thread
From: dpdklab @ 2023-09-20 11:39 UTC (permalink / raw)
To: Test Report; +Cc: dpdk-test-reports, Tejasree Kondoj
Test-Label: iol-unit-amd64-testing
Test-Status: FAILURE
http://dpdk.org/patch/131674
_Testing issues_
Submitter: Tejasree Kondoj <ktejasree@marvell.com>
Date: Wednesday, September 20 2023 07:22:30
DPDK git baseline: Repo:dpdk
Branch: master
CommitID:31e60e81f025e9fffa69b68bffe5cfaa22d5c098
131674 --> testing fail
Test environment and result as below:
+---------------------+----------------+
| Environment | dpdk_unit_test |
+=====================+================+
| Debian Bullseye | FAIL |
+---------------------+----------------+
| CentOS Stream 9 | FAIL |
+---------------------+----------------+
| Debian Buster | FAIL |
+---------------------+----------------+
| Fedora 38 | FAIL |
+---------------------+----------------+
| Windows Server 2019 | PASS |
+---------------------+----------------+
| Fedora 37 | FAIL |
+---------------------+----------------+
| RHEL8 | FAIL |
+---------------------+----------------+
| openSUSE Leap 15 | FAIL |
+---------------------+----------------+
| Ubuntu 20.04 | FAIL |
+---------------------+----------------+
| Ubuntu 22.04 | FAIL |
+---------------------+----------------+
| CentOS Stream 8 | FAIL |
+---------------------+----------------+
==== 20 line log output for CentOS Stream 8 (dpdk_unit_test): ====
[2700/2704] Compiling C object 'app/a172ced@@dpdk-test@exe/test_test_version.c.o'.
[2701/2704] Compiling C object 'app/a172ced@@dpdk-test@exe/test_test_security_inline_proto.c.o'.
[2702/2704] Compiling C object 'app/a172ced@@dpdk-test@exe/test_test_cryptodev.c.o'.
FAILED: app/a172ced@@dpdk-test@exe/test_test_cryptodev.c.o
ccache cc -Iapp/a172ced@@dpdk-test@exe -Iapp -I../app -Ilib/cmdline -I../lib/cmdline -I. -I../ -Iconfig -I../config -Ilib/eal/include -I../lib/eal/include -Ilib/eal/linux/include -I../lib/eal/linux/include -Ilib/eal/x86/include -I../lib/eal/x86/include -Ilib/eal/common -I../lib/eal/common -Ilib/eal -I../lib/eal -Ilib/kvargs -I../lib/kvargs -Ilib/log -I../lib/log -Ilib/telemetry/../metrics -I../lib/telemetry/../metrics -Ilib/telemetry -I../lib/telemetry -Ilib/net -I../lib/net -Ilib/mbuf -I../lib/mbuf -Ilib/mempool -I../lib/mempool -Ilib/ring -I../lib/ring -Idrivers/net/ring -I../drivers/net/ring -Ilib/ethdev -I../lib/ethdev -Ilib/meter -I../lib/meter -Idrivers/bus/pci -I../drivers/bus/pci -I../drivers/bus/pci/linux -Ilib/pci -I../lib/pci -Idrivers/bus/vdev -I../drivers/bus/vdev -Ilib/acl -I../lib/acl -Ilib/hash -I../lib/hash -Ilib/rcu -I../lib/rcu -Ilib/metrics -I../lib/metrics -Ilib/bitratestats -I../lib/bitratestats -Ilib/bpf -I../lib/bpf -Ilib/compressdev -I../lib/compressdev -Ilib
/cryptodev -I../lib/cryptodev -Idrivers/crypto/scheduler -I../drivers/crypto/scheduler -Ilib/reorder -I../lib/reorder -Ilib/security -I../lib/security -Ilib/distributor -I../lib/distributor -Ilib/dmadev -I../lib/dmadev -Ilib/efd -I../lib/efd -Ilib/eventdev -I../lib/eventdev -Ilib/timer -I../lib/timer -Ilib/fib -I../lib/fib -Ilib/rib -I../lib/rib -Ilib/table -I../lib/table -Ilib/port -I../lib/port -Ilib/sched -I../lib/sched -Ilib/ip_frag -I../lib/ip_frag -Ilib/lpm -I../lib/lpm -Ilib/graph -I../lib/graph -Ilib/pcapng -I../lib/pcapng -Ilib/ipsec -I../lib/ipsec -Ilib/latencystats -I../lib/latencystats -Idrivers/net/bonding -I../drivers/net/bonding -Ilib/member -I../lib/member -Ilib/pdcp -I../lib/pdcp -Ilib/pdump -I../lib/pdump -Ilib/power -I../lib/power -Ilib/rawdev -I../lib/rawdev -Ilib/stack -I../lib/stack -Ilib/pipeline -I../lib/pipeline -fdiagnostics-color=always -pipe -D_FILE_OFFSET_BITS=64 -Wall -Winvalid-pch -Wextra -Werror -std=c11 -O3 -include rte_config.h -Wcast-qual -Wdepreca
ted -Wformat -Wformat-nonliteral -Wformat-security -Wmissing-declarations -Wmissing-prototypes -Wnested-externs -Wold-style-definition -Wpointer-arith -Wsign-compare -Wstrict-prototypes -Wundef -Wwrite-strings -Wno-packed-not-aligned -Wno-missing-field-initializers -D_GNU_SOURCE -march=native -mrtm -DALLOW_EXPERIMENTAL_API -Wno-format-truncation -fno-strict-aliasing -DALLOW_INTERNAL_API -MD -MQ 'app/a172ced@@dpdk-test@exe/test_test_cryptodev.c.o' -MF 'app/a172ced@@dpdk-test@exe/test_test_cryptodev.c.o.d' -o 'app/a172ced@@dpdk-test@exe/test_test_cryptodev.c.o' -c ../app/test/test_cryptodev.c
In file included from ../app/test/test_cryptodev.c:32:
../app/test/test_cryptodev.c:16324:4: error: initialization of 'int (*)(const void *)' from incompatible pointer type 'int (*)(void)' [-Werror=incompatible-pointer-types]
test_ipsec_proto_sgl_ext_mbuf),
^~~~~~~~~~~~~~~~~~~~~~~~~~~~~
../app/test/test.h:130:28: note: in definition of macro 'TEST_CASE_NAMED_ST'
{ setup, teardown, NULL, testcase, name, 1, NULL }
^~~~~~~~
../app/test/test_cryptodev.c:16324:4: note: (near initialization for 'ipsec_proto_testsuite.unit_test_cases[90].testcase_with_data')
test_ipsec_proto_sgl_ext_mbuf),
^~~~~~~~~~~~~~~~~~~~~~~~~~~~~
../app/test/test.h:130:28: note: in definition of macro 'TEST_CASE_NAMED_ST'
{ setup, teardown, NULL, testcase, name, 1, NULL }
^~~~~~~~
cc1: all warnings being treated as errors
ninja: build stopped: subcommand failed.
==== End log output ====
Debian Bullseye
Kernel: 5.4.0-122-generic
Compiler: gcc 10.2.1-6
CentOS Stream 9
Kernel: 4.18.0-240.10.1.el8_3.x86_64
Compiler: gcc 11.3.1 20220421
Debian Buster
Kernel: 5.4.0-122-generic
Compiler: gcc 8.3.0-6
Fedora 38
Kernel: Depends on container host
Compiler: gcc 13.1.1
Windows Server 2019
Kernel: 10.0
Compiler: clang 14.0 and gcc 8.1.0 (MinGW)
Fedora 37
Kernel: Depends on container host system
Compiler: gcc 12.3.1
RHEL8
Kernel: 4.18.0-240.10.1.el8_3.x86_64
Compiler: gcc 8.3.1 20191121 (Red Hat 8.3.1-5)
openSUSE Leap 15
Kernel: 4.18.0-240.10.1.el8_3.x86_64
Compiler: gcc 7.5.0
Ubuntu 20.04
Kernel: 5.4.0-153-generic
Compiler: gcc 9.4.0-1ubuntu1~20.04.1
Ubuntu 22.04
Kernel: 4.18.0-240.10.1.el8_3.x86_64
Compiler: gcc 11.3.0
CentOS Stream 8
Kernel: 4.18.0-240.10.1.el8_3.x86_64
Compiler: gcc 8.4.1 20200928
To view detailed results, visit:
https://lab.dpdk.org/results/dashboard/patchsets/27663/
UNH-IOL DPDK Community Lab
To manage your email subscriptions, visit:
https://lab.dpdk.org/results/dashboard/preferences/subscriptions/
^ permalink raw reply [flat|nested] 31+ messages in thread
* |FAILURE| pw131674 [PATCH] [v3] app/test: add external mbuf IPsec te
@ 2023-09-20 11:39 dpdklab
0 siblings, 0 replies; 31+ messages in thread
From: dpdklab @ 2023-09-20 11:39 UTC (permalink / raw)
To: Test Report; +Cc: dpdk-test-reports, Tejasree Kondoj
Test-Label: iol-unit-amd64-testing
Test-Status: FAILURE
http://dpdk.org/patch/131674
_Testing issues_
Submitter: Tejasree Kondoj <ktejasree@marvell.com>
Date: Wednesday, September 20 2023 07:22:30
DPDK git baseline: Repo:dpdk
Branch: master
CommitID:31e60e81f025e9fffa69b68bffe5cfaa22d5c098
131674 --> testing fail
Test environment and result as below:
+---------------------+----------------+
| Environment | dpdk_unit_test |
+=====================+================+
| Debian Bullseye | FAIL |
+---------------------+----------------+
| CentOS Stream 9 | FAIL |
+---------------------+----------------+
| Debian Buster | FAIL |
+---------------------+----------------+
| Fedora 38 | FAIL |
+---------------------+----------------+
| Windows Server 2019 | PASS |
+---------------------+----------------+
| Fedora 37 | FAIL |
+---------------------+----------------+
| RHEL8 | FAIL |
+---------------------+----------------+
| openSUSE Leap 15 | FAIL |
+---------------------+----------------+
| Ubuntu 20.04 | FAIL |
+---------------------+----------------+
| Ubuntu 22.04 | FAIL |
+---------------------+----------------+
| CentOS Stream 8 | FAIL |
+---------------------+----------------+
==== 20 line log output for CentOS Stream 8 (dpdk_unit_test): ====
[2700/2704] Compiling C object 'app/a172ced@@dpdk-test@exe/test_test_version.c.o'.
[2701/2704] Compiling C object 'app/a172ced@@dpdk-test@exe/test_test_security_inline_proto.c.o'.
[2702/2704] Compiling C object 'app/a172ced@@dpdk-test@exe/test_test_cryptodev.c.o'.
FAILED: app/a172ced@@dpdk-test@exe/test_test_cryptodev.c.o
ccache cc -Iapp/a172ced@@dpdk-test@exe -Iapp -I../app -Ilib/cmdline -I../lib/cmdline -I. -I../ -Iconfig -I../config -Ilib/eal/include -I../lib/eal/include -Ilib/eal/linux/include -I../lib/eal/linux/include -Ilib/eal/x86/include -I../lib/eal/x86/include -Ilib/eal/common -I../lib/eal/common -Ilib/eal -I../lib/eal -Ilib/kvargs -I../lib/kvargs -Ilib/log -I../lib/log -Ilib/telemetry/../metrics -I../lib/telemetry/../metrics -Ilib/telemetry -I../lib/telemetry -Ilib/net -I../lib/net -Ilib/mbuf -I../lib/mbuf -Ilib/mempool -I../lib/mempool -Ilib/ring -I../lib/ring -Idrivers/net/ring -I../drivers/net/ring -Ilib/ethdev -I../lib/ethdev -Ilib/meter -I../lib/meter -Idrivers/bus/pci -I../drivers/bus/pci -I../drivers/bus/pci/linux -Ilib/pci -I../lib/pci -Idrivers/bus/vdev -I../drivers/bus/vdev -Ilib/acl -I../lib/acl -Ilib/hash -I../lib/hash -Ilib/rcu -I../lib/rcu -Ilib/metrics -I../lib/metrics -Ilib/bitratestats -I../lib/bitratestats -Ilib/bpf -I../lib/bpf -Ilib/compressdev -I../lib/compressdev -Ilib
/cryptodev -I../lib/cryptodev -Idrivers/crypto/scheduler -I../drivers/crypto/scheduler -Ilib/reorder -I../lib/reorder -Ilib/security -I../lib/security -Ilib/distributor -I../lib/distributor -Ilib/dmadev -I../lib/dmadev -Ilib/efd -I../lib/efd -Ilib/eventdev -I../lib/eventdev -Ilib/timer -I../lib/timer -Ilib/fib -I../lib/fib -Ilib/rib -I../lib/rib -Ilib/table -I../lib/table -Ilib/port -I../lib/port -Ilib/sched -I../lib/sched -Ilib/ip_frag -I../lib/ip_frag -Ilib/lpm -I../lib/lpm -Ilib/graph -I../lib/graph -Ilib/pcapng -I../lib/pcapng -Ilib/ipsec -I../lib/ipsec -Ilib/latencystats -I../lib/latencystats -Idrivers/net/bonding -I../drivers/net/bonding -Ilib/member -I../lib/member -Ilib/pdcp -I../lib/pdcp -Ilib/pdump -I../lib/pdump -Ilib/power -I../lib/power -Ilib/rawdev -I../lib/rawdev -Ilib/stack -I../lib/stack -Ilib/pipeline -I../lib/pipeline -fdiagnostics-color=always -pipe -D_FILE_OFFSET_BITS=64 -Wall -Winvalid-pch -Wextra -Werror -std=c11 -O3 -include rte_config.h -Wcast-qual -Wdepreca
ted -Wformat -Wformat-nonliteral -Wformat-security -Wmissing-declarations -Wmissing-prototypes -Wnested-externs -Wold-style-definition -Wpointer-arith -Wsign-compare -Wstrict-prototypes -Wundef -Wwrite-strings -Wno-packed-not-aligned -Wno-missing-field-initializers -D_GNU_SOURCE -march=native -mrtm -DALLOW_EXPERIMENTAL_API -Wno-format-truncation -fno-strict-aliasing -DALLOW_INTERNAL_API -MD -MQ 'app/a172ced@@dpdk-test@exe/test_test_cryptodev.c.o' -MF 'app/a172ced@@dpdk-test@exe/test_test_cryptodev.c.o.d' -o 'app/a172ced@@dpdk-test@exe/test_test_cryptodev.c.o' -c ../app/test/test_cryptodev.c
In file included from ../app/test/test_cryptodev.c:32:
../app/test/test_cryptodev.c:16324:4: error: initialization of 'int (*)(const void *)' from incompatible pointer type 'int (*)(void)' [-Werror=incompatible-pointer-types]
test_ipsec_proto_sgl_ext_mbuf),
^~~~~~~~~~~~~~~~~~~~~~~~~~~~~
../app/test/test.h:130:28: note: in definition of macro 'TEST_CASE_NAMED_ST'
{ setup, teardown, NULL, testcase, name, 1, NULL }
^~~~~~~~
../app/test/test_cryptodev.c:16324:4: note: (near initialization for 'ipsec_proto_testsuite.unit_test_cases[90].testcase_with_data')
test_ipsec_proto_sgl_ext_mbuf),
^~~~~~~~~~~~~~~~~~~~~~~~~~~~~
../app/test/test.h:130:28: note: in definition of macro 'TEST_CASE_NAMED_ST'
{ setup, teardown, NULL, testcase, name, 1, NULL }
^~~~~~~~
cc1: all warnings being treated as errors
ninja: build stopped: subcommand failed.
==== End log output ====
Debian Bullseye
Kernel: 5.4.0-122-generic
Compiler: gcc 10.2.1-6
CentOS Stream 9
Kernel: 4.18.0-240.10.1.el8_3.x86_64
Compiler: gcc 11.3.1 20220421
Debian Buster
Kernel: 5.4.0-122-generic
Compiler: gcc 8.3.0-6
Fedora 38
Kernel: Depends on container host
Compiler: gcc 13.1.1
Windows Server 2019
Kernel: 10.0
Compiler: clang 14.0 and gcc 8.1.0 (MinGW)
Fedora 37
Kernel: Depends on container host system
Compiler: gcc 12.3.1
RHEL8
Kernel: 4.18.0-240.10.1.el8_3.x86_64
Compiler: gcc 8.3.1 20191121 (Red Hat 8.3.1-5)
openSUSE Leap 15
Kernel: 4.18.0-240.10.1.el8_3.x86_64
Compiler: gcc 7.5.0
Ubuntu 20.04
Kernel: 5.4.0-153-generic
Compiler: gcc 9.4.0-1ubuntu1~20.04.1
Ubuntu 22.04
Kernel: 4.18.0-240.10.1.el8_3.x86_64
Compiler: gcc 11.3.0
CentOS Stream 8
Kernel: 4.18.0-240.10.1.el8_3.x86_64
Compiler: gcc 8.4.1 20200928
To view detailed results, visit:
https://lab.dpdk.org/results/dashboard/patchsets/27663/
UNH-IOL DPDK Community Lab
To manage your email subscriptions, visit:
https://lab.dpdk.org/results/dashboard/preferences/subscriptions/
^ permalink raw reply [flat|nested] 31+ messages in thread
* |FAILURE| pw131674 [PATCH] [v3] app/test: add external mbuf IPsec te
@ 2023-09-20 11:36 dpdklab
0 siblings, 0 replies; 31+ messages in thread
From: dpdklab @ 2023-09-20 11:36 UTC (permalink / raw)
To: Test Report; +Cc: dpdk-test-reports, Tejasree Kondoj
Test-Label: iol-unit-amd64-testing
Test-Status: FAILURE
http://dpdk.org/patch/131674
_Testing issues_
Submitter: Tejasree Kondoj <ktejasree@marvell.com>
Date: Wednesday, September 20 2023 07:22:30
DPDK git baseline: Repo:dpdk
Branch: master
CommitID:31e60e81f025e9fffa69b68bffe5cfaa22d5c098
131674 --> testing fail
Test environment and result as below:
+---------------------+----------------+
| Environment | dpdk_unit_test |
+=====================+================+
| Debian Bullseye | FAIL |
+---------------------+----------------+
| CentOS Stream 9 | FAIL |
+---------------------+----------------+
| Debian Buster | FAIL |
+---------------------+----------------+
| Fedora 38 | FAIL |
+---------------------+----------------+
| Windows Server 2019 | PASS |
+---------------------+----------------+
| Fedora 37 | FAIL |
+---------------------+----------------+
| RHEL8 | FAIL |
+---------------------+----------------+
| openSUSE Leap 15 | FAIL |
+---------------------+----------------+
| Ubuntu 20.04 | FAIL |
+---------------------+----------------+
| Ubuntu 22.04 | FAIL |
+---------------------+----------------+
| CentOS Stream 8 | FAIL |
+---------------------+----------------+
==== 20 line log output for CentOS Stream 8 (dpdk_unit_test): ====
[2700/2704] Compiling C object 'app/a172ced@@dpdk-test@exe/test_test_version.c.o'.
[2701/2704] Compiling C object 'app/a172ced@@dpdk-test@exe/test_test_security_inline_proto.c.o'.
[2702/2704] Compiling C object 'app/a172ced@@dpdk-test@exe/test_test_cryptodev.c.o'.
FAILED: app/a172ced@@dpdk-test@exe/test_test_cryptodev.c.o
ccache cc -Iapp/a172ced@@dpdk-test@exe -Iapp -I../app -Ilib/cmdline -I../lib/cmdline -I. -I../ -Iconfig -I../config -Ilib/eal/include -I../lib/eal/include -Ilib/eal/linux/include -I../lib/eal/linux/include -Ilib/eal/x86/include -I../lib/eal/x86/include -Ilib/eal/common -I../lib/eal/common -Ilib/eal -I../lib/eal -Ilib/kvargs -I../lib/kvargs -Ilib/log -I../lib/log -Ilib/telemetry/../metrics -I../lib/telemetry/../metrics -Ilib/telemetry -I../lib/telemetry -Ilib/net -I../lib/net -Ilib/mbuf -I../lib/mbuf -Ilib/mempool -I../lib/mempool -Ilib/ring -I../lib/ring -Idrivers/net/ring -I../drivers/net/ring -Ilib/ethdev -I../lib/ethdev -Ilib/meter -I../lib/meter -Idrivers/bus/pci -I../drivers/bus/pci -I../drivers/bus/pci/linux -Ilib/pci -I../lib/pci -Idrivers/bus/vdev -I../drivers/bus/vdev -Ilib/acl -I../lib/acl -Ilib/hash -I../lib/hash -Ilib/rcu -I../lib/rcu -Ilib/metrics -I../lib/metrics -Ilib/bitratestats -I../lib/bitratestats -Ilib/bpf -I../lib/bpf -Ilib/compressdev -I../lib/compressdev -Ilib
/cryptodev -I../lib/cryptodev -Idrivers/crypto/scheduler -I../drivers/crypto/scheduler -Ilib/reorder -I../lib/reorder -Ilib/security -I../lib/security -Ilib/distributor -I../lib/distributor -Ilib/dmadev -I../lib/dmadev -Ilib/efd -I../lib/efd -Ilib/eventdev -I../lib/eventdev -Ilib/timer -I../lib/timer -Ilib/fib -I../lib/fib -Ilib/rib -I../lib/rib -Ilib/table -I../lib/table -Ilib/port -I../lib/port -Ilib/sched -I../lib/sched -Ilib/ip_frag -I../lib/ip_frag -Ilib/lpm -I../lib/lpm -Ilib/graph -I../lib/graph -Ilib/pcapng -I../lib/pcapng -Ilib/ipsec -I../lib/ipsec -Ilib/latencystats -I../lib/latencystats -Idrivers/net/bonding -I../drivers/net/bonding -Ilib/member -I../lib/member -Ilib/pdcp -I../lib/pdcp -Ilib/pdump -I../lib/pdump -Ilib/power -I../lib/power -Ilib/rawdev -I../lib/rawdev -Ilib/stack -I../lib/stack -Ilib/pipeline -I../lib/pipeline -fdiagnostics-color=always -pipe -D_FILE_OFFSET_BITS=64 -Wall -Winvalid-pch -Wextra -Werror -std=c11 -O3 -include rte_config.h -Wcast-qual -Wdepreca
ted -Wformat -Wformat-nonliteral -Wformat-security -Wmissing-declarations -Wmissing-prototypes -Wnested-externs -Wold-style-definition -Wpointer-arith -Wsign-compare -Wstrict-prototypes -Wundef -Wwrite-strings -Wno-packed-not-aligned -Wno-missing-field-initializers -D_GNU_SOURCE -march=native -mrtm -DALLOW_EXPERIMENTAL_API -Wno-format-truncation -fno-strict-aliasing -DALLOW_INTERNAL_API -MD -MQ 'app/a172ced@@dpdk-test@exe/test_test_cryptodev.c.o' -MF 'app/a172ced@@dpdk-test@exe/test_test_cryptodev.c.o.d' -o 'app/a172ced@@dpdk-test@exe/test_test_cryptodev.c.o' -c ../app/test/test_cryptodev.c
In file included from ../app/test/test_cryptodev.c:32:
../app/test/test_cryptodev.c:16324:4: error: initialization of 'int (*)(const void *)' from incompatible pointer type 'int (*)(void)' [-Werror=incompatible-pointer-types]
test_ipsec_proto_sgl_ext_mbuf),
^~~~~~~~~~~~~~~~~~~~~~~~~~~~~
../app/test/test.h:130:28: note: in definition of macro 'TEST_CASE_NAMED_ST'
{ setup, teardown, NULL, testcase, name, 1, NULL }
^~~~~~~~
../app/test/test_cryptodev.c:16324:4: note: (near initialization for 'ipsec_proto_testsuite.unit_test_cases[90].testcase_with_data')
test_ipsec_proto_sgl_ext_mbuf),
^~~~~~~~~~~~~~~~~~~~~~~~~~~~~
../app/test/test.h:130:28: note: in definition of macro 'TEST_CASE_NAMED_ST'
{ setup, teardown, NULL, testcase, name, 1, NULL }
^~~~~~~~
cc1: all warnings being treated as errors
ninja: build stopped: subcommand failed.
==== End log output ====
Debian Bullseye
Kernel: 5.4.0-122-generic
Compiler: gcc 10.2.1-6
CentOS Stream 9
Kernel: 4.18.0-240.10.1.el8_3.x86_64
Compiler: gcc 11.3.1 20220421
Debian Buster
Kernel: 5.4.0-122-generic
Compiler: gcc 8.3.0-6
Fedora 38
Kernel: Depends on container host
Compiler: gcc 13.1.1
Windows Server 2019
Kernel: 10.0
Compiler: clang 14.0 and gcc 8.1.0 (MinGW)
Fedora 37
Kernel: Depends on container host system
Compiler: gcc 12.3.1
RHEL8
Kernel: 4.18.0-240.10.1.el8_3.x86_64
Compiler: gcc 8.3.1 20191121 (Red Hat 8.3.1-5)
openSUSE Leap 15
Kernel: 4.18.0-240.10.1.el8_3.x86_64
Compiler: gcc 7.5.0
Ubuntu 20.04
Kernel: 5.4.0-153-generic
Compiler: gcc 9.4.0-1ubuntu1~20.04.1
Ubuntu 22.04
Kernel: 4.18.0-240.10.1.el8_3.x86_64
Compiler: gcc 11.3.0
CentOS Stream 8
Kernel: 4.18.0-240.10.1.el8_3.x86_64
Compiler: gcc 8.4.1 20200928
To view detailed results, visit:
https://lab.dpdk.org/results/dashboard/patchsets/27663/
UNH-IOL DPDK Community Lab
To manage your email subscriptions, visit:
https://lab.dpdk.org/results/dashboard/preferences/subscriptions/
^ permalink raw reply [flat|nested] 31+ messages in thread
* |FAILURE| pw131674 [PATCH] [v3] app/test: add external mbuf IPsec te
@ 2023-09-20 11:34 dpdklab
0 siblings, 0 replies; 31+ messages in thread
From: dpdklab @ 2023-09-20 11:34 UTC (permalink / raw)
To: Test Report; +Cc: dpdk-test-reports, Tejasree Kondoj
Test-Label: iol-unit-amd64-testing
Test-Status: FAILURE
http://dpdk.org/patch/131674
_Testing issues_
Submitter: Tejasree Kondoj <ktejasree@marvell.com>
Date: Wednesday, September 20 2023 07:22:30
DPDK git baseline: Repo:dpdk
Branch: master
CommitID:31e60e81f025e9fffa69b68bffe5cfaa22d5c098
131674 --> testing fail
Test environment and result as below:
+---------------------+----------------+
| Environment | dpdk_unit_test |
+=====================+================+
| Debian Bullseye | FAIL |
+---------------------+----------------+
| CentOS Stream 9 | FAIL |
+---------------------+----------------+
| Debian Buster | FAIL |
+---------------------+----------------+
| Fedora 38 | FAIL |
+---------------------+----------------+
| Windows Server 2019 | PASS |
+---------------------+----------------+
| Fedora 37 | FAIL |
+---------------------+----------------+
| RHEL8 | FAIL |
+---------------------+----------------+
| openSUSE Leap 15 | FAIL |
+---------------------+----------------+
| Ubuntu 20.04 | FAIL |
+---------------------+----------------+
| Ubuntu 22.04 | FAIL |
+---------------------+----------------+
| CentOS Stream 8 | FAIL |
+---------------------+----------------+
==== 20 line log output for CentOS Stream 8 (dpdk_unit_test): ====
[2700/2704] Compiling C object 'app/a172ced@@dpdk-test@exe/test_test_version.c.o'.
[2701/2704] Compiling C object 'app/a172ced@@dpdk-test@exe/test_test_security_inline_proto.c.o'.
[2702/2704] Compiling C object 'app/a172ced@@dpdk-test@exe/test_test_cryptodev.c.o'.
FAILED: app/a172ced@@dpdk-test@exe/test_test_cryptodev.c.o
ccache cc -Iapp/a172ced@@dpdk-test@exe -Iapp -I../app -Ilib/cmdline -I../lib/cmdline -I. -I../ -Iconfig -I../config -Ilib/eal/include -I../lib/eal/include -Ilib/eal/linux/include -I../lib/eal/linux/include -Ilib/eal/x86/include -I../lib/eal/x86/include -Ilib/eal/common -I../lib/eal/common -Ilib/eal -I../lib/eal -Ilib/kvargs -I../lib/kvargs -Ilib/log -I../lib/log -Ilib/telemetry/../metrics -I../lib/telemetry/../metrics -Ilib/telemetry -I../lib/telemetry -Ilib/net -I../lib/net -Ilib/mbuf -I../lib/mbuf -Ilib/mempool -I../lib/mempool -Ilib/ring -I../lib/ring -Idrivers/net/ring -I../drivers/net/ring -Ilib/ethdev -I../lib/ethdev -Ilib/meter -I../lib/meter -Idrivers/bus/pci -I../drivers/bus/pci -I../drivers/bus/pci/linux -Ilib/pci -I../lib/pci -Idrivers/bus/vdev -I../drivers/bus/vdev -Ilib/acl -I../lib/acl -Ilib/hash -I../lib/hash -Ilib/rcu -I../lib/rcu -Ilib/metrics -I../lib/metrics -Ilib/bitratestats -I../lib/bitratestats -Ilib/bpf -I../lib/bpf -Ilib/compressdev -I../lib/compressdev -Ilib
/cryptodev -I../lib/cryptodev -Idrivers/crypto/scheduler -I../drivers/crypto/scheduler -Ilib/reorder -I../lib/reorder -Ilib/security -I../lib/security -Ilib/distributor -I../lib/distributor -Ilib/dmadev -I../lib/dmadev -Ilib/efd -I../lib/efd -Ilib/eventdev -I../lib/eventdev -Ilib/timer -I../lib/timer -Ilib/fib -I../lib/fib -Ilib/rib -I../lib/rib -Ilib/table -I../lib/table -Ilib/port -I../lib/port -Ilib/sched -I../lib/sched -Ilib/ip_frag -I../lib/ip_frag -Ilib/lpm -I../lib/lpm -Ilib/graph -I../lib/graph -Ilib/pcapng -I../lib/pcapng -Ilib/ipsec -I../lib/ipsec -Ilib/latencystats -I../lib/latencystats -Idrivers/net/bonding -I../drivers/net/bonding -Ilib/member -I../lib/member -Ilib/pdcp -I../lib/pdcp -Ilib/pdump -I../lib/pdump -Ilib/power -I../lib/power -Ilib/rawdev -I../lib/rawdev -Ilib/stack -I../lib/stack -Ilib/pipeline -I../lib/pipeline -fdiagnostics-color=always -pipe -D_FILE_OFFSET_BITS=64 -Wall -Winvalid-pch -Wextra -Werror -std=c11 -O3 -include rte_config.h -Wcast-qual -Wdepreca
ted -Wformat -Wformat-nonliteral -Wformat-security -Wmissing-declarations -Wmissing-prototypes -Wnested-externs -Wold-style-definition -Wpointer-arith -Wsign-compare -Wstrict-prototypes -Wundef -Wwrite-strings -Wno-packed-not-aligned -Wno-missing-field-initializers -D_GNU_SOURCE -march=native -mrtm -DALLOW_EXPERIMENTAL_API -Wno-format-truncation -fno-strict-aliasing -DALLOW_INTERNAL_API -MD -MQ 'app/a172ced@@dpdk-test@exe/test_test_cryptodev.c.o' -MF 'app/a172ced@@dpdk-test@exe/test_test_cryptodev.c.o.d' -o 'app/a172ced@@dpdk-test@exe/test_test_cryptodev.c.o' -c ../app/test/test_cryptodev.c
In file included from ../app/test/test_cryptodev.c:32:
../app/test/test_cryptodev.c:16324:4: error: initialization of 'int (*)(const void *)' from incompatible pointer type 'int (*)(void)' [-Werror=incompatible-pointer-types]
test_ipsec_proto_sgl_ext_mbuf),
^~~~~~~~~~~~~~~~~~~~~~~~~~~~~
../app/test/test.h:130:28: note: in definition of macro 'TEST_CASE_NAMED_ST'
{ setup, teardown, NULL, testcase, name, 1, NULL }
^~~~~~~~
../app/test/test_cryptodev.c:16324:4: note: (near initialization for 'ipsec_proto_testsuite.unit_test_cases[90].testcase_with_data')
test_ipsec_proto_sgl_ext_mbuf),
^~~~~~~~~~~~~~~~~~~~~~~~~~~~~
../app/test/test.h:130:28: note: in definition of macro 'TEST_CASE_NAMED_ST'
{ setup, teardown, NULL, testcase, name, 1, NULL }
^~~~~~~~
cc1: all warnings being treated as errors
ninja: build stopped: subcommand failed.
==== End log output ====
Debian Bullseye
Kernel: 5.4.0-122-generic
Compiler: gcc 10.2.1-6
CentOS Stream 9
Kernel: 4.18.0-240.10.1.el8_3.x86_64
Compiler: gcc 11.3.1 20220421
Debian Buster
Kernel: 5.4.0-122-generic
Compiler: gcc 8.3.0-6
Fedora 38
Kernel: Depends on container host
Compiler: gcc 13.1.1
Windows Server 2019
Kernel: 10.0
Compiler: clang 14.0 and gcc 8.1.0 (MinGW)
Fedora 37
Kernel: Depends on container host system
Compiler: gcc 12.3.1
RHEL8
Kernel: 4.18.0-240.10.1.el8_3.x86_64
Compiler: gcc 8.3.1 20191121 (Red Hat 8.3.1-5)
openSUSE Leap 15
Kernel: 4.18.0-240.10.1.el8_3.x86_64
Compiler: gcc 7.5.0
Ubuntu 20.04
Kernel: 5.4.0-153-generic
Compiler: gcc 9.4.0-1ubuntu1~20.04.1
Ubuntu 22.04
Kernel: 4.18.0-240.10.1.el8_3.x86_64
Compiler: gcc 11.3.0
CentOS Stream 8
Kernel: 4.18.0-240.10.1.el8_3.x86_64
Compiler: gcc 8.4.1 20200928
To view detailed results, visit:
https://lab.dpdk.org/results/dashboard/patchsets/27663/
UNH-IOL DPDK Community Lab
To manage your email subscriptions, visit:
https://lab.dpdk.org/results/dashboard/preferences/subscriptions/
^ permalink raw reply [flat|nested] 31+ messages in thread
* |FAILURE| pw131674 [PATCH] [v3] app/test: add external mbuf IPsec te
@ 2023-09-20 11:32 dpdklab
0 siblings, 0 replies; 31+ messages in thread
From: dpdklab @ 2023-09-20 11:32 UTC (permalink / raw)
To: Test Report; +Cc: dpdk-test-reports, Tejasree Kondoj
Test-Label: iol-unit-amd64-testing
Test-Status: FAILURE
http://dpdk.org/patch/131674
_Testing issues_
Submitter: Tejasree Kondoj <ktejasree@marvell.com>
Date: Wednesday, September 20 2023 07:22:30
DPDK git baseline: Repo:dpdk
Branch: master
CommitID:31e60e81f025e9fffa69b68bffe5cfaa22d5c098
131674 --> testing fail
Test environment and result as below:
+---------------------+----------------+
| Environment | dpdk_unit_test |
+=====================+================+
| Debian Bullseye | FAIL |
+---------------------+----------------+
| CentOS Stream 9 | FAIL |
+---------------------+----------------+
| Debian Buster | FAIL |
+---------------------+----------------+
| Fedora 38 | FAIL |
+---------------------+----------------+
| Windows Server 2019 | PASS |
+---------------------+----------------+
| Fedora 37 | FAIL |
+---------------------+----------------+
| RHEL8 | FAIL |
+---------------------+----------------+
| openSUSE Leap 15 | FAIL |
+---------------------+----------------+
| Ubuntu 20.04 | FAIL |
+---------------------+----------------+
| Ubuntu 22.04 | FAIL |
+---------------------+----------------+
| CentOS Stream 8 | FAIL |
+---------------------+----------------+
==== 20 line log output for CentOS Stream 8 (dpdk_unit_test): ====
[2700/2704] Compiling C object 'app/a172ced@@dpdk-test@exe/test_test_version.c.o'.
[2701/2704] Compiling C object 'app/a172ced@@dpdk-test@exe/test_test_security_inline_proto.c.o'.
[2702/2704] Compiling C object 'app/a172ced@@dpdk-test@exe/test_test_cryptodev.c.o'.
FAILED: app/a172ced@@dpdk-test@exe/test_test_cryptodev.c.o
ccache cc -Iapp/a172ced@@dpdk-test@exe -Iapp -I../app -Ilib/cmdline -I../lib/cmdline -I. -I../ -Iconfig -I../config -Ilib/eal/include -I../lib/eal/include -Ilib/eal/linux/include -I../lib/eal/linux/include -Ilib/eal/x86/include -I../lib/eal/x86/include -Ilib/eal/common -I../lib/eal/common -Ilib/eal -I../lib/eal -Ilib/kvargs -I../lib/kvargs -Ilib/log -I../lib/log -Ilib/telemetry/../metrics -I../lib/telemetry/../metrics -Ilib/telemetry -I../lib/telemetry -Ilib/net -I../lib/net -Ilib/mbuf -I../lib/mbuf -Ilib/mempool -I../lib/mempool -Ilib/ring -I../lib/ring -Idrivers/net/ring -I../drivers/net/ring -Ilib/ethdev -I../lib/ethdev -Ilib/meter -I../lib/meter -Idrivers/bus/pci -I../drivers/bus/pci -I../drivers/bus/pci/linux -Ilib/pci -I../lib/pci -Idrivers/bus/vdev -I../drivers/bus/vdev -Ilib/acl -I../lib/acl -Ilib/hash -I../lib/hash -Ilib/rcu -I../lib/rcu -Ilib/metrics -I../lib/metrics -Ilib/bitratestats -I../lib/bitratestats -Ilib/bpf -I../lib/bpf -Ilib/compressdev -I../lib/compressdev -Ilib
/cryptodev -I../lib/cryptodev -Idrivers/crypto/scheduler -I../drivers/crypto/scheduler -Ilib/reorder -I../lib/reorder -Ilib/security -I../lib/security -Ilib/distributor -I../lib/distributor -Ilib/dmadev -I../lib/dmadev -Ilib/efd -I../lib/efd -Ilib/eventdev -I../lib/eventdev -Ilib/timer -I../lib/timer -Ilib/fib -I../lib/fib -Ilib/rib -I../lib/rib -Ilib/table -I../lib/table -Ilib/port -I../lib/port -Ilib/sched -I../lib/sched -Ilib/ip_frag -I../lib/ip_frag -Ilib/lpm -I../lib/lpm -Ilib/graph -I../lib/graph -Ilib/pcapng -I../lib/pcapng -Ilib/ipsec -I../lib/ipsec -Ilib/latencystats -I../lib/latencystats -Idrivers/net/bonding -I../drivers/net/bonding -Ilib/member -I../lib/member -Ilib/pdcp -I../lib/pdcp -Ilib/pdump -I../lib/pdump -Ilib/power -I../lib/power -Ilib/rawdev -I../lib/rawdev -Ilib/stack -I../lib/stack -Ilib/pipeline -I../lib/pipeline -fdiagnostics-color=always -pipe -D_FILE_OFFSET_BITS=64 -Wall -Winvalid-pch -Wextra -Werror -std=c11 -O3 -include rte_config.h -Wcast-qual -Wdepreca
ted -Wformat -Wformat-nonliteral -Wformat-security -Wmissing-declarations -Wmissing-prototypes -Wnested-externs -Wold-style-definition -Wpointer-arith -Wsign-compare -Wstrict-prototypes -Wundef -Wwrite-strings -Wno-packed-not-aligned -Wno-missing-field-initializers -D_GNU_SOURCE -march=native -mrtm -DALLOW_EXPERIMENTAL_API -Wno-format-truncation -fno-strict-aliasing -DALLOW_INTERNAL_API -MD -MQ 'app/a172ced@@dpdk-test@exe/test_test_cryptodev.c.o' -MF 'app/a172ced@@dpdk-test@exe/test_test_cryptodev.c.o.d' -o 'app/a172ced@@dpdk-test@exe/test_test_cryptodev.c.o' -c ../app/test/test_cryptodev.c
In file included from ../app/test/test_cryptodev.c:32:
../app/test/test_cryptodev.c:16324:4: error: initialization of 'int (*)(const void *)' from incompatible pointer type 'int (*)(void)' [-Werror=incompatible-pointer-types]
test_ipsec_proto_sgl_ext_mbuf),
^~~~~~~~~~~~~~~~~~~~~~~~~~~~~
../app/test/test.h:130:28: note: in definition of macro 'TEST_CASE_NAMED_ST'
{ setup, teardown, NULL, testcase, name, 1, NULL }
^~~~~~~~
../app/test/test_cryptodev.c:16324:4: note: (near initialization for 'ipsec_proto_testsuite.unit_test_cases[90].testcase_with_data')
test_ipsec_proto_sgl_ext_mbuf),
^~~~~~~~~~~~~~~~~~~~~~~~~~~~~
../app/test/test.h:130:28: note: in definition of macro 'TEST_CASE_NAMED_ST'
{ setup, teardown, NULL, testcase, name, 1, NULL }
^~~~~~~~
cc1: all warnings being treated as errors
ninja: build stopped: subcommand failed.
==== End log output ====
Debian Bullseye
Kernel: 5.4.0-122-generic
Compiler: gcc 10.2.1-6
CentOS Stream 9
Kernel: 4.18.0-240.10.1.el8_3.x86_64
Compiler: gcc 11.3.1 20220421
Debian Buster
Kernel: 5.4.0-122-generic
Compiler: gcc 8.3.0-6
Fedora 38
Kernel: Depends on container host
Compiler: gcc 13.1.1
Windows Server 2019
Kernel: 10.0
Compiler: clang 14.0 and gcc 8.1.0 (MinGW)
Fedora 37
Kernel: Depends on container host system
Compiler: gcc 12.3.1
RHEL8
Kernel: 4.18.0-240.10.1.el8_3.x86_64
Compiler: gcc 8.3.1 20191121 (Red Hat 8.3.1-5)
openSUSE Leap 15
Kernel: 4.18.0-240.10.1.el8_3.x86_64
Compiler: gcc 7.5.0
Ubuntu 20.04
Kernel: 5.4.0-153-generic
Compiler: gcc 9.4.0-1ubuntu1~20.04.1
Ubuntu 22.04
Kernel: 4.18.0-240.10.1.el8_3.x86_64
Compiler: gcc 11.3.0
CentOS Stream 8
Kernel: 4.18.0-240.10.1.el8_3.x86_64
Compiler: gcc 8.4.1 20200928
To view detailed results, visit:
https://lab.dpdk.org/results/dashboard/patchsets/27663/
UNH-IOL DPDK Community Lab
To manage your email subscriptions, visit:
https://lab.dpdk.org/results/dashboard/preferences/subscriptions/
^ permalink raw reply [flat|nested] 31+ messages in thread
* |FAILURE| pw131674 [PATCH] [v3] app/test: add external mbuf IPsec te
@ 2023-09-20 11:32 dpdklab
0 siblings, 0 replies; 31+ messages in thread
From: dpdklab @ 2023-09-20 11:32 UTC (permalink / raw)
To: Test Report; +Cc: dpdk-test-reports, Tejasree Kondoj
Test-Label: iol-unit-amd64-testing
Test-Status: FAILURE
http://dpdk.org/patch/131674
_Testing issues_
Submitter: Tejasree Kondoj <ktejasree@marvell.com>
Date: Wednesday, September 20 2023 07:22:30
DPDK git baseline: Repo:dpdk
Branch: master
CommitID:31e60e81f025e9fffa69b68bffe5cfaa22d5c098
131674 --> testing fail
Test environment and result as below:
+---------------------+----------------+
| Environment | dpdk_unit_test |
+=====================+================+
| Debian Bullseye | FAIL |
+---------------------+----------------+
| CentOS Stream 9 | FAIL |
+---------------------+----------------+
| Debian Buster | FAIL |
+---------------------+----------------+
| Fedora 38 | FAIL |
+---------------------+----------------+
| Windows Server 2019 | PASS |
+---------------------+----------------+
| Fedora 37 | FAIL |
+---------------------+----------------+
| RHEL8 | FAIL |
+---------------------+----------------+
| openSUSE Leap 15 | FAIL |
+---------------------+----------------+
| Ubuntu 20.04 | FAIL |
+---------------------+----------------+
| Ubuntu 22.04 | FAIL |
+---------------------+----------------+
| CentOS Stream 8 | FAIL |
+---------------------+----------------+
==== 20 line log output for CentOS Stream 8 (dpdk_unit_test): ====
[2700/2704] Compiling C object 'app/a172ced@@dpdk-test@exe/test_test_version.c.o'.
[2701/2704] Compiling C object 'app/a172ced@@dpdk-test@exe/test_test_security_inline_proto.c.o'.
[2702/2704] Compiling C object 'app/a172ced@@dpdk-test@exe/test_test_cryptodev.c.o'.
FAILED: app/a172ced@@dpdk-test@exe/test_test_cryptodev.c.o
ccache cc -Iapp/a172ced@@dpdk-test@exe -Iapp -I../app -Ilib/cmdline -I../lib/cmdline -I. -I../ -Iconfig -I../config -Ilib/eal/include -I../lib/eal/include -Ilib/eal/linux/include -I../lib/eal/linux/include -Ilib/eal/x86/include -I../lib/eal/x86/include -Ilib/eal/common -I../lib/eal/common -Ilib/eal -I../lib/eal -Ilib/kvargs -I../lib/kvargs -Ilib/log -I../lib/log -Ilib/telemetry/../metrics -I../lib/telemetry/../metrics -Ilib/telemetry -I../lib/telemetry -Ilib/net -I../lib/net -Ilib/mbuf -I../lib/mbuf -Ilib/mempool -I../lib/mempool -Ilib/ring -I../lib/ring -Idrivers/net/ring -I../drivers/net/ring -Ilib/ethdev -I../lib/ethdev -Ilib/meter -I../lib/meter -Idrivers/bus/pci -I../drivers/bus/pci -I../drivers/bus/pci/linux -Ilib/pci -I../lib/pci -Idrivers/bus/vdev -I../drivers/bus/vdev -Ilib/acl -I../lib/acl -Ilib/hash -I../lib/hash -Ilib/rcu -I../lib/rcu -Ilib/metrics -I../lib/metrics -Ilib/bitratestats -I../lib/bitratestats -Ilib/bpf -I../lib/bpf -Ilib/compressdev -I../lib/compressdev -Ilib
/cryptodev -I../lib/cryptodev -Idrivers/crypto/scheduler -I../drivers/crypto/scheduler -Ilib/reorder -I../lib/reorder -Ilib/security -I../lib/security -Ilib/distributor -I../lib/distributor -Ilib/dmadev -I../lib/dmadev -Ilib/efd -I../lib/efd -Ilib/eventdev -I../lib/eventdev -Ilib/timer -I../lib/timer -Ilib/fib -I../lib/fib -Ilib/rib -I../lib/rib -Ilib/table -I../lib/table -Ilib/port -I../lib/port -Ilib/sched -I../lib/sched -Ilib/ip_frag -I../lib/ip_frag -Ilib/lpm -I../lib/lpm -Ilib/graph -I../lib/graph -Ilib/pcapng -I../lib/pcapng -Ilib/ipsec -I../lib/ipsec -Ilib/latencystats -I../lib/latencystats -Idrivers/net/bonding -I../drivers/net/bonding -Ilib/member -I../lib/member -Ilib/pdcp -I../lib/pdcp -Ilib/pdump -I../lib/pdump -Ilib/power -I../lib/power -Ilib/rawdev -I../lib/rawdev -Ilib/stack -I../lib/stack -Ilib/pipeline -I../lib/pipeline -fdiagnostics-color=always -pipe -D_FILE_OFFSET_BITS=64 -Wall -Winvalid-pch -Wextra -Werror -std=c11 -O3 -include rte_config.h -Wcast-qual -Wdepreca
ted -Wformat -Wformat-nonliteral -Wformat-security -Wmissing-declarations -Wmissing-prototypes -Wnested-externs -Wold-style-definition -Wpointer-arith -Wsign-compare -Wstrict-prototypes -Wundef -Wwrite-strings -Wno-packed-not-aligned -Wno-missing-field-initializers -D_GNU_SOURCE -march=native -mrtm -DALLOW_EXPERIMENTAL_API -Wno-format-truncation -fno-strict-aliasing -DALLOW_INTERNAL_API -MD -MQ 'app/a172ced@@dpdk-test@exe/test_test_cryptodev.c.o' -MF 'app/a172ced@@dpdk-test@exe/test_test_cryptodev.c.o.d' -o 'app/a172ced@@dpdk-test@exe/test_test_cryptodev.c.o' -c ../app/test/test_cryptodev.c
In file included from ../app/test/test_cryptodev.c:32:
../app/test/test_cryptodev.c:16324:4: error: initialization of 'int (*)(const void *)' from incompatible pointer type 'int (*)(void)' [-Werror=incompatible-pointer-types]
test_ipsec_proto_sgl_ext_mbuf),
^~~~~~~~~~~~~~~~~~~~~~~~~~~~~
../app/test/test.h:130:28: note: in definition of macro 'TEST_CASE_NAMED_ST'
{ setup, teardown, NULL, testcase, name, 1, NULL }
^~~~~~~~
../app/test/test_cryptodev.c:16324:4: note: (near initialization for 'ipsec_proto_testsuite.unit_test_cases[90].testcase_with_data')
test_ipsec_proto_sgl_ext_mbuf),
^~~~~~~~~~~~~~~~~~~~~~~~~~~~~
../app/test/test.h:130:28: note: in definition of macro 'TEST_CASE_NAMED_ST'
{ setup, teardown, NULL, testcase, name, 1, NULL }
^~~~~~~~
cc1: all warnings being treated as errors
ninja: build stopped: subcommand failed.
==== End log output ====
Debian Bullseye
Kernel: 5.4.0-122-generic
Compiler: gcc 10.2.1-6
CentOS Stream 9
Kernel: 4.18.0-240.10.1.el8_3.x86_64
Compiler: gcc 11.3.1 20220421
Debian Buster
Kernel: 5.4.0-122-generic
Compiler: gcc 8.3.0-6
Fedora 38
Kernel: Depends on container host
Compiler: gcc 13.1.1
Windows Server 2019
Kernel: 10.0
Compiler: clang 14.0 and gcc 8.1.0 (MinGW)
Fedora 37
Kernel: Depends on container host system
Compiler: gcc 12.3.1
RHEL8
Kernel: 4.18.0-240.10.1.el8_3.x86_64
Compiler: gcc 8.3.1 20191121 (Red Hat 8.3.1-5)
openSUSE Leap 15
Kernel: 4.18.0-240.10.1.el8_3.x86_64
Compiler: gcc 7.5.0
Ubuntu 20.04
Kernel: 5.4.0-153-generic
Compiler: gcc 9.4.0-1ubuntu1~20.04.1
Ubuntu 22.04
Kernel: 4.18.0-240.10.1.el8_3.x86_64
Compiler: gcc 11.3.0
CentOS Stream 8
Kernel: 4.18.0-240.10.1.el8_3.x86_64
Compiler: gcc 8.4.1 20200928
To view detailed results, visit:
https://lab.dpdk.org/results/dashboard/patchsets/27663/
UNH-IOL DPDK Community Lab
To manage your email subscriptions, visit:
https://lab.dpdk.org/results/dashboard/preferences/subscriptions/
^ permalink raw reply [flat|nested] 31+ messages in thread
* |FAILURE| pw131674 [PATCH] [v3] app/test: add external mbuf IPsec te
@ 2023-09-20 11:32 dpdklab
0 siblings, 0 replies; 31+ messages in thread
From: dpdklab @ 2023-09-20 11:32 UTC (permalink / raw)
To: Test Report; +Cc: dpdk-test-reports, Tejasree Kondoj
Test-Label: iol-compile-amd64-testing
Test-Status: FAILURE
http://dpdk.org/patch/131674
_Testing issues_
Submitter: Tejasree Kondoj <ktejasree@marvell.com>
Date: Wednesday, September 20 2023 07:22:30
DPDK git baseline: Repo:dpdk
Branch: master
CommitID:31e60e81f025e9fffa69b68bffe5cfaa22d5c098
131674 --> testing fail
Test environment and result as below:
+---------------------+--------------------+----------------------+
| Environment | dpdk_meson_compile | dpdk_mingw64_compile |
+=====================+====================+======================+
| Alpine | FAIL | SKIPPED |
+---------------------+--------------------+----------------------+
| FreeBSD 13 | FAIL | SKIPPED |
+---------------------+--------------------+----------------------+
| Windows Server 2019 | PASS | PASS |
+---------------------+--------------------+----------------------+
| CentOS Stream 8 | FAIL | SKIPPED |
+---------------------+--------------------+----------------------+
| Ubuntu 22.04 | FAIL | SKIPPED |
+---------------------+--------------------+----------------------+
| openSUSE Leap 15 | FAIL | SKIPPED |
+---------------------+--------------------+----------------------+
| Debian Bullseye | FAIL | SKIPPED |
+---------------------+--------------------+----------------------+
| Ubuntu 20.04 | FAIL | SKIPPED |
+---------------------+--------------------+----------------------+
| Fedora 37 | FAIL | SKIPPED |
+---------------------+--------------------+----------------------+
| CentOS Stream 9 | FAIL | SKIPPED |
+---------------------+--------------------+----------------------+
| Fedora 38 | FAIL | SKIPPED |
+---------------------+--------------------+----------------------+
| RHEL8 | FAIL | SKIPPED |
+---------------------+--------------------+----------------------+
| Debian Buster | FAIL | SKIPPED |
+---------------------+--------------------+----------------------+
==== 20 line log output for Debian Buster (dpdk_meson_compile): ====
[2583/2720] Compiling C object 'app/a172ced@@dpdk-test@exe/test_test_cryptodev_blockcipher.c.o'.
[2584/2720] Compiling C object 'app/a172ced@@dpdk-test@exe/test_test_crc.c.o'.
[2585/2720] Compiling C object 'app/a172ced@@dpdk-test@exe/test_test_cryptodev.c.o'.
FAILED: app/a172ced@@dpdk-test@exe/test_test_cryptodev.c.o
ccache cc -Iapp/a172ced@@dpdk-test@exe -Iapp -I../app -Ilib/cmdline -I../lib/cmdline -I. -I../ -Iconfig -I../config -Ilib/eal/include -I../lib/eal/include -Ilib/eal/linux/include -I../lib/eal/linux/include -Ilib/eal/x86/include -I../lib/eal/x86/include -Ilib/eal/common -I../lib/eal/common -Ilib/eal -I../lib/eal -Ilib/kvargs -I../lib/kvargs -Ilib/log -I../lib/log -Ilib/telemetry/../metrics -I../lib/telemetry/../metrics -Ilib/telemetry -I../lib/telemetry -Ilib/net -I../lib/net -Ilib/mbuf -I../lib/mbuf -Ilib/mempool -I../lib/mempool -Ilib/ring -I../lib/ring -Idrivers/net/ring -I../drivers/net/ring -Ilib/ethdev -I../lib/ethdev -Ilib/meter -I../lib/meter -Idrivers/bus/pci -I../drivers/bus/pci -I../drivers/bus/pci/linux -Ilib/pci -I../lib/pci -Idrivers/bus/vdev -I../drivers/bus/vdev -Ilib/acl -I../lib/acl -Ilib/hash -I../lib/hash -Ilib/rcu -I../lib/rcu -Ilib/metrics -I../lib/metrics -Ilib/bitratestats -I../lib/bitratestats -Ilib/bpf -I../lib/bpf -Ilib/compressdev -I../lib/compressdev -Ilib
/cryptodev -I../lib/cryptodev -Idrivers/crypto/scheduler -I../drivers/crypto/scheduler -Ilib/reorder -I../lib/reorder -Ilib/security -I../lib/security -Ilib/distributor -I../lib/distributor -Ilib/dmadev -I../lib/dmadev -Ilib/efd -I../lib/efd -Ilib/eventdev -I../lib/eventdev -Ilib/timer -I../lib/timer -Ilib/fib -I../lib/fib -Ilib/rib -I../lib/rib -Ilib/table -I../lib/table -Ilib/port -I../lib/port -Ilib/sched -I../lib/sched -Ilib/ip_frag -I../lib/ip_frag -Ilib/lpm -I../lib/lpm -Ilib/graph -I../lib/graph -Ilib/pcapng -I../lib/pcapng -Ilib/ipsec -I../lib/ipsec -Ilib/latencystats -I../lib/latencystats -Idrivers/net/bonding -I../drivers/net/bonding -Ilib/member -I../lib/member -Ilib/pdcp -I../lib/pdcp -Ilib/pdump -I../lib/pdump -Ilib/power -I../lib/power -Ilib/rawdev -I../lib/rawdev -Ilib/stack -I../lib/stack -Ilib/pipeline -I../lib/pipeline -fdiagnostics-color=always -pipe -D_FILE_OFFSET_BITS=64 -Wall -Winvalid-pch -Wextra -Werror -std=c11 -O3 -include rte_config.h -Wcast-qual -Wdepreca
ted -Wformat -Wformat-nonliteral -Wformat-security -Wmissing-declarations -Wmissing-prototypes -Wnested-externs -Wold-style-definition -Wpointer-arith -Wsign-compare -Wstrict-prototypes -Wundef -Wwrite-strings -Wno-packed-not-aligned -Wno-missing-field-initializers -D_GNU_SOURCE -march=native -mrtm -DALLOW_EXPERIMENTAL_API -Wno-format-truncation -fno-strict-aliasing -DALLOW_INTERNAL_API -MD -MQ 'app/a172ced@@dpdk-test@exe/test_test_cryptodev.c.o' -MF 'app/a172ced@@dpdk-test@exe/test_test_cryptodev.c.o.d' -o 'app/a172ced@@dpdk-test@exe/test_test_cryptodev.c.o' -c ../app/test/test_cryptodev.c
In file included from ../app/test/test_cryptodev.c:32:
../app/test/test_cryptodev.c:16324:4: error: initialization of 'int (*)(const void *)' from incompatible pointer type 'int (*)(void)' [-Werror=incompatible-pointer-types]
test_ipsec_proto_sgl_ext_mbuf),
^~~~~~~~~~~~~~~~~~~~~~~~~~~~~
../app/test/test.h:130:28: note: in definition of macro 'TEST_CASE_NAMED_ST'
{ setup, teardown, NULL, testcase, name, 1, NULL }
^~~~~~~~
../app/test/test_cryptodev.c:16324:4: note: (near initialization for 'ipsec_proto_testsuite.unit_test_cases[90].testcase_with_data')
test_ipsec_proto_sgl_ext_mbuf),
^~~~~~~~~~~~~~~~~~~~~~~~~~~~~
../app/test/test.h:130:28: note: in definition of macro 'TEST_CASE_NAMED_ST'
{ setup, teardown, NULL, testcase, name, 1, NULL }
^~~~~~~~
cc1: all warnings being treated as errors
ninja: build stopped: subcommand failed.
==== End log output ====
Alpine
Kernel: 5.4.0-73-generic
Compiler: gcc (Alpine 10.3.1_git20210424) 10.3.1 20210424
FreeBSD 13
Kernel: 13.0
Compiler: clang 11.0.1
Windows Server 2019
Kernel: 10.0
Compiler: clang 14.0 and gcc 8.1.0 (MinGW)
CentOS Stream 8
Kernel: 4.18.0-240.10.1.el8_3.x86_64
Compiler: gcc 8.4.1 20200928
Ubuntu 22.04
Kernel: 4.18.0-240.10.1.el8_3.x86_64
Compiler: gcc 11.3.0
openSUSE Leap 15
Kernel: 4.18.0-240.10.1.el8_3.x86_64
Compiler: gcc 7.5.0
Debian Bullseye
Kernel: 5.4.0-122-generic
Compiler: gcc 10.2.1-6
Ubuntu 20.04
Kernel: 5.4.0-153-generic
Compiler: gcc 9.4.0-1ubuntu1~20.04.1
Fedora 37
Kernel: Depends on container host system
Compiler: gcc 12.3.1
CentOS Stream 9
Kernel: 4.18.0-240.10.1.el8_3.x86_64
Compiler: gcc 11.3.1 20220421
Fedora 38
Kernel: Depends on container host
Compiler: gcc 13.1.1
RHEL8
Kernel: 4.18.0-240.10.1.el8_3.x86_64
Compiler: gcc 8.3.1 20191121 (Red Hat 8.3.1-5)
Debian Buster
Kernel: 5.4.0-122-generic
Compiler: gcc 8.3.0-6
To view detailed results, visit:
https://lab.dpdk.org/results/dashboard/patchsets/27663/
UNH-IOL DPDK Community Lab
To manage your email subscriptions, visit:
https://lab.dpdk.org/results/dashboard/preferences/subscriptions/
^ permalink raw reply [flat|nested] 31+ messages in thread
* |FAILURE| pw131674 [PATCH] [v3] app/test: add external mbuf IPsec te
@ 2023-09-20 11:32 dpdklab
0 siblings, 0 replies; 31+ messages in thread
From: dpdklab @ 2023-09-20 11:32 UTC (permalink / raw)
To: Test Report; +Cc: dpdk-test-reports, Tejasree Kondoj
Test-Label: iol-unit-amd64-testing
Test-Status: FAILURE
http://dpdk.org/patch/131674
_Testing issues_
Submitter: Tejasree Kondoj <ktejasree@marvell.com>
Date: Wednesday, September 20 2023 07:22:30
DPDK git baseline: Repo:dpdk
Branch: master
CommitID:31e60e81f025e9fffa69b68bffe5cfaa22d5c098
131674 --> testing fail
Test environment and result as below:
+---------------------+----------------+
| Environment | dpdk_unit_test |
+=====================+================+
| Debian Bullseye | FAIL |
+---------------------+----------------+
| CentOS Stream 9 | FAIL |
+---------------------+----------------+
| Debian Buster | FAIL |
+---------------------+----------------+
| Fedora 38 | FAIL |
+---------------------+----------------+
| Windows Server 2019 | PASS |
+---------------------+----------------+
| Fedora 37 | FAIL |
+---------------------+----------------+
| RHEL8 | FAIL |
+---------------------+----------------+
| openSUSE Leap 15 | FAIL |
+---------------------+----------------+
| Ubuntu 20.04 | FAIL |
+---------------------+----------------+
| Ubuntu 22.04 | FAIL |
+---------------------+----------------+
| CentOS Stream 8 | FAIL |
+---------------------+----------------+
==== 20 line log output for CentOS Stream 8 (dpdk_unit_test): ====
[2700/2704] Compiling C object 'app/a172ced@@dpdk-test@exe/test_test_version.c.o'.
[2701/2704] Compiling C object 'app/a172ced@@dpdk-test@exe/test_test_security_inline_proto.c.o'.
[2702/2704] Compiling C object 'app/a172ced@@dpdk-test@exe/test_test_cryptodev.c.o'.
FAILED: app/a172ced@@dpdk-test@exe/test_test_cryptodev.c.o
ccache cc -Iapp/a172ced@@dpdk-test@exe -Iapp -I../app -Ilib/cmdline -I../lib/cmdline -I. -I../ -Iconfig -I../config -Ilib/eal/include -I../lib/eal/include -Ilib/eal/linux/include -I../lib/eal/linux/include -Ilib/eal/x86/include -I../lib/eal/x86/include -Ilib/eal/common -I../lib/eal/common -Ilib/eal -I../lib/eal -Ilib/kvargs -I../lib/kvargs -Ilib/log -I../lib/log -Ilib/telemetry/../metrics -I../lib/telemetry/../metrics -Ilib/telemetry -I../lib/telemetry -Ilib/net -I../lib/net -Ilib/mbuf -I../lib/mbuf -Ilib/mempool -I../lib/mempool -Ilib/ring -I../lib/ring -Idrivers/net/ring -I../drivers/net/ring -Ilib/ethdev -I../lib/ethdev -Ilib/meter -I../lib/meter -Idrivers/bus/pci -I../drivers/bus/pci -I../drivers/bus/pci/linux -Ilib/pci -I../lib/pci -Idrivers/bus/vdev -I../drivers/bus/vdev -Ilib/acl -I../lib/acl -Ilib/hash -I../lib/hash -Ilib/rcu -I../lib/rcu -Ilib/metrics -I../lib/metrics -Ilib/bitratestats -I../lib/bitratestats -Ilib/bpf -I../lib/bpf -Ilib/compressdev -I../lib/compressdev -Ilib
/cryptodev -I../lib/cryptodev -Idrivers/crypto/scheduler -I../drivers/crypto/scheduler -Ilib/reorder -I../lib/reorder -Ilib/security -I../lib/security -Ilib/distributor -I../lib/distributor -Ilib/dmadev -I../lib/dmadev -Ilib/efd -I../lib/efd -Ilib/eventdev -I../lib/eventdev -Ilib/timer -I../lib/timer -Ilib/fib -I../lib/fib -Ilib/rib -I../lib/rib -Ilib/table -I../lib/table -Ilib/port -I../lib/port -Ilib/sched -I../lib/sched -Ilib/ip_frag -I../lib/ip_frag -Ilib/lpm -I../lib/lpm -Ilib/graph -I../lib/graph -Ilib/pcapng -I../lib/pcapng -Ilib/ipsec -I../lib/ipsec -Ilib/latencystats -I../lib/latencystats -Idrivers/net/bonding -I../drivers/net/bonding -Ilib/member -I../lib/member -Ilib/pdcp -I../lib/pdcp -Ilib/pdump -I../lib/pdump -Ilib/power -I../lib/power -Ilib/rawdev -I../lib/rawdev -Ilib/stack -I../lib/stack -Ilib/pipeline -I../lib/pipeline -fdiagnostics-color=always -pipe -D_FILE_OFFSET_BITS=64 -Wall -Winvalid-pch -Wextra -Werror -std=c11 -O3 -include rte_config.h -Wcast-qual -Wdepreca
ted -Wformat -Wformat-nonliteral -Wformat-security -Wmissing-declarations -Wmissing-prototypes -Wnested-externs -Wold-style-definition -Wpointer-arith -Wsign-compare -Wstrict-prototypes -Wundef -Wwrite-strings -Wno-packed-not-aligned -Wno-missing-field-initializers -D_GNU_SOURCE -march=native -mrtm -DALLOW_EXPERIMENTAL_API -Wno-format-truncation -fno-strict-aliasing -DALLOW_INTERNAL_API -MD -MQ 'app/a172ced@@dpdk-test@exe/test_test_cryptodev.c.o' -MF 'app/a172ced@@dpdk-test@exe/test_test_cryptodev.c.o.d' -o 'app/a172ced@@dpdk-test@exe/test_test_cryptodev.c.o' -c ../app/test/test_cryptodev.c
In file included from ../app/test/test_cryptodev.c:32:
../app/test/test_cryptodev.c:16324:4: error: initialization of 'int (*)(const void *)' from incompatible pointer type 'int (*)(void)' [-Werror=incompatible-pointer-types]
test_ipsec_proto_sgl_ext_mbuf),
^~~~~~~~~~~~~~~~~~~~~~~~~~~~~
../app/test/test.h:130:28: note: in definition of macro 'TEST_CASE_NAMED_ST'
{ setup, teardown, NULL, testcase, name, 1, NULL }
^~~~~~~~
../app/test/test_cryptodev.c:16324:4: note: (near initialization for 'ipsec_proto_testsuite.unit_test_cases[90].testcase_with_data')
test_ipsec_proto_sgl_ext_mbuf),
^~~~~~~~~~~~~~~~~~~~~~~~~~~~~
../app/test/test.h:130:28: note: in definition of macro 'TEST_CASE_NAMED_ST'
{ setup, teardown, NULL, testcase, name, 1, NULL }
^~~~~~~~
cc1: all warnings being treated as errors
ninja: build stopped: subcommand failed.
==== End log output ====
Debian Bullseye
Kernel: 5.4.0-122-generic
Compiler: gcc 10.2.1-6
CentOS Stream 9
Kernel: 4.18.0-240.10.1.el8_3.x86_64
Compiler: gcc 11.3.1 20220421
Debian Buster
Kernel: 5.4.0-122-generic
Compiler: gcc 8.3.0-6
Fedora 38
Kernel: Depends on container host
Compiler: gcc 13.1.1
Windows Server 2019
Kernel: 10.0
Compiler: clang 14.0 and gcc 8.1.0 (MinGW)
Fedora 37
Kernel: Depends on container host system
Compiler: gcc 12.3.1
RHEL8
Kernel: 4.18.0-240.10.1.el8_3.x86_64
Compiler: gcc 8.3.1 20191121 (Red Hat 8.3.1-5)
openSUSE Leap 15
Kernel: 4.18.0-240.10.1.el8_3.x86_64
Compiler: gcc 7.5.0
Ubuntu 20.04
Kernel: 5.4.0-153-generic
Compiler: gcc 9.4.0-1ubuntu1~20.04.1
Ubuntu 22.04
Kernel: 4.18.0-240.10.1.el8_3.x86_64
Compiler: gcc 11.3.0
CentOS Stream 8
Kernel: 4.18.0-240.10.1.el8_3.x86_64
Compiler: gcc 8.4.1 20200928
To view detailed results, visit:
https://lab.dpdk.org/results/dashboard/patchsets/27663/
UNH-IOL DPDK Community Lab
To manage your email subscriptions, visit:
https://lab.dpdk.org/results/dashboard/preferences/subscriptions/
^ permalink raw reply [flat|nested] 31+ messages in thread
* |FAILURE| pw131674 [PATCH] [v3] app/test: add external mbuf IPsec te
@ 2023-09-20 11:29 dpdklab
0 siblings, 0 replies; 31+ messages in thread
From: dpdklab @ 2023-09-20 11:29 UTC (permalink / raw)
To: Test Report; +Cc: dpdk-test-reports, Tejasree Kondoj
Test-Label: iol-unit-amd64-testing
Test-Status: FAILURE
http://dpdk.org/patch/131674
_Testing issues_
Submitter: Tejasree Kondoj <ktejasree@marvell.com>
Date: Wednesday, September 20 2023 07:22:30
DPDK git baseline: Repo:dpdk
Branch: master
CommitID:31e60e81f025e9fffa69b68bffe5cfaa22d5c098
131674 --> testing fail
Test environment and result as below:
+---------------------+----------------+
| Environment | dpdk_unit_test |
+=====================+================+
| Debian Bullseye | FAIL |
+---------------------+----------------+
| CentOS Stream 9 | FAIL |
+---------------------+----------------+
| Debian Buster | FAIL |
+---------------------+----------------+
| Fedora 38 | FAIL |
+---------------------+----------------+
| Windows Server 2019 | PASS |
+---------------------+----------------+
| Fedora 37 | FAIL |
+---------------------+----------------+
| RHEL8 | FAIL |
+---------------------+----------------+
| openSUSE Leap 15 | FAIL |
+---------------------+----------------+
| Ubuntu 20.04 | FAIL |
+---------------------+----------------+
| Ubuntu 22.04 | FAIL |
+---------------------+----------------+
==== 20 line log output for Ubuntu 22.04 (dpdk_unit_test): ====
[2701/2705] Compiling C object 'app/a172ced@@dpdk-test@exe/test_test_vdev.c.o'.
[2702/2705] Compiling C object 'app/a172ced@@dpdk-test@exe/test_test_security_inline_proto.c.o'.
[2703/2705] Compiling C object 'app/a172ced@@dpdk-test@exe/test_test_cryptodev.c.o'.
FAILED: app/a172ced@@dpdk-test@exe/test_test_cryptodev.c.o
ccache cc -Iapp/a172ced@@dpdk-test@exe -Iapp -I../app -Ilib/cmdline -I../lib/cmdline -I. -I../ -Iconfig -I../config -Ilib/eal/include -I../lib/eal/include -Ilib/eal/linux/include -I../lib/eal/linux/include -Ilib/eal/x86/include -I../lib/eal/x86/include -Ilib/eal/common -I../lib/eal/common -Ilib/eal -I../lib/eal -Ilib/kvargs -I../lib/kvargs -Ilib/log -I../lib/log -Ilib/telemetry/../metrics -I../lib/telemetry/../metrics -Ilib/telemetry -I../lib/telemetry -Ilib/net -I../lib/net -Ilib/mbuf -I../lib/mbuf -Ilib/mempool -I../lib/mempool -Ilib/ring -I../lib/ring -Idrivers/net/ring -I../drivers/net/ring -Ilib/ethdev -I../lib/ethdev -Ilib/meter -I../lib/meter -Idrivers/bus/pci -I../drivers/bus/pci -I../drivers/bus/pci/linux -Ilib/pci -I../lib/pci -Idrivers/bus/vdev -I../drivers/bus/vdev -Ilib/acl -I../lib/acl -Ilib/hash -I../lib/hash -Ilib/rcu -I../lib/rcu -Ilib/metrics -I../lib/metrics -Ilib/bitratestats -I../lib/bitratestats -Ilib/bpf -I../lib/bpf -Ilib/compressdev -I../lib/compressdev -Ilib
/cryptodev -I../lib/cryptodev -Idrivers/crypto/scheduler -I../drivers/crypto/scheduler -Ilib/reorder -I../lib/reorder -Ilib/security -I../lib/security -Ilib/distributor -I../lib/distributor -Ilib/dmadev -I../lib/dmadev -Ilib/efd -I../lib/efd -Ilib/eventdev -I../lib/eventdev -Ilib/timer -I../lib/timer -Ilib/fib -I../lib/fib -Ilib/rib -I../lib/rib -Ilib/table -I../lib/table -Ilib/port -I../lib/port -Ilib/sched -I../lib/sched -Ilib/ip_frag -I../lib/ip_frag -Ilib/lpm -I../lib/lpm -Ilib/graph -I../lib/graph -Ilib/pcapng -I../lib/pcapng -Ilib/ipsec -I../lib/ipsec -Ilib/latencystats -I../lib/latencystats -Idrivers/net/bonding -I../drivers/net/bonding -Ilib/member -I../lib/member -Ilib/pdcp -I../lib/pdcp -Ilib/pdump -I../lib/pdump -Ilib/power -I../lib/power -Ilib/rawdev -I../lib/rawdev -Ilib/stack -I../lib/stack -Ilib/pipeline -I../lib/pipeline -fdiagnostics-color=always -pipe -D_FILE_OFFSET_BITS=64 -Wall -Winvalid-pch -Wextra -Werror -std=c11 -O3 -include rte_config.h -Wcast-qual -Wdepreca
ted -Wformat -Wformat-nonliteral -Wformat-security -Wmissing-declarations -Wmissing-prototypes -Wnested-externs -Wold-style-definition -Wpointer-arith -Wsign-compare -Wstrict-prototypes -Wundef -Wwrite-strings -Wno-address-of-packed-member -Wno-packed-not-aligned -Wno-missing-field-initializers -Wno-zero-length-bounds -D_GNU_SOURCE -march=native -mrtm -DALLOW_EXPERIMENTAL_API -Wno-format-truncation -fno-strict-aliasing -DALLOW_INTERNAL_API -MD -MQ 'app/a172ced@@dpdk-test@exe/test_test_cryptodev.c.o' -MF 'app/a172ced@@dpdk-test@exe/test_test_cryptodev.c.o.d' -o 'app/a172ced@@dpdk-test@exe/test_test_cryptodev.c.o' -c ../app/test/test_cryptodev.c
In file included from ../app/test/test_cryptodev.c:32:
../app/test/test_cryptodev.c:16324:25: error: initialization of 'int (*)(const void *)' from incompatible pointer type 'int (*)(void)' [-Werror=incompatible-pointer-types]
16324 | test_ipsec_proto_sgl_ext_mbuf),
| ^~~~~~~~~~~~~~~~~~~~~~~~~~~~~
../app/test/test.h:130:42: note: in definition of macro 'TEST_CASE_NAMED_ST'
130 | { setup, teardown, NULL, testcase, name, 1, NULL }
| ^~~~~~~~
../app/test/test_cryptodev.c:16324:25: note: (near initialization for 'ipsec_proto_testsuite.unit_test_cases[90].testcase_with_data')
16324 | test_ipsec_proto_sgl_ext_mbuf),
| ^~~~~~~~~~~~~~~~~~~~~~~~~~~~~
../app/test/test.h:130:42: note: in definition of macro 'TEST_CASE_NAMED_ST'
130 | { setup, teardown, NULL, testcase, name, 1, NULL }
| ^~~~~~~~
cc1: all warnings being treated as errors
ninja: build stopped: subcommand failed.
==== End log output ====
Debian Bullseye
Kernel: 5.4.0-122-generic
Compiler: gcc 10.2.1-6
CentOS Stream 9
Kernel: 4.18.0-240.10.1.el8_3.x86_64
Compiler: gcc 11.3.1 20220421
Debian Buster
Kernel: 5.4.0-122-generic
Compiler: gcc 8.3.0-6
Fedora 38
Kernel: Depends on container host
Compiler: gcc 13.1.1
Windows Server 2019
Kernel: 10.0
Compiler: clang 14.0 and gcc 8.1.0 (MinGW)
Fedora 37
Kernel: Depends on container host system
Compiler: gcc 12.3.1
RHEL8
Kernel: 4.18.0-240.10.1.el8_3.x86_64
Compiler: gcc 8.3.1 20191121 (Red Hat 8.3.1-5)
openSUSE Leap 15
Kernel: 4.18.0-240.10.1.el8_3.x86_64
Compiler: gcc 7.5.0
Ubuntu 20.04
Kernel: 5.4.0-153-generic
Compiler: gcc 9.4.0-1ubuntu1~20.04.1
Ubuntu 22.04
Kernel: 4.18.0-240.10.1.el8_3.x86_64
Compiler: gcc 11.3.0
To view detailed results, visit:
https://lab.dpdk.org/results/dashboard/patchsets/27663/
UNH-IOL DPDK Community Lab
To manage your email subscriptions, visit:
https://lab.dpdk.org/results/dashboard/preferences/subscriptions/
^ permalink raw reply [flat|nested] 31+ messages in thread
* |FAILURE| pw131674 [PATCH] [v3] app/test: add external mbuf IPsec te
@ 2023-09-20 11:29 dpdklab
0 siblings, 0 replies; 31+ messages in thread
From: dpdklab @ 2023-09-20 11:29 UTC (permalink / raw)
To: Test Report; +Cc: dpdk-test-reports, Tejasree Kondoj
Test-Label: iol-unit-amd64-testing
Test-Status: FAILURE
http://dpdk.org/patch/131674
_Testing issues_
Submitter: Tejasree Kondoj <ktejasree@marvell.com>
Date: Wednesday, September 20 2023 07:22:30
DPDK git baseline: Repo:dpdk
Branch: master
CommitID:31e60e81f025e9fffa69b68bffe5cfaa22d5c098
131674 --> testing fail
Test environment and result as below:
+---------------------+----------------+
| Environment | dpdk_unit_test |
+=====================+================+
| Debian Bullseye | FAIL |
+---------------------+----------------+
| CentOS Stream 9 | FAIL |
+---------------------+----------------+
| Debian Buster | FAIL |
+---------------------+----------------+
| Fedora 38 | FAIL |
+---------------------+----------------+
| Windows Server 2019 | PASS |
+---------------------+----------------+
| Fedora 37 | FAIL |
+---------------------+----------------+
| RHEL8 | FAIL |
+---------------------+----------------+
| openSUSE Leap 15 | FAIL |
+---------------------+----------------+
| Ubuntu 20.04 | FAIL |
+---------------------+----------------+
| Ubuntu 22.04 | FAIL |
+---------------------+----------------+
==== 20 line log output for Ubuntu 22.04 (dpdk_unit_test): ====
[2701/2705] Compiling C object 'app/a172ced@@dpdk-test@exe/test_test_vdev.c.o'.
[2702/2705] Compiling C object 'app/a172ced@@dpdk-test@exe/test_test_security_inline_proto.c.o'.
[2703/2705] Compiling C object 'app/a172ced@@dpdk-test@exe/test_test_cryptodev.c.o'.
FAILED: app/a172ced@@dpdk-test@exe/test_test_cryptodev.c.o
ccache cc -Iapp/a172ced@@dpdk-test@exe -Iapp -I../app -Ilib/cmdline -I../lib/cmdline -I. -I../ -Iconfig -I../config -Ilib/eal/include -I../lib/eal/include -Ilib/eal/linux/include -I../lib/eal/linux/include -Ilib/eal/x86/include -I../lib/eal/x86/include -Ilib/eal/common -I../lib/eal/common -Ilib/eal -I../lib/eal -Ilib/kvargs -I../lib/kvargs -Ilib/log -I../lib/log -Ilib/telemetry/../metrics -I../lib/telemetry/../metrics -Ilib/telemetry -I../lib/telemetry -Ilib/net -I../lib/net -Ilib/mbuf -I../lib/mbuf -Ilib/mempool -I../lib/mempool -Ilib/ring -I../lib/ring -Idrivers/net/ring -I../drivers/net/ring -Ilib/ethdev -I../lib/ethdev -Ilib/meter -I../lib/meter -Idrivers/bus/pci -I../drivers/bus/pci -I../drivers/bus/pci/linux -Ilib/pci -I../lib/pci -Idrivers/bus/vdev -I../drivers/bus/vdev -Ilib/acl -I../lib/acl -Ilib/hash -I../lib/hash -Ilib/rcu -I../lib/rcu -Ilib/metrics -I../lib/metrics -Ilib/bitratestats -I../lib/bitratestats -Ilib/bpf -I../lib/bpf -Ilib/compressdev -I../lib/compressdev -Ilib
/cryptodev -I../lib/cryptodev -Idrivers/crypto/scheduler -I../drivers/crypto/scheduler -Ilib/reorder -I../lib/reorder -Ilib/security -I../lib/security -Ilib/distributor -I../lib/distributor -Ilib/dmadev -I../lib/dmadev -Ilib/efd -I../lib/efd -Ilib/eventdev -I../lib/eventdev -Ilib/timer -I../lib/timer -Ilib/fib -I../lib/fib -Ilib/rib -I../lib/rib -Ilib/table -I../lib/table -Ilib/port -I../lib/port -Ilib/sched -I../lib/sched -Ilib/ip_frag -I../lib/ip_frag -Ilib/lpm -I../lib/lpm -Ilib/graph -I../lib/graph -Ilib/pcapng -I../lib/pcapng -Ilib/ipsec -I../lib/ipsec -Ilib/latencystats -I../lib/latencystats -Idrivers/net/bonding -I../drivers/net/bonding -Ilib/member -I../lib/member -Ilib/pdcp -I../lib/pdcp -Ilib/pdump -I../lib/pdump -Ilib/power -I../lib/power -Ilib/rawdev -I../lib/rawdev -Ilib/stack -I../lib/stack -Ilib/pipeline -I../lib/pipeline -fdiagnostics-color=always -pipe -D_FILE_OFFSET_BITS=64 -Wall -Winvalid-pch -Wextra -Werror -std=c11 -O3 -include rte_config.h -Wcast-qual -Wdepreca
ted -Wformat -Wformat-nonliteral -Wformat-security -Wmissing-declarations -Wmissing-prototypes -Wnested-externs -Wold-style-definition -Wpointer-arith -Wsign-compare -Wstrict-prototypes -Wundef -Wwrite-strings -Wno-address-of-packed-member -Wno-packed-not-aligned -Wno-missing-field-initializers -Wno-zero-length-bounds -D_GNU_SOURCE -march=native -mrtm -DALLOW_EXPERIMENTAL_API -Wno-format-truncation -fno-strict-aliasing -DALLOW_INTERNAL_API -MD -MQ 'app/a172ced@@dpdk-test@exe/test_test_cryptodev.c.o' -MF 'app/a172ced@@dpdk-test@exe/test_test_cryptodev.c.o.d' -o 'app/a172ced@@dpdk-test@exe/test_test_cryptodev.c.o' -c ../app/test/test_cryptodev.c
In file included from ../app/test/test_cryptodev.c:32:
../app/test/test_cryptodev.c:16324:25: error: initialization of 'int (*)(const void *)' from incompatible pointer type 'int (*)(void)' [-Werror=incompatible-pointer-types]
16324 | test_ipsec_proto_sgl_ext_mbuf),
| ^~~~~~~~~~~~~~~~~~~~~~~~~~~~~
../app/test/test.h:130:42: note: in definition of macro 'TEST_CASE_NAMED_ST'
130 | { setup, teardown, NULL, testcase, name, 1, NULL }
| ^~~~~~~~
../app/test/test_cryptodev.c:16324:25: note: (near initialization for 'ipsec_proto_testsuite.unit_test_cases[90].testcase_with_data')
16324 | test_ipsec_proto_sgl_ext_mbuf),
| ^~~~~~~~~~~~~~~~~~~~~~~~~~~~~
../app/test/test.h:130:42: note: in definition of macro 'TEST_CASE_NAMED_ST'
130 | { setup, teardown, NULL, testcase, name, 1, NULL }
| ^~~~~~~~
cc1: all warnings being treated as errors
ninja: build stopped: subcommand failed.
==== End log output ====
Debian Bullseye
Kernel: 5.4.0-122-generic
Compiler: gcc 10.2.1-6
CentOS Stream 9
Kernel: 4.18.0-240.10.1.el8_3.x86_64
Compiler: gcc 11.3.1 20220421
Debian Buster
Kernel: 5.4.0-122-generic
Compiler: gcc 8.3.0-6
Fedora 38
Kernel: Depends on container host
Compiler: gcc 13.1.1
Windows Server 2019
Kernel: 10.0
Compiler: clang 14.0 and gcc 8.1.0 (MinGW)
Fedora 37
Kernel: Depends on container host system
Compiler: gcc 12.3.1
RHEL8
Kernel: 4.18.0-240.10.1.el8_3.x86_64
Compiler: gcc 8.3.1 20191121 (Red Hat 8.3.1-5)
openSUSE Leap 15
Kernel: 4.18.0-240.10.1.el8_3.x86_64
Compiler: gcc 7.5.0
Ubuntu 20.04
Kernel: 5.4.0-153-generic
Compiler: gcc 9.4.0-1ubuntu1~20.04.1
Ubuntu 22.04
Kernel: 4.18.0-240.10.1.el8_3.x86_64
Compiler: gcc 11.3.0
To view detailed results, visit:
https://lab.dpdk.org/results/dashboard/patchsets/27663/
UNH-IOL DPDK Community Lab
To manage your email subscriptions, visit:
https://lab.dpdk.org/results/dashboard/preferences/subscriptions/
^ permalink raw reply [flat|nested] 31+ messages in thread
* |FAILURE| pw131674 [PATCH] [v3] app/test: add external mbuf IPsec te
@ 2023-09-20 11:28 dpdklab
0 siblings, 0 replies; 31+ messages in thread
From: dpdklab @ 2023-09-20 11:28 UTC (permalink / raw)
To: Test Report; +Cc: dpdk-test-reports, Tejasree Kondoj
Test-Label: iol-compile-arm64-testing
Test-Status: FAILURE
http://dpdk.org/patch/131674
_Testing issues_
Submitter: Tejasree Kondoj <ktejasree@marvell.com>
Date: Wednesday, September 20 2023 07:22:30
DPDK git baseline: Repo:dpdk
Branch: master
CommitID:31e60e81f025e9fffa69b68bffe5cfaa22d5c098
131674 --> testing fail
Test environment and result as below:
+----------------------------------------+--------------------+
| Environment | dpdk_meson_compile |
+========================================+====================+
| Ubuntu 20.04 ARM SVE | PASS |
+----------------------------------------+--------------------+
| Ubuntu 20.04 (ARM) | FAIL |
+----------------------------------------+--------------------+
| Fedora 37 (ARM) | FAIL |
+----------------------------------------+--------------------+
| Fedora 38 (ARM) | FAIL |
+----------------------------------------+--------------------+
| CentOS Stream 9 (ARM) | FAIL |
+----------------------------------------+--------------------+
| Debian 11 (Buster) (ARM) | FAIL |
+----------------------------------------+--------------------+
| Ubuntu 20.04 ARM GCC Cross Compile | FAIL |
+----------------------------------------+--------------------+
| Ubuntu 20.04 aarch32 GCC Cross Compile | FAIL |
+----------------------------------------+--------------------+
| Ubuntu 20.04 ARM Clang Cross Compile | FAIL |
+----------------------------------------+--------------------+
==== 20 line log output for Ubuntu 20.04 ARM Clang Cross Compile (dpdk_meson_compile): ====
Ubuntu 20.04 ARM SVE
Kernel: 5.4.0-80-generic
Compiler: gcc 10.3.0 (Ubuntu 10.3.0-1ubuntu1~20.04)
Ubuntu 20.04 (ARM)
Kernel: Container Host Kernel
Compiler: gcc 9.4.0
Fedora 37 (ARM)
Kernel: Depends on container host
Compiler: gcc 12.3.1
Fedora 38 (ARM)
Kernel: Depends on container host
Compiler: gcc 13.1.1
CentOS Stream 9 (ARM)
Kernel: Container Host Kernel
Compiler: gcc 11.3.1
Debian 11 (Buster) (ARM)
Kernel: Container Host Kernel
Compiler: gcc 10.2.1
Ubuntu 20.04 ARM GCC Cross Compile
Kernel: 5.4.0-72-generic
Compiler: aarch64-linux-gnu-gcc (Ubuntu 9.3.0-17ubuntu1~20.04) 9.3.0
Ubuntu 20.04 aarch32 GCC Cross Compile
Kernel: 5.4.0-72-generic
Compiler: gcc 9.3.0
Ubuntu 20.04 ARM Clang Cross Compile
Kernel: 5.4.0-72-generic
Compiler: clang version 10.0.0-4ubuntu1
To view detailed results, visit:
https://lab.dpdk.org/results/dashboard/patchsets/27663/
UNH-IOL DPDK Community Lab
To manage your email subscriptions, visit:
https://lab.dpdk.org/results/dashboard/preferences/subscriptions/
^ permalink raw reply [flat|nested] 31+ messages in thread
* |FAILURE| pw131674 [PATCH] [v3] app/test: add external mbuf IPsec te
@ 2023-09-20 11:23 dpdklab
0 siblings, 0 replies; 31+ messages in thread
From: dpdklab @ 2023-09-20 11:23 UTC (permalink / raw)
To: Test Report; +Cc: dpdk-test-reports, Tejasree Kondoj
Test-Label: iol-unit-amd64-testing
Test-Status: FAILURE
http://dpdk.org/patch/131674
_Testing issues_
Submitter: Tejasree Kondoj <ktejasree@marvell.com>
Date: Wednesday, September 20 2023 07:22:30
DPDK git baseline: Repo:dpdk
Branch: master
CommitID:31e60e81f025e9fffa69b68bffe5cfaa22d5c098
131674 --> testing fail
Test environment and result as below:
+---------------------+----------------+
| Environment | dpdk_unit_test |
+=====================+================+
| Debian Bullseye | FAIL |
+---------------------+----------------+
| CentOS Stream 9 | FAIL |
+---------------------+----------------+
| Debian Buster | FAIL |
+---------------------+----------------+
| Fedora 38 | FAIL |
+---------------------+----------------+
| Windows Server 2019 | PASS |
+---------------------+----------------+
| Fedora 37 | FAIL |
+---------------------+----------------+
| RHEL8 | FAIL |
+---------------------+----------------+
==== 20 line log output for RHEL8 (dpdk_unit_test): ====
[2700/2704] Compiling C object 'app/a172ced@@dpdk-test@exe/test_test_version.c.o'.
[2701/2704] Compiling C object 'app/a172ced@@dpdk-test@exe/test_test_security_inline_proto.c.o'.
[2702/2704] Compiling C object 'app/a172ced@@dpdk-test@exe/test_test_cryptodev.c.o'.
FAILED: app/a172ced@@dpdk-test@exe/test_test_cryptodev.c.o
ccache cc -Iapp/a172ced@@dpdk-test@exe -Iapp -I../app -Ilib/cmdline -I../lib/cmdline -I. -I../ -Iconfig -I../config -Ilib/eal/include -I../lib/eal/include -Ilib/eal/linux/include -I../lib/eal/linux/include -Ilib/eal/x86/include -I../lib/eal/x86/include -Ilib/eal/common -I../lib/eal/common -Ilib/eal -I../lib/eal -Ilib/kvargs -I../lib/kvargs -Ilib/log -I../lib/log -Ilib/telemetry/../metrics -I../lib/telemetry/../metrics -Ilib/telemetry -I../lib/telemetry -Ilib/net -I../lib/net -Ilib/mbuf -I../lib/mbuf -Ilib/mempool -I../lib/mempool -Ilib/ring -I../lib/ring -Idrivers/net/ring -I../drivers/net/ring -Ilib/ethdev -I../lib/ethdev -Ilib/meter -I../lib/meter -Idrivers/bus/pci -I../drivers/bus/pci -I../drivers/bus/pci/linux -Ilib/pci -I../lib/pci -Idrivers/bus/vdev -I../drivers/bus/vdev -Ilib/acl -I../lib/acl -Ilib/hash -I../lib/hash -Ilib/rcu -I../lib/rcu -Ilib/metrics -I../lib/metrics -Ilib/bitratestats -I../lib/bitratestats -Ilib/bpf -I../lib/bpf -Ilib/compressdev -I../lib/compressdev -Ilib
/cryptodev -I../lib/cryptodev -Idrivers/crypto/scheduler -I../drivers/crypto/scheduler -Ilib/reorder -I../lib/reorder -Ilib/security -I../lib/security -Ilib/distributor -I../lib/distributor -Ilib/dmadev -I../lib/dmadev -Ilib/efd -I../lib/efd -Ilib/eventdev -I../lib/eventdev -Ilib/timer -I../lib/timer -Ilib/fib -I../lib/fib -Ilib/rib -I../lib/rib -Ilib/table -I../lib/table -Ilib/port -I../lib/port -Ilib/sched -I../lib/sched -Ilib/ip_frag -I../lib/ip_frag -Ilib/lpm -I../lib/lpm -Ilib/graph -I../lib/graph -Ilib/pcapng -I../lib/pcapng -Ilib/ipsec -I../lib/ipsec -Ilib/latencystats -I../lib/latencystats -Idrivers/net/bonding -I../drivers/net/bonding -Ilib/member -I../lib/member -Ilib/pdcp -I../lib/pdcp -Ilib/pdump -I../lib/pdump -Ilib/power -I../lib/power -Ilib/rawdev -I../lib/rawdev -Ilib/stack -I../lib/stack -Ilib/pipeline -I../lib/pipeline -fdiagnostics-color=always -pipe -D_FILE_OFFSET_BITS=64 -Wall -Winvalid-pch -Wextra -Werror -std=c11 -O3 -include rte_config.h -Wcast-qual -Wdepreca
ted -Wformat -Wformat-nonliteral -Wformat-security -Wmissing-declarations -Wmissing-prototypes -Wnested-externs -Wold-style-definition -Wpointer-arith -Wsign-compare -Wstrict-prototypes -Wundef -Wwrite-strings -Wno-packed-not-aligned -Wno-missing-field-initializers -D_GNU_SOURCE -march=native -mrtm -DALLOW_EXPERIMENTAL_API -Wno-format-truncation -fno-strict-aliasing -DALLOW_INTERNAL_API -MD -MQ 'app/a172ced@@dpdk-test@exe/test_test_cryptodev.c.o' -MF 'app/a172ced@@dpdk-test@exe/test_test_cryptodev.c.o.d' -o 'app/a172ced@@dpdk-test@exe/test_test_cryptodev.c.o' -c ../app/test/test_cryptodev.c
In file included from ../app/test/test_cryptodev.c:32:
../app/test/test_cryptodev.c:16324:4: error: initialization of 'int (*)(const void *)' from incompatible pointer type 'int (*)(void)' [-Werror=incompatible-pointer-types]
test_ipsec_proto_sgl_ext_mbuf),
^~~~~~~~~~~~~~~~~~~~~~~~~~~~~
../app/test/test.h:130:28: note: in definition of macro 'TEST_CASE_NAMED_ST'
{ setup, teardown, NULL, testcase, name, 1, NULL }
^~~~~~~~
../app/test/test_cryptodev.c:16324:4: note: (near initialization for 'ipsec_proto_testsuite.unit_test_cases[90].testcase_with_data')
test_ipsec_proto_sgl_ext_mbuf),
^~~~~~~~~~~~~~~~~~~~~~~~~~~~~
../app/test/test.h:130:28: note: in definition of macro 'TEST_CASE_NAMED_ST'
{ setup, teardown, NULL, testcase, name, 1, NULL }
^~~~~~~~
cc1: all warnings being treated as errors
ninja: build stopped: subcommand failed.
==== End log output ====
Debian Bullseye
Kernel: 5.4.0-122-generic
Compiler: gcc 10.2.1-6
CentOS Stream 9
Kernel: 4.18.0-240.10.1.el8_3.x86_64
Compiler: gcc 11.3.1 20220421
Debian Buster
Kernel: 5.4.0-122-generic
Compiler: gcc 8.3.0-6
Fedora 38
Kernel: Depends on container host
Compiler: gcc 13.1.1
Windows Server 2019
Kernel: 10.0
Compiler: clang 14.0 and gcc 8.1.0 (MinGW)
Fedora 37
Kernel: Depends on container host system
Compiler: gcc 12.3.1
RHEL8
Kernel: 4.18.0-240.10.1.el8_3.x86_64
Compiler: gcc 8.3.1 20191121 (Red Hat 8.3.1-5)
To view detailed results, visit:
https://lab.dpdk.org/results/dashboard/patchsets/27663/
UNH-IOL DPDK Community Lab
To manage your email subscriptions, visit:
https://lab.dpdk.org/results/dashboard/preferences/subscriptions/
^ permalink raw reply [flat|nested] 31+ messages in thread
* |FAILURE| pw131674 [PATCH] [v3] app/test: add external mbuf IPsec te
@ 2023-09-20 11:23 dpdklab
0 siblings, 0 replies; 31+ messages in thread
From: dpdklab @ 2023-09-20 11:23 UTC (permalink / raw)
To: Test Report; +Cc: dpdk-test-reports, Tejasree Kondoj
Test-Label: iol-compile-arm64-testing
Test-Status: FAILURE
http://dpdk.org/patch/131674
_Testing issues_
Submitter: Tejasree Kondoj <ktejasree@marvell.com>
Date: Wednesday, September 20 2023 07:22:30
DPDK git baseline: Repo:dpdk
Branch: master
CommitID:31e60e81f025e9fffa69b68bffe5cfaa22d5c098
131674 --> testing fail
Test environment and result as below:
+----------------------------------------+--------------------+
| Environment | dpdk_meson_compile |
+========================================+====================+
| Ubuntu 20.04 ARM SVE | PASS |
+----------------------------------------+--------------------+
| Ubuntu 20.04 (ARM) | FAIL |
+----------------------------------------+--------------------+
| Fedora 37 (ARM) | FAIL |
+----------------------------------------+--------------------+
| Fedora 38 (ARM) | FAIL |
+----------------------------------------+--------------------+
| CentOS Stream 9 (ARM) | FAIL |
+----------------------------------------+--------------------+
| Debian 11 (Buster) (ARM) | FAIL |
+----------------------------------------+--------------------+
| Ubuntu 20.04 ARM GCC Cross Compile | FAIL |
+----------------------------------------+--------------------+
| Ubuntu 20.04 aarch32 GCC Cross Compile | FAIL |
+----------------------------------------+--------------------+
| Ubuntu 20.04 ARM Clang Cross Compile | FAIL |
+----------------------------------------+--------------------+
==== 20 line log output for Ubuntu 20.04 ARM Clang Cross Compile (dpdk_meson_compile): ====
Ubuntu 20.04 ARM SVE
Kernel: 5.4.0-80-generic
Compiler: gcc 10.3.0 (Ubuntu 10.3.0-1ubuntu1~20.04)
Ubuntu 20.04 (ARM)
Kernel: Container Host Kernel
Compiler: gcc 9.4.0
Fedora 37 (ARM)
Kernel: Depends on container host
Compiler: gcc 12.3.1
Fedora 38 (ARM)
Kernel: Depends on container host
Compiler: gcc 13.1.1
CentOS Stream 9 (ARM)
Kernel: Container Host Kernel
Compiler: gcc 11.3.1
Debian 11 (Buster) (ARM)
Kernel: Container Host Kernel
Compiler: gcc 10.2.1
Ubuntu 20.04 ARM GCC Cross Compile
Kernel: 5.4.0-72-generic
Compiler: aarch64-linux-gnu-gcc (Ubuntu 9.3.0-17ubuntu1~20.04) 9.3.0
Ubuntu 20.04 aarch32 GCC Cross Compile
Kernel: 5.4.0-72-generic
Compiler: gcc 9.3.0
Ubuntu 20.04 ARM Clang Cross Compile
Kernel: 5.4.0-72-generic
Compiler: clang version 10.0.0-4ubuntu1
To view detailed results, visit:
https://lab.dpdk.org/results/dashboard/patchsets/27663/
UNH-IOL DPDK Community Lab
To manage your email subscriptions, visit:
https://lab.dpdk.org/results/dashboard/preferences/subscriptions/
^ permalink raw reply [flat|nested] 31+ messages in thread
* |FAILURE| pw131674 [PATCH] [v3] app/test: add external mbuf IPsec te
@ 2023-09-20 11:22 dpdklab
0 siblings, 0 replies; 31+ messages in thread
From: dpdklab @ 2023-09-20 11:22 UTC (permalink / raw)
To: Test Report; +Cc: dpdk-test-reports, Tejasree Kondoj
Test-Label: iol-compile-amd64-testing
Test-Status: FAILURE
http://dpdk.org/patch/131674
_Testing issues_
Submitter: Tejasree Kondoj <ktejasree@marvell.com>
Date: Wednesday, September 20 2023 07:22:30
DPDK git baseline: Repo:dpdk
Branch: master
CommitID:31e60e81f025e9fffa69b68bffe5cfaa22d5c098
131674 --> testing fail
Test environment and result as below:
+---------------------+--------------------+----------------------+
| Environment | dpdk_meson_compile | dpdk_mingw64_compile |
+=====================+====================+======================+
| Alpine | FAIL | SKIPPED |
+---------------------+--------------------+----------------------+
| FreeBSD 13 | FAIL | SKIPPED |
+---------------------+--------------------+----------------------+
| Windows Server 2019 | PASS | PASS |
+---------------------+--------------------+----------------------+
| CentOS Stream 8 | FAIL | SKIPPED |
+---------------------+--------------------+----------------------+
| Ubuntu 22.04 | FAIL | SKIPPED |
+---------------------+--------------------+----------------------+
| openSUSE Leap 15 | FAIL | SKIPPED |
+---------------------+--------------------+----------------------+
| Debian Bullseye | FAIL | SKIPPED |
+---------------------+--------------------+----------------------+
| Ubuntu 20.04 | FAIL | SKIPPED |
+---------------------+--------------------+----------------------+
| Fedora 37 | FAIL | SKIPPED |
+---------------------+--------------------+----------------------+
| CentOS Stream 9 | FAIL | SKIPPED |
+---------------------+--------------------+----------------------+
| Fedora 38 | FAIL | SKIPPED |
+---------------------+--------------------+----------------------+
| RHEL8 | FAIL | SKIPPED |
+---------------------+--------------------+----------------------+
| Debian Buster | FAIL | SKIPPED |
+---------------------+--------------------+----------------------+
==== 20 line log output for Debian Buster (dpdk_meson_compile): ====
[2583/2720] Compiling C object 'app/a172ced@@dpdk-test@exe/test_test_cryptodev_blockcipher.c.o'.
[2584/2720] Compiling C object 'app/a172ced@@dpdk-test@exe/test_test_crc.c.o'.
[2585/2720] Compiling C object 'app/a172ced@@dpdk-test@exe/test_test_cryptodev.c.o'.
FAILED: app/a172ced@@dpdk-test@exe/test_test_cryptodev.c.o
ccache cc -Iapp/a172ced@@dpdk-test@exe -Iapp -I../app -Ilib/cmdline -I../lib/cmdline -I. -I../ -Iconfig -I../config -Ilib/eal/include -I../lib/eal/include -Ilib/eal/linux/include -I../lib/eal/linux/include -Ilib/eal/x86/include -I../lib/eal/x86/include -Ilib/eal/common -I../lib/eal/common -Ilib/eal -I../lib/eal -Ilib/kvargs -I../lib/kvargs -Ilib/log -I../lib/log -Ilib/telemetry/../metrics -I../lib/telemetry/../metrics -Ilib/telemetry -I../lib/telemetry -Ilib/net -I../lib/net -Ilib/mbuf -I../lib/mbuf -Ilib/mempool -I../lib/mempool -Ilib/ring -I../lib/ring -Idrivers/net/ring -I../drivers/net/ring -Ilib/ethdev -I../lib/ethdev -Ilib/meter -I../lib/meter -Idrivers/bus/pci -I../drivers/bus/pci -I../drivers/bus/pci/linux -Ilib/pci -I../lib/pci -Idrivers/bus/vdev -I../drivers/bus/vdev -Ilib/acl -I../lib/acl -Ilib/hash -I../lib/hash -Ilib/rcu -I../lib/rcu -Ilib/metrics -I../lib/metrics -Ilib/bitratestats -I../lib/bitratestats -Ilib/bpf -I../lib/bpf -Ilib/compressdev -I../lib/compressdev -Ilib
/cryptodev -I../lib/cryptodev -Idrivers/crypto/scheduler -I../drivers/crypto/scheduler -Ilib/reorder -I../lib/reorder -Ilib/security -I../lib/security -Ilib/distributor -I../lib/distributor -Ilib/dmadev -I../lib/dmadev -Ilib/efd -I../lib/efd -Ilib/eventdev -I../lib/eventdev -Ilib/timer -I../lib/timer -Ilib/fib -I../lib/fib -Ilib/rib -I../lib/rib -Ilib/table -I../lib/table -Ilib/port -I../lib/port -Ilib/sched -I../lib/sched -Ilib/ip_frag -I../lib/ip_frag -Ilib/lpm -I../lib/lpm -Ilib/graph -I../lib/graph -Ilib/pcapng -I../lib/pcapng -Ilib/ipsec -I../lib/ipsec -Ilib/latencystats -I../lib/latencystats -Idrivers/net/bonding -I../drivers/net/bonding -Ilib/member -I../lib/member -Ilib/pdcp -I../lib/pdcp -Ilib/pdump -I../lib/pdump -Ilib/power -I../lib/power -Ilib/rawdev -I../lib/rawdev -Ilib/stack -I../lib/stack -Ilib/pipeline -I../lib/pipeline -fdiagnostics-color=always -pipe -D_FILE_OFFSET_BITS=64 -Wall -Winvalid-pch -Wextra -Werror -std=c11 -O3 -include rte_config.h -Wcast-qual -Wdepreca
ted -Wformat -Wformat-nonliteral -Wformat-security -Wmissing-declarations -Wmissing-prototypes -Wnested-externs -Wold-style-definition -Wpointer-arith -Wsign-compare -Wstrict-prototypes -Wundef -Wwrite-strings -Wno-packed-not-aligned -Wno-missing-field-initializers -D_GNU_SOURCE -march=native -mrtm -DALLOW_EXPERIMENTAL_API -Wno-format-truncation -fno-strict-aliasing -DALLOW_INTERNAL_API -MD -MQ 'app/a172ced@@dpdk-test@exe/test_test_cryptodev.c.o' -MF 'app/a172ced@@dpdk-test@exe/test_test_cryptodev.c.o.d' -o 'app/a172ced@@dpdk-test@exe/test_test_cryptodev.c.o' -c ../app/test/test_cryptodev.c
In file included from ../app/test/test_cryptodev.c:32:
../app/test/test_cryptodev.c:16324:4: error: initialization of 'int (*)(const void *)' from incompatible pointer type 'int (*)(void)' [-Werror=incompatible-pointer-types]
test_ipsec_proto_sgl_ext_mbuf),
^~~~~~~~~~~~~~~~~~~~~~~~~~~~~
../app/test/test.h:130:28: note: in definition of macro 'TEST_CASE_NAMED_ST'
{ setup, teardown, NULL, testcase, name, 1, NULL }
^~~~~~~~
../app/test/test_cryptodev.c:16324:4: note: (near initialization for 'ipsec_proto_testsuite.unit_test_cases[90].testcase_with_data')
test_ipsec_proto_sgl_ext_mbuf),
^~~~~~~~~~~~~~~~~~~~~~~~~~~~~
../app/test/test.h:130:28: note: in definition of macro 'TEST_CASE_NAMED_ST'
{ setup, teardown, NULL, testcase, name, 1, NULL }
^~~~~~~~
cc1: all warnings being treated as errors
ninja: build stopped: subcommand failed.
==== End log output ====
Alpine
Kernel: 5.4.0-73-generic
Compiler: gcc (Alpine 10.3.1_git20210424) 10.3.1 20210424
FreeBSD 13
Kernel: 13.0
Compiler: clang 11.0.1
Windows Server 2019
Kernel: 10.0
Compiler: clang 14.0 and gcc 8.1.0 (MinGW)
CentOS Stream 8
Kernel: 4.18.0-240.10.1.el8_3.x86_64
Compiler: gcc 8.4.1 20200928
Ubuntu 22.04
Kernel: 4.18.0-240.10.1.el8_3.x86_64
Compiler: gcc 11.3.0
openSUSE Leap 15
Kernel: 4.18.0-240.10.1.el8_3.x86_64
Compiler: gcc 7.5.0
Debian Bullseye
Kernel: 5.4.0-122-generic
Compiler: gcc 10.2.1-6
Ubuntu 20.04
Kernel: 5.4.0-153-generic
Compiler: gcc 9.4.0-1ubuntu1~20.04.1
Fedora 37
Kernel: Depends on container host system
Compiler: gcc 12.3.1
CentOS Stream 9
Kernel: 4.18.0-240.10.1.el8_3.x86_64
Compiler: gcc 11.3.1 20220421
Fedora 38
Kernel: Depends on container host
Compiler: gcc 13.1.1
RHEL8
Kernel: 4.18.0-240.10.1.el8_3.x86_64
Compiler: gcc 8.3.1 20191121 (Red Hat 8.3.1-5)
Debian Buster
Kernel: 5.4.0-122-generic
Compiler: gcc 8.3.0-6
To view detailed results, visit:
https://lab.dpdk.org/results/dashboard/patchsets/27663/
UNH-IOL DPDK Community Lab
To manage your email subscriptions, visit:
https://lab.dpdk.org/results/dashboard/preferences/subscriptions/
^ permalink raw reply [flat|nested] 31+ messages in thread
* |FAILURE| pw131674 [PATCH] [v3] app/test: add external mbuf IPsec te
@ 2023-09-20 11:22 dpdklab
0 siblings, 0 replies; 31+ messages in thread
From: dpdklab @ 2023-09-20 11:22 UTC (permalink / raw)
To: Test Report; +Cc: dpdk-test-reports, Tejasree Kondoj
Test-Label: iol-unit-amd64-testing
Test-Status: FAILURE
http://dpdk.org/patch/131674
_Testing issues_
Submitter: Tejasree Kondoj <ktejasree@marvell.com>
Date: Wednesday, September 20 2023 07:22:30
DPDK git baseline: Repo:dpdk
Branch: master
CommitID:31e60e81f025e9fffa69b68bffe5cfaa22d5c098
131674 --> testing fail
Test environment and result as below:
+---------------------+----------------+
| Environment | dpdk_unit_test |
+=====================+================+
| Debian Bullseye | FAIL |
+---------------------+----------------+
| CentOS Stream 9 | FAIL |
+---------------------+----------------+
| Debian Buster | FAIL |
+---------------------+----------------+
| Fedora 38 | FAIL |
+---------------------+----------------+
| Windows Server 2019 | PASS |
+---------------------+----------------+
| Fedora 37 | FAIL |
+---------------------+----------------+
| RHEL8 | FAIL |
+---------------------+----------------+
==== 20 line log output for RHEL8 (dpdk_unit_test): ====
[2700/2704] Compiling C object 'app/a172ced@@dpdk-test@exe/test_test_version.c.o'.
[2701/2704] Compiling C object 'app/a172ced@@dpdk-test@exe/test_test_security_inline_proto.c.o'.
[2702/2704] Compiling C object 'app/a172ced@@dpdk-test@exe/test_test_cryptodev.c.o'.
FAILED: app/a172ced@@dpdk-test@exe/test_test_cryptodev.c.o
ccache cc -Iapp/a172ced@@dpdk-test@exe -Iapp -I../app -Ilib/cmdline -I../lib/cmdline -I. -I../ -Iconfig -I../config -Ilib/eal/include -I../lib/eal/include -Ilib/eal/linux/include -I../lib/eal/linux/include -Ilib/eal/x86/include -I../lib/eal/x86/include -Ilib/eal/common -I../lib/eal/common -Ilib/eal -I../lib/eal -Ilib/kvargs -I../lib/kvargs -Ilib/log -I../lib/log -Ilib/telemetry/../metrics -I../lib/telemetry/../metrics -Ilib/telemetry -I../lib/telemetry -Ilib/net -I../lib/net -Ilib/mbuf -I../lib/mbuf -Ilib/mempool -I../lib/mempool -Ilib/ring -I../lib/ring -Idrivers/net/ring -I../drivers/net/ring -Ilib/ethdev -I../lib/ethdev -Ilib/meter -I../lib/meter -Idrivers/bus/pci -I../drivers/bus/pci -I../drivers/bus/pci/linux -Ilib/pci -I../lib/pci -Idrivers/bus/vdev -I../drivers/bus/vdev -Ilib/acl -I../lib/acl -Ilib/hash -I../lib/hash -Ilib/rcu -I../lib/rcu -Ilib/metrics -I../lib/metrics -Ilib/bitratestats -I../lib/bitratestats -Ilib/bpf -I../lib/bpf -Ilib/compressdev -I../lib/compressdev -Ilib
/cryptodev -I../lib/cryptodev -Idrivers/crypto/scheduler -I../drivers/crypto/scheduler -Ilib/reorder -I../lib/reorder -Ilib/security -I../lib/security -Ilib/distributor -I../lib/distributor -Ilib/dmadev -I../lib/dmadev -Ilib/efd -I../lib/efd -Ilib/eventdev -I../lib/eventdev -Ilib/timer -I../lib/timer -Ilib/fib -I../lib/fib -Ilib/rib -I../lib/rib -Ilib/table -I../lib/table -Ilib/port -I../lib/port -Ilib/sched -I../lib/sched -Ilib/ip_frag -I../lib/ip_frag -Ilib/lpm -I../lib/lpm -Ilib/graph -I../lib/graph -Ilib/pcapng -I../lib/pcapng -Ilib/ipsec -I../lib/ipsec -Ilib/latencystats -I../lib/latencystats -Idrivers/net/bonding -I../drivers/net/bonding -Ilib/member -I../lib/member -Ilib/pdcp -I../lib/pdcp -Ilib/pdump -I../lib/pdump -Ilib/power -I../lib/power -Ilib/rawdev -I../lib/rawdev -Ilib/stack -I../lib/stack -Ilib/pipeline -I../lib/pipeline -fdiagnostics-color=always -pipe -D_FILE_OFFSET_BITS=64 -Wall -Winvalid-pch -Wextra -Werror -std=c11 -O3 -include rte_config.h -Wcast-qual -Wdepreca
ted -Wformat -Wformat-nonliteral -Wformat-security -Wmissing-declarations -Wmissing-prototypes -Wnested-externs -Wold-style-definition -Wpointer-arith -Wsign-compare -Wstrict-prototypes -Wundef -Wwrite-strings -Wno-packed-not-aligned -Wno-missing-field-initializers -D_GNU_SOURCE -march=native -mrtm -DALLOW_EXPERIMENTAL_API -Wno-format-truncation -fno-strict-aliasing -DALLOW_INTERNAL_API -MD -MQ 'app/a172ced@@dpdk-test@exe/test_test_cryptodev.c.o' -MF 'app/a172ced@@dpdk-test@exe/test_test_cryptodev.c.o.d' -o 'app/a172ced@@dpdk-test@exe/test_test_cryptodev.c.o' -c ../app/test/test_cryptodev.c
In file included from ../app/test/test_cryptodev.c:32:
../app/test/test_cryptodev.c:16324:4: error: initialization of 'int (*)(const void *)' from incompatible pointer type 'int (*)(void)' [-Werror=incompatible-pointer-types]
test_ipsec_proto_sgl_ext_mbuf),
^~~~~~~~~~~~~~~~~~~~~~~~~~~~~
../app/test/test.h:130:28: note: in definition of macro 'TEST_CASE_NAMED_ST'
{ setup, teardown, NULL, testcase, name, 1, NULL }
^~~~~~~~
../app/test/test_cryptodev.c:16324:4: note: (near initialization for 'ipsec_proto_testsuite.unit_test_cases[90].testcase_with_data')
test_ipsec_proto_sgl_ext_mbuf),
^~~~~~~~~~~~~~~~~~~~~~~~~~~~~
../app/test/test.h:130:28: note: in definition of macro 'TEST_CASE_NAMED_ST'
{ setup, teardown, NULL, testcase, name, 1, NULL }
^~~~~~~~
cc1: all warnings being treated as errors
ninja: build stopped: subcommand failed.
==== End log output ====
Debian Bullseye
Kernel: 5.4.0-122-generic
Compiler: gcc 10.2.1-6
CentOS Stream 9
Kernel: 4.18.0-240.10.1.el8_3.x86_64
Compiler: gcc 11.3.1 20220421
Debian Buster
Kernel: 5.4.0-122-generic
Compiler: gcc 8.3.0-6
Fedora 38
Kernel: Depends on container host
Compiler: gcc 13.1.1
Windows Server 2019
Kernel: 10.0
Compiler: clang 14.0 and gcc 8.1.0 (MinGW)
Fedora 37
Kernel: Depends on container host system
Compiler: gcc 12.3.1
RHEL8
Kernel: 4.18.0-240.10.1.el8_3.x86_64
Compiler: gcc 8.3.1 20191121 (Red Hat 8.3.1-5)
To view detailed results, visit:
https://lab.dpdk.org/results/dashboard/patchsets/27663/
UNH-IOL DPDK Community Lab
To manage your email subscriptions, visit:
https://lab.dpdk.org/results/dashboard/preferences/subscriptions/
^ permalink raw reply [flat|nested] 31+ messages in thread
* |FAILURE| pw131674 [PATCH] [v3] app/test: add external mbuf IPsec te
@ 2023-09-20 11:22 dpdklab
0 siblings, 0 replies; 31+ messages in thread
From: dpdklab @ 2023-09-20 11:22 UTC (permalink / raw)
To: Test Report; +Cc: dpdk-test-reports, Tejasree Kondoj
Test-Label: iol-compile-arm64-testing
Test-Status: FAILURE
http://dpdk.org/patch/131674
_Testing issues_
Submitter: Tejasree Kondoj <ktejasree@marvell.com>
Date: Wednesday, September 20 2023 07:22:30
DPDK git baseline: Repo:dpdk
Branch: master
CommitID:31e60e81f025e9fffa69b68bffe5cfaa22d5c098
131674 --> testing fail
Test environment and result as below:
+----------------------------------------+--------------------+
| Environment | dpdk_meson_compile |
+========================================+====================+
| Ubuntu 20.04 ARM SVE | PASS |
+----------------------------------------+--------------------+
| Ubuntu 20.04 (ARM) | FAIL |
+----------------------------------------+--------------------+
| Fedora 37 (ARM) | FAIL |
+----------------------------------------+--------------------+
| Fedora 38 (ARM) | FAIL |
+----------------------------------------+--------------------+
| CentOS Stream 9 (ARM) | FAIL |
+----------------------------------------+--------------------+
| Debian 11 (Buster) (ARM) | FAIL |
+----------------------------------------+--------------------+
| Ubuntu 20.04 ARM GCC Cross Compile | FAIL |
+----------------------------------------+--------------------+
| Ubuntu 20.04 aarch32 GCC Cross Compile | FAIL |
+----------------------------------------+--------------------+
| Ubuntu 20.04 ARM Clang Cross Compile | FAIL |
+----------------------------------------+--------------------+
==== 20 line log output for Ubuntu 20.04 ARM Clang Cross Compile (dpdk_meson_compile): ====
Ubuntu 20.04 ARM SVE
Kernel: 5.4.0-80-generic
Compiler: gcc 10.3.0 (Ubuntu 10.3.0-1ubuntu1~20.04)
Ubuntu 20.04 (ARM)
Kernel: Container Host Kernel
Compiler: gcc 9.4.0
Fedora 37 (ARM)
Kernel: Depends on container host
Compiler: gcc 12.3.1
Fedora 38 (ARM)
Kernel: Depends on container host
Compiler: gcc 13.1.1
CentOS Stream 9 (ARM)
Kernel: Container Host Kernel
Compiler: gcc 11.3.1
Debian 11 (Buster) (ARM)
Kernel: Container Host Kernel
Compiler: gcc 10.2.1
Ubuntu 20.04 ARM GCC Cross Compile
Kernel: 5.4.0-72-generic
Compiler: aarch64-linux-gnu-gcc (Ubuntu 9.3.0-17ubuntu1~20.04) 9.3.0
Ubuntu 20.04 aarch32 GCC Cross Compile
Kernel: 5.4.0-72-generic
Compiler: gcc 9.3.0
Ubuntu 20.04 ARM Clang Cross Compile
Kernel: 5.4.0-72-generic
Compiler: clang version 10.0.0-4ubuntu1
To view detailed results, visit:
https://lab.dpdk.org/results/dashboard/patchsets/27663/
UNH-IOL DPDK Community Lab
To manage your email subscriptions, visit:
https://lab.dpdk.org/results/dashboard/preferences/subscriptions/
^ permalink raw reply [flat|nested] 31+ messages in thread
* |FAILURE| pw131674 [PATCH] [v3] app/test: add external mbuf IPsec te
@ 2023-09-20 11:22 dpdklab
0 siblings, 0 replies; 31+ messages in thread
From: dpdklab @ 2023-09-20 11:22 UTC (permalink / raw)
To: Test Report; +Cc: dpdk-test-reports, Tejasree Kondoj
Test-Label: iol-compile-arm64-testing
Test-Status: FAILURE
http://dpdk.org/patch/131674
_Testing issues_
Submitter: Tejasree Kondoj <ktejasree@marvell.com>
Date: Wednesday, September 20 2023 07:22:30
DPDK git baseline: Repo:dpdk
Branch: master
CommitID:31e60e81f025e9fffa69b68bffe5cfaa22d5c098
131674 --> testing fail
Test environment and result as below:
+----------------------------------------+--------------------+
| Environment | dpdk_meson_compile |
+========================================+====================+
| Ubuntu 20.04 ARM SVE | PASS |
+----------------------------------------+--------------------+
| Ubuntu 20.04 (ARM) | FAIL |
+----------------------------------------+--------------------+
| Fedora 37 (ARM) | FAIL |
+----------------------------------------+--------------------+
| Fedora 38 (ARM) | FAIL |
+----------------------------------------+--------------------+
| CentOS Stream 9 (ARM) | FAIL |
+----------------------------------------+--------------------+
| Debian 11 (Buster) (ARM) | FAIL |
+----------------------------------------+--------------------+
| Ubuntu 20.04 ARM GCC Cross Compile | FAIL |
+----------------------------------------+--------------------+
| Ubuntu 20.04 aarch32 GCC Cross Compile | FAIL |
+----------------------------------------+--------------------+
| Ubuntu 20.04 ARM Clang Cross Compile | FAIL |
+----------------------------------------+--------------------+
==== 20 line log output for Ubuntu 20.04 ARM Clang Cross Compile (dpdk_meson_compile): ====
Ubuntu 20.04 ARM SVE
Kernel: 5.4.0-80-generic
Compiler: gcc 10.3.0 (Ubuntu 10.3.0-1ubuntu1~20.04)
Ubuntu 20.04 (ARM)
Kernel: Container Host Kernel
Compiler: gcc 9.4.0
Fedora 37 (ARM)
Kernel: Depends on container host
Compiler: gcc 12.3.1
Fedora 38 (ARM)
Kernel: Depends on container host
Compiler: gcc 13.1.1
CentOS Stream 9 (ARM)
Kernel: Container Host Kernel
Compiler: gcc 11.3.1
Debian 11 (Buster) (ARM)
Kernel: Container Host Kernel
Compiler: gcc 10.2.1
Ubuntu 20.04 ARM GCC Cross Compile
Kernel: 5.4.0-72-generic
Compiler: aarch64-linux-gnu-gcc (Ubuntu 9.3.0-17ubuntu1~20.04) 9.3.0
Ubuntu 20.04 aarch32 GCC Cross Compile
Kernel: 5.4.0-72-generic
Compiler: gcc 9.3.0
Ubuntu 20.04 ARM Clang Cross Compile
Kernel: 5.4.0-72-generic
Compiler: clang version 10.0.0-4ubuntu1
To view detailed results, visit:
https://lab.dpdk.org/results/dashboard/patchsets/27663/
UNH-IOL DPDK Community Lab
To manage your email subscriptions, visit:
https://lab.dpdk.org/results/dashboard/preferences/subscriptions/
^ permalink raw reply [flat|nested] 31+ messages in thread
* |FAILURE| pw131674 [PATCH] [v3] app/test: add external mbuf IPsec te
@ 2023-09-20 11:21 dpdklab
0 siblings, 0 replies; 31+ messages in thread
From: dpdklab @ 2023-09-20 11:21 UTC (permalink / raw)
To: Test Report; +Cc: dpdk-test-reports, Tejasree Kondoj
Test-Label: iol-compile-arm64-testing
Test-Status: FAILURE
http://dpdk.org/patch/131674
_Testing issues_
Submitter: Tejasree Kondoj <ktejasree@marvell.com>
Date: Wednesday, September 20 2023 07:22:30
DPDK git baseline: Repo:dpdk
Branch: master
CommitID:31e60e81f025e9fffa69b68bffe5cfaa22d5c098
131674 --> testing fail
Test environment and result as below:
+----------------------------------------+--------------------+
| Environment | dpdk_meson_compile |
+========================================+====================+
| Ubuntu 20.04 ARM SVE | PASS |
+----------------------------------------+--------------------+
| Ubuntu 20.04 (ARM) | FAIL |
+----------------------------------------+--------------------+
| Fedora 37 (ARM) | FAIL |
+----------------------------------------+--------------------+
| Fedora 38 (ARM) | FAIL |
+----------------------------------------+--------------------+
| CentOS Stream 9 (ARM) | FAIL |
+----------------------------------------+--------------------+
| Debian 11 (Buster) (ARM) | FAIL |
+----------------------------------------+--------------------+
| Ubuntu 20.04 ARM GCC Cross Compile | FAIL |
+----------------------------------------+--------------------+
| Ubuntu 20.04 aarch32 GCC Cross Compile | FAIL |
+----------------------------------------+--------------------+
| Ubuntu 20.04 ARM Clang Cross Compile | FAIL |
+----------------------------------------+--------------------+
==== 20 line log output for Ubuntu 20.04 ARM Clang Cross Compile (dpdk_meson_compile): ====
Ubuntu 20.04 ARM SVE
Kernel: 5.4.0-80-generic
Compiler: gcc 10.3.0 (Ubuntu 10.3.0-1ubuntu1~20.04)
Ubuntu 20.04 (ARM)
Kernel: Container Host Kernel
Compiler: gcc 9.4.0
Fedora 37 (ARM)
Kernel: Depends on container host
Compiler: gcc 12.3.1
Fedora 38 (ARM)
Kernel: Depends on container host
Compiler: gcc 13.1.1
CentOS Stream 9 (ARM)
Kernel: Container Host Kernel
Compiler: gcc 11.3.1
Debian 11 (Buster) (ARM)
Kernel: Container Host Kernel
Compiler: gcc 10.2.1
Ubuntu 20.04 ARM GCC Cross Compile
Kernel: 5.4.0-72-generic
Compiler: aarch64-linux-gnu-gcc (Ubuntu 9.3.0-17ubuntu1~20.04) 9.3.0
Ubuntu 20.04 aarch32 GCC Cross Compile
Kernel: 5.4.0-72-generic
Compiler: gcc 9.3.0
Ubuntu 20.04 ARM Clang Cross Compile
Kernel: 5.4.0-72-generic
Compiler: clang version 10.0.0-4ubuntu1
To view detailed results, visit:
https://lab.dpdk.org/results/dashboard/patchsets/27663/
UNH-IOL DPDK Community Lab
To manage your email subscriptions, visit:
https://lab.dpdk.org/results/dashboard/preferences/subscriptions/
^ permalink raw reply [flat|nested] 31+ messages in thread
* |FAILURE| pw131674 [PATCH] [v3] app/test: add external mbuf IPsec te
@ 2023-09-20 11:21 dpdklab
0 siblings, 0 replies; 31+ messages in thread
From: dpdklab @ 2023-09-20 11:21 UTC (permalink / raw)
To: Test Report; +Cc: dpdk-test-reports, Tejasree Kondoj
Test-Label: iol-compile-amd64-testing
Test-Status: FAILURE
http://dpdk.org/patch/131674
_Testing issues_
Submitter: Tejasree Kondoj <ktejasree@marvell.com>
Date: Wednesday, September 20 2023 07:22:30
DPDK git baseline: Repo:dpdk
Branch: master
CommitID:31e60e81f025e9fffa69b68bffe5cfaa22d5c098
131674 --> testing fail
Test environment and result as below:
+---------------------+--------------------+----------------------+
| Environment | dpdk_meson_compile | dpdk_mingw64_compile |
+=====================+====================+======================+
| Alpine | FAIL | SKIPPED |
+---------------------+--------------------+----------------------+
| FreeBSD 13 | FAIL | SKIPPED |
+---------------------+--------------------+----------------------+
| Windows Server 2019 | PASS | PASS |
+---------------------+--------------------+----------------------+
| CentOS Stream 8 | FAIL | SKIPPED |
+---------------------+--------------------+----------------------+
| Ubuntu 22.04 | FAIL | SKIPPED |
+---------------------+--------------------+----------------------+
| openSUSE Leap 15 | FAIL | SKIPPED |
+---------------------+--------------------+----------------------+
| Debian Bullseye | FAIL | SKIPPED |
+---------------------+--------------------+----------------------+
| Ubuntu 20.04 | FAIL | SKIPPED |
+---------------------+--------------------+----------------------+
| Fedora 37 | FAIL | SKIPPED |
+---------------------+--------------------+----------------------+
| CentOS Stream 9 | FAIL | SKIPPED |
+---------------------+--------------------+----------------------+
| Fedora 38 | FAIL | SKIPPED |
+---------------------+--------------------+----------------------+
| RHEL8 | FAIL | SKIPPED |
+---------------------+--------------------+----------------------+
| Debian Buster | FAIL | SKIPPED |
+---------------------+--------------------+----------------------+
==== 20 line log output for Debian Buster (dpdk_meson_compile): ====
[2583/2720] Compiling C object 'app/a172ced@@dpdk-test@exe/test_test_cryptodev_blockcipher.c.o'.
[2584/2720] Compiling C object 'app/a172ced@@dpdk-test@exe/test_test_crc.c.o'.
[2585/2720] Compiling C object 'app/a172ced@@dpdk-test@exe/test_test_cryptodev.c.o'.
FAILED: app/a172ced@@dpdk-test@exe/test_test_cryptodev.c.o
ccache cc -Iapp/a172ced@@dpdk-test@exe -Iapp -I../app -Ilib/cmdline -I../lib/cmdline -I. -I../ -Iconfig -I../config -Ilib/eal/include -I../lib/eal/include -Ilib/eal/linux/include -I../lib/eal/linux/include -Ilib/eal/x86/include -I../lib/eal/x86/include -Ilib/eal/common -I../lib/eal/common -Ilib/eal -I../lib/eal -Ilib/kvargs -I../lib/kvargs -Ilib/log -I../lib/log -Ilib/telemetry/../metrics -I../lib/telemetry/../metrics -Ilib/telemetry -I../lib/telemetry -Ilib/net -I../lib/net -Ilib/mbuf -I../lib/mbuf -Ilib/mempool -I../lib/mempool -Ilib/ring -I../lib/ring -Idrivers/net/ring -I../drivers/net/ring -Ilib/ethdev -I../lib/ethdev -Ilib/meter -I../lib/meter -Idrivers/bus/pci -I../drivers/bus/pci -I../drivers/bus/pci/linux -Ilib/pci -I../lib/pci -Idrivers/bus/vdev -I../drivers/bus/vdev -Ilib/acl -I../lib/acl -Ilib/hash -I../lib/hash -Ilib/rcu -I../lib/rcu -Ilib/metrics -I../lib/metrics -Ilib/bitratestats -I../lib/bitratestats -Ilib/bpf -I../lib/bpf -Ilib/compressdev -I../lib/compressdev -Ilib
/cryptodev -I../lib/cryptodev -Idrivers/crypto/scheduler -I../drivers/crypto/scheduler -Ilib/reorder -I../lib/reorder -Ilib/security -I../lib/security -Ilib/distributor -I../lib/distributor -Ilib/dmadev -I../lib/dmadev -Ilib/efd -I../lib/efd -Ilib/eventdev -I../lib/eventdev -Ilib/timer -I../lib/timer -Ilib/fib -I../lib/fib -Ilib/rib -I../lib/rib -Ilib/table -I../lib/table -Ilib/port -I../lib/port -Ilib/sched -I../lib/sched -Ilib/ip_frag -I../lib/ip_frag -Ilib/lpm -I../lib/lpm -Ilib/graph -I../lib/graph -Ilib/pcapng -I../lib/pcapng -Ilib/ipsec -I../lib/ipsec -Ilib/latencystats -I../lib/latencystats -Idrivers/net/bonding -I../drivers/net/bonding -Ilib/member -I../lib/member -Ilib/pdcp -I../lib/pdcp -Ilib/pdump -I../lib/pdump -Ilib/power -I../lib/power -Ilib/rawdev -I../lib/rawdev -Ilib/stack -I../lib/stack -Ilib/pipeline -I../lib/pipeline -fdiagnostics-color=always -pipe -D_FILE_OFFSET_BITS=64 -Wall -Winvalid-pch -Wextra -Werror -std=c11 -O3 -include rte_config.h -Wcast-qual -Wdepreca
ted -Wformat -Wformat-nonliteral -Wformat-security -Wmissing-declarations -Wmissing-prototypes -Wnested-externs -Wold-style-definition -Wpointer-arith -Wsign-compare -Wstrict-prototypes -Wundef -Wwrite-strings -Wno-packed-not-aligned -Wno-missing-field-initializers -D_GNU_SOURCE -march=native -mrtm -DALLOW_EXPERIMENTAL_API -Wno-format-truncation -fno-strict-aliasing -DALLOW_INTERNAL_API -MD -MQ 'app/a172ced@@dpdk-test@exe/test_test_cryptodev.c.o' -MF 'app/a172ced@@dpdk-test@exe/test_test_cryptodev.c.o.d' -o 'app/a172ced@@dpdk-test@exe/test_test_cryptodev.c.o' -c ../app/test/test_cryptodev.c
In file included from ../app/test/test_cryptodev.c:32:
../app/test/test_cryptodev.c:16324:4: error: initialization of 'int (*)(const void *)' from incompatible pointer type 'int (*)(void)' [-Werror=incompatible-pointer-types]
test_ipsec_proto_sgl_ext_mbuf),
^~~~~~~~~~~~~~~~~~~~~~~~~~~~~
../app/test/test.h:130:28: note: in definition of macro 'TEST_CASE_NAMED_ST'
{ setup, teardown, NULL, testcase, name, 1, NULL }
^~~~~~~~
../app/test/test_cryptodev.c:16324:4: note: (near initialization for 'ipsec_proto_testsuite.unit_test_cases[90].testcase_with_data')
test_ipsec_proto_sgl_ext_mbuf),
^~~~~~~~~~~~~~~~~~~~~~~~~~~~~
../app/test/test.h:130:28: note: in definition of macro 'TEST_CASE_NAMED_ST'
{ setup, teardown, NULL, testcase, name, 1, NULL }
^~~~~~~~
cc1: all warnings being treated as errors
ninja: build stopped: subcommand failed.
==== End log output ====
Alpine
Kernel: 5.4.0-73-generic
Compiler: gcc (Alpine 10.3.1_git20210424) 10.3.1 20210424
FreeBSD 13
Kernel: 13.0
Compiler: clang 11.0.1
Windows Server 2019
Kernel: 10.0
Compiler: clang 14.0 and gcc 8.1.0 (MinGW)
CentOS Stream 8
Kernel: 4.18.0-240.10.1.el8_3.x86_64
Compiler: gcc 8.4.1 20200928
Ubuntu 22.04
Kernel: 4.18.0-240.10.1.el8_3.x86_64
Compiler: gcc 11.3.0
openSUSE Leap 15
Kernel: 4.18.0-240.10.1.el8_3.x86_64
Compiler: gcc 7.5.0
Debian Bullseye
Kernel: 5.4.0-122-generic
Compiler: gcc 10.2.1-6
Ubuntu 20.04
Kernel: 5.4.0-153-generic
Compiler: gcc 9.4.0-1ubuntu1~20.04.1
Fedora 37
Kernel: Depends on container host system
Compiler: gcc 12.3.1
CentOS Stream 9
Kernel: 4.18.0-240.10.1.el8_3.x86_64
Compiler: gcc 11.3.1 20220421
Fedora 38
Kernel: Depends on container host
Compiler: gcc 13.1.1
RHEL8
Kernel: 4.18.0-240.10.1.el8_3.x86_64
Compiler: gcc 8.3.1 20191121 (Red Hat 8.3.1-5)
Debian Buster
Kernel: 5.4.0-122-generic
Compiler: gcc 8.3.0-6
To view detailed results, visit:
https://lab.dpdk.org/results/dashboard/patchsets/27663/
UNH-IOL DPDK Community Lab
To manage your email subscriptions, visit:
https://lab.dpdk.org/results/dashboard/preferences/subscriptions/
^ permalink raw reply [flat|nested] 31+ messages in thread
* |FAILURE| pw131674 [PATCH] [v3] app/test: add external mbuf IPsec te
@ 2023-09-20 11:21 dpdklab
0 siblings, 0 replies; 31+ messages in thread
From: dpdklab @ 2023-09-20 11:21 UTC (permalink / raw)
To: Test Report; +Cc: dpdk-test-reports, Tejasree Kondoj
Test-Label: iol-compile-amd64-testing
Test-Status: FAILURE
http://dpdk.org/patch/131674
_Testing issues_
Submitter: Tejasree Kondoj <ktejasree@marvell.com>
Date: Wednesday, September 20 2023 07:22:30
DPDK git baseline: Repo:dpdk
Branch: master
CommitID:31e60e81f025e9fffa69b68bffe5cfaa22d5c098
131674 --> testing fail
Test environment and result as below:
+---------------------+--------------------+----------------------+
| Environment | dpdk_meson_compile | dpdk_mingw64_compile |
+=====================+====================+======================+
| Alpine | FAIL | SKIPPED |
+---------------------+--------------------+----------------------+
| FreeBSD 13 | FAIL | SKIPPED |
+---------------------+--------------------+----------------------+
| Windows Server 2019 | PASS | PASS |
+---------------------+--------------------+----------------------+
| CentOS Stream 8 | FAIL | SKIPPED |
+---------------------+--------------------+----------------------+
| Ubuntu 22.04 | FAIL | SKIPPED |
+---------------------+--------------------+----------------------+
| openSUSE Leap 15 | FAIL | SKIPPED |
+---------------------+--------------------+----------------------+
| Debian Bullseye | FAIL | SKIPPED |
+---------------------+--------------------+----------------------+
| Ubuntu 20.04 | FAIL | SKIPPED |
+---------------------+--------------------+----------------------+
| Fedora 37 | FAIL | SKIPPED |
+---------------------+--------------------+----------------------+
| CentOS Stream 9 | FAIL | SKIPPED |
+---------------------+--------------------+----------------------+
| Fedora 38 | FAIL | SKIPPED |
+---------------------+--------------------+----------------------+
| RHEL8 | FAIL | SKIPPED |
+---------------------+--------------------+----------------------+
| Debian Buster | FAIL | SKIPPED |
+---------------------+--------------------+----------------------+
==== 20 line log output for Debian Buster (dpdk_meson_compile): ====
[2583/2720] Compiling C object 'app/a172ced@@dpdk-test@exe/test_test_cryptodev_blockcipher.c.o'.
[2584/2720] Compiling C object 'app/a172ced@@dpdk-test@exe/test_test_crc.c.o'.
[2585/2720] Compiling C object 'app/a172ced@@dpdk-test@exe/test_test_cryptodev.c.o'.
FAILED: app/a172ced@@dpdk-test@exe/test_test_cryptodev.c.o
ccache cc -Iapp/a172ced@@dpdk-test@exe -Iapp -I../app -Ilib/cmdline -I../lib/cmdline -I. -I../ -Iconfig -I../config -Ilib/eal/include -I../lib/eal/include -Ilib/eal/linux/include -I../lib/eal/linux/include -Ilib/eal/x86/include -I../lib/eal/x86/include -Ilib/eal/common -I../lib/eal/common -Ilib/eal -I../lib/eal -Ilib/kvargs -I../lib/kvargs -Ilib/log -I../lib/log -Ilib/telemetry/../metrics -I../lib/telemetry/../metrics -Ilib/telemetry -I../lib/telemetry -Ilib/net -I../lib/net -Ilib/mbuf -I../lib/mbuf -Ilib/mempool -I../lib/mempool -Ilib/ring -I../lib/ring -Idrivers/net/ring -I../drivers/net/ring -Ilib/ethdev -I../lib/ethdev -Ilib/meter -I../lib/meter -Idrivers/bus/pci -I../drivers/bus/pci -I../drivers/bus/pci/linux -Ilib/pci -I../lib/pci -Idrivers/bus/vdev -I../drivers/bus/vdev -Ilib/acl -I../lib/acl -Ilib/hash -I../lib/hash -Ilib/rcu -I../lib/rcu -Ilib/metrics -I../lib/metrics -Ilib/bitratestats -I../lib/bitratestats -Ilib/bpf -I../lib/bpf -Ilib/compressdev -I../lib/compressdev -Ilib
/cryptodev -I../lib/cryptodev -Idrivers/crypto/scheduler -I../drivers/crypto/scheduler -Ilib/reorder -I../lib/reorder -Ilib/security -I../lib/security -Ilib/distributor -I../lib/distributor -Ilib/dmadev -I../lib/dmadev -Ilib/efd -I../lib/efd -Ilib/eventdev -I../lib/eventdev -Ilib/timer -I../lib/timer -Ilib/fib -I../lib/fib -Ilib/rib -I../lib/rib -Ilib/table -I../lib/table -Ilib/port -I../lib/port -Ilib/sched -I../lib/sched -Ilib/ip_frag -I../lib/ip_frag -Ilib/lpm -I../lib/lpm -Ilib/graph -I../lib/graph -Ilib/pcapng -I../lib/pcapng -Ilib/ipsec -I../lib/ipsec -Ilib/latencystats -I../lib/latencystats -Idrivers/net/bonding -I../drivers/net/bonding -Ilib/member -I../lib/member -Ilib/pdcp -I../lib/pdcp -Ilib/pdump -I../lib/pdump -Ilib/power -I../lib/power -Ilib/rawdev -I../lib/rawdev -Ilib/stack -I../lib/stack -Ilib/pipeline -I../lib/pipeline -fdiagnostics-color=always -pipe -D_FILE_OFFSET_BITS=64 -Wall -Winvalid-pch -Wextra -Werror -std=c11 -O3 -include rte_config.h -Wcast-qual -Wdepreca
ted -Wformat -Wformat-nonliteral -Wformat-security -Wmissing-declarations -Wmissing-prototypes -Wnested-externs -Wold-style-definition -Wpointer-arith -Wsign-compare -Wstrict-prototypes -Wundef -Wwrite-strings -Wno-packed-not-aligned -Wno-missing-field-initializers -D_GNU_SOURCE -march=native -mrtm -DALLOW_EXPERIMENTAL_API -Wno-format-truncation -fno-strict-aliasing -DALLOW_INTERNAL_API -MD -MQ 'app/a172ced@@dpdk-test@exe/test_test_cryptodev.c.o' -MF 'app/a172ced@@dpdk-test@exe/test_test_cryptodev.c.o.d' -o 'app/a172ced@@dpdk-test@exe/test_test_cryptodev.c.o' -c ../app/test/test_cryptodev.c
In file included from ../app/test/test_cryptodev.c:32:
../app/test/test_cryptodev.c:16324:4: error: initialization of 'int (*)(const void *)' from incompatible pointer type 'int (*)(void)' [-Werror=incompatible-pointer-types]
test_ipsec_proto_sgl_ext_mbuf),
^~~~~~~~~~~~~~~~~~~~~~~~~~~~~
../app/test/test.h:130:28: note: in definition of macro 'TEST_CASE_NAMED_ST'
{ setup, teardown, NULL, testcase, name, 1, NULL }
^~~~~~~~
../app/test/test_cryptodev.c:16324:4: note: (near initialization for 'ipsec_proto_testsuite.unit_test_cases[90].testcase_with_data')
test_ipsec_proto_sgl_ext_mbuf),
^~~~~~~~~~~~~~~~~~~~~~~~~~~~~
../app/test/test.h:130:28: note: in definition of macro 'TEST_CASE_NAMED_ST'
{ setup, teardown, NULL, testcase, name, 1, NULL }
^~~~~~~~
cc1: all warnings being treated as errors
ninja: build stopped: subcommand failed.
==== End log output ====
Alpine
Kernel: 5.4.0-73-generic
Compiler: gcc (Alpine 10.3.1_git20210424) 10.3.1 20210424
FreeBSD 13
Kernel: 13.0
Compiler: clang 11.0.1
Windows Server 2019
Kernel: 10.0
Compiler: clang 14.0 and gcc 8.1.0 (MinGW)
CentOS Stream 8
Kernel: 4.18.0-240.10.1.el8_3.x86_64
Compiler: gcc 8.4.1 20200928
Ubuntu 22.04
Kernel: 4.18.0-240.10.1.el8_3.x86_64
Compiler: gcc 11.3.0
openSUSE Leap 15
Kernel: 4.18.0-240.10.1.el8_3.x86_64
Compiler: gcc 7.5.0
Debian Bullseye
Kernel: 5.4.0-122-generic
Compiler: gcc 10.2.1-6
Ubuntu 20.04
Kernel: 5.4.0-153-generic
Compiler: gcc 9.4.0-1ubuntu1~20.04.1
Fedora 37
Kernel: Depends on container host system
Compiler: gcc 12.3.1
CentOS Stream 9
Kernel: 4.18.0-240.10.1.el8_3.x86_64
Compiler: gcc 11.3.1 20220421
Fedora 38
Kernel: Depends on container host
Compiler: gcc 13.1.1
RHEL8
Kernel: 4.18.0-240.10.1.el8_3.x86_64
Compiler: gcc 8.3.1 20191121 (Red Hat 8.3.1-5)
Debian Buster
Kernel: 5.4.0-122-generic
Compiler: gcc 8.3.0-6
To view detailed results, visit:
https://lab.dpdk.org/results/dashboard/patchsets/27663/
UNH-IOL DPDK Community Lab
To manage your email subscriptions, visit:
https://lab.dpdk.org/results/dashboard/preferences/subscriptions/
^ permalink raw reply [flat|nested] 31+ messages in thread
* |FAILURE| pw131674 [PATCH] [v3] app/test: add external mbuf IPsec te
@ 2023-09-20 11:21 dpdklab
0 siblings, 0 replies; 31+ messages in thread
From: dpdklab @ 2023-09-20 11:21 UTC (permalink / raw)
To: Test Report; +Cc: dpdk-test-reports, Tejasree Kondoj
Test-Label: iol-compile-amd64-testing
Test-Status: FAILURE
http://dpdk.org/patch/131674
_Testing issues_
Submitter: Tejasree Kondoj <ktejasree@marvell.com>
Date: Wednesday, September 20 2023 07:22:30
DPDK git baseline: Repo:dpdk
Branch: master
CommitID:31e60e81f025e9fffa69b68bffe5cfaa22d5c098
131674 --> testing fail
Test environment and result as below:
+---------------------+--------------------+----------------------+
| Environment | dpdk_meson_compile | dpdk_mingw64_compile |
+=====================+====================+======================+
| Alpine | FAIL | SKIPPED |
+---------------------+--------------------+----------------------+
| FreeBSD 13 | FAIL | SKIPPED |
+---------------------+--------------------+----------------------+
| Windows Server 2019 | PASS | PASS |
+---------------------+--------------------+----------------------+
| CentOS Stream 8 | FAIL | SKIPPED |
+---------------------+--------------------+----------------------+
| Ubuntu 22.04 | FAIL | SKIPPED |
+---------------------+--------------------+----------------------+
| openSUSE Leap 15 | FAIL | SKIPPED |
+---------------------+--------------------+----------------------+
| Debian Bullseye | FAIL | SKIPPED |
+---------------------+--------------------+----------------------+
| Ubuntu 20.04 | FAIL | SKIPPED |
+---------------------+--------------------+----------------------+
| Fedora 37 | FAIL | SKIPPED |
+---------------------+--------------------+----------------------+
| CentOS Stream 9 | FAIL | SKIPPED |
+---------------------+--------------------+----------------------+
| Fedora 38 | FAIL | SKIPPED |
+---------------------+--------------------+----------------------+
| RHEL8 | FAIL | SKIPPED |
+---------------------+--------------------+----------------------+
| Debian Buster | FAIL | SKIPPED |
+---------------------+--------------------+----------------------+
==== 20 line log output for Debian Buster (dpdk_meson_compile): ====
[2583/2720] Compiling C object 'app/a172ced@@dpdk-test@exe/test_test_cryptodev_blockcipher.c.o'.
[2584/2720] Compiling C object 'app/a172ced@@dpdk-test@exe/test_test_crc.c.o'.
[2585/2720] Compiling C object 'app/a172ced@@dpdk-test@exe/test_test_cryptodev.c.o'.
FAILED: app/a172ced@@dpdk-test@exe/test_test_cryptodev.c.o
ccache cc -Iapp/a172ced@@dpdk-test@exe -Iapp -I../app -Ilib/cmdline -I../lib/cmdline -I. -I../ -Iconfig -I../config -Ilib/eal/include -I../lib/eal/include -Ilib/eal/linux/include -I../lib/eal/linux/include -Ilib/eal/x86/include -I../lib/eal/x86/include -Ilib/eal/common -I../lib/eal/common -Ilib/eal -I../lib/eal -Ilib/kvargs -I../lib/kvargs -Ilib/log -I../lib/log -Ilib/telemetry/../metrics -I../lib/telemetry/../metrics -Ilib/telemetry -I../lib/telemetry -Ilib/net -I../lib/net -Ilib/mbuf -I../lib/mbuf -Ilib/mempool -I../lib/mempool -Ilib/ring -I../lib/ring -Idrivers/net/ring -I../drivers/net/ring -Ilib/ethdev -I../lib/ethdev -Ilib/meter -I../lib/meter -Idrivers/bus/pci -I../drivers/bus/pci -I../drivers/bus/pci/linux -Ilib/pci -I../lib/pci -Idrivers/bus/vdev -I../drivers/bus/vdev -Ilib/acl -I../lib/acl -Ilib/hash -I../lib/hash -Ilib/rcu -I../lib/rcu -Ilib/metrics -I../lib/metrics -Ilib/bitratestats -I../lib/bitratestats -Ilib/bpf -I../lib/bpf -Ilib/compressdev -I../lib/compressdev -Ilib
/cryptodev -I../lib/cryptodev -Idrivers/crypto/scheduler -I../drivers/crypto/scheduler -Ilib/reorder -I../lib/reorder -Ilib/security -I../lib/security -Ilib/distributor -I../lib/distributor -Ilib/dmadev -I../lib/dmadev -Ilib/efd -I../lib/efd -Ilib/eventdev -I../lib/eventdev -Ilib/timer -I../lib/timer -Ilib/fib -I../lib/fib -Ilib/rib -I../lib/rib -Ilib/table -I../lib/table -Ilib/port -I../lib/port -Ilib/sched -I../lib/sched -Ilib/ip_frag -I../lib/ip_frag -Ilib/lpm -I../lib/lpm -Ilib/graph -I../lib/graph -Ilib/pcapng -I../lib/pcapng -Ilib/ipsec -I../lib/ipsec -Ilib/latencystats -I../lib/latencystats -Idrivers/net/bonding -I../drivers/net/bonding -Ilib/member -I../lib/member -Ilib/pdcp -I../lib/pdcp -Ilib/pdump -I../lib/pdump -Ilib/power -I../lib/power -Ilib/rawdev -I../lib/rawdev -Ilib/stack -I../lib/stack -Ilib/pipeline -I../lib/pipeline -fdiagnostics-color=always -pipe -D_FILE_OFFSET_BITS=64 -Wall -Winvalid-pch -Wextra -Werror -std=c11 -O3 -include rte_config.h -Wcast-qual -Wdepreca
ted -Wformat -Wformat-nonliteral -Wformat-security -Wmissing-declarations -Wmissing-prototypes -Wnested-externs -Wold-style-definition -Wpointer-arith -Wsign-compare -Wstrict-prototypes -Wundef -Wwrite-strings -Wno-packed-not-aligned -Wno-missing-field-initializers -D_GNU_SOURCE -march=native -mrtm -DALLOW_EXPERIMENTAL_API -Wno-format-truncation -fno-strict-aliasing -DALLOW_INTERNAL_API -MD -MQ 'app/a172ced@@dpdk-test@exe/test_test_cryptodev.c.o' -MF 'app/a172ced@@dpdk-test@exe/test_test_cryptodev.c.o.d' -o 'app/a172ced@@dpdk-test@exe/test_test_cryptodev.c.o' -c ../app/test/test_cryptodev.c
In file included from ../app/test/test_cryptodev.c:32:
../app/test/test_cryptodev.c:16324:4: error: initialization of 'int (*)(const void *)' from incompatible pointer type 'int (*)(void)' [-Werror=incompatible-pointer-types]
test_ipsec_proto_sgl_ext_mbuf),
^~~~~~~~~~~~~~~~~~~~~~~~~~~~~
../app/test/test.h:130:28: note: in definition of macro 'TEST_CASE_NAMED_ST'
{ setup, teardown, NULL, testcase, name, 1, NULL }
^~~~~~~~
../app/test/test_cryptodev.c:16324:4: note: (near initialization for 'ipsec_proto_testsuite.unit_test_cases[90].testcase_with_data')
test_ipsec_proto_sgl_ext_mbuf),
^~~~~~~~~~~~~~~~~~~~~~~~~~~~~
../app/test/test.h:130:28: note: in definition of macro 'TEST_CASE_NAMED_ST'
{ setup, teardown, NULL, testcase, name, 1, NULL }
^~~~~~~~
cc1: all warnings being treated as errors
ninja: build stopped: subcommand failed.
==== End log output ====
Alpine
Kernel: 5.4.0-73-generic
Compiler: gcc (Alpine 10.3.1_git20210424) 10.3.1 20210424
FreeBSD 13
Kernel: 13.0
Compiler: clang 11.0.1
Windows Server 2019
Kernel: 10.0
Compiler: clang 14.0 and gcc 8.1.0 (MinGW)
CentOS Stream 8
Kernel: 4.18.0-240.10.1.el8_3.x86_64
Compiler: gcc 8.4.1 20200928
Ubuntu 22.04
Kernel: 4.18.0-240.10.1.el8_3.x86_64
Compiler: gcc 11.3.0
openSUSE Leap 15
Kernel: 4.18.0-240.10.1.el8_3.x86_64
Compiler: gcc 7.5.0
Debian Bullseye
Kernel: 5.4.0-122-generic
Compiler: gcc 10.2.1-6
Ubuntu 20.04
Kernel: 5.4.0-153-generic
Compiler: gcc 9.4.0-1ubuntu1~20.04.1
Fedora 37
Kernel: Depends on container host system
Compiler: gcc 12.3.1
CentOS Stream 9
Kernel: 4.18.0-240.10.1.el8_3.x86_64
Compiler: gcc 11.3.1 20220421
Fedora 38
Kernel: Depends on container host
Compiler: gcc 13.1.1
RHEL8
Kernel: 4.18.0-240.10.1.el8_3.x86_64
Compiler: gcc 8.3.1 20191121 (Red Hat 8.3.1-5)
Debian Buster
Kernel: 5.4.0-122-generic
Compiler: gcc 8.3.0-6
To view detailed results, visit:
https://lab.dpdk.org/results/dashboard/patchsets/27663/
UNH-IOL DPDK Community Lab
To manage your email subscriptions, visit:
https://lab.dpdk.org/results/dashboard/preferences/subscriptions/
^ permalink raw reply [flat|nested] 31+ messages in thread
* |FAILURE| pw131674 [PATCH] [v3] app/test: add external mbuf IPsec te
@ 2023-09-20 11:21 dpdklab
0 siblings, 0 replies; 31+ messages in thread
From: dpdklab @ 2023-09-20 11:21 UTC (permalink / raw)
To: Test Report; +Cc: dpdk-test-reports, Tejasree Kondoj
Test-Label: iol-compile-arm64-testing
Test-Status: FAILURE
http://dpdk.org/patch/131674
_Testing issues_
Submitter: Tejasree Kondoj <ktejasree@marvell.com>
Date: Wednesday, September 20 2023 07:22:30
DPDK git baseline: Repo:dpdk
Branch: master
CommitID:31e60e81f025e9fffa69b68bffe5cfaa22d5c098
131674 --> testing fail
Test environment and result as below:
+----------------------------------------+--------------------+
| Environment | dpdk_meson_compile |
+========================================+====================+
| Ubuntu 20.04 ARM SVE | PASS |
+----------------------------------------+--------------------+
| Ubuntu 20.04 (ARM) | FAIL |
+----------------------------------------+--------------------+
| Fedora 37 (ARM) | FAIL |
+----------------------------------------+--------------------+
| Fedora 38 (ARM) | FAIL |
+----------------------------------------+--------------------+
| CentOS Stream 9 (ARM) | FAIL |
+----------------------------------------+--------------------+
| Debian 11 (Buster) (ARM) | FAIL |
+----------------------------------------+--------------------+
| Ubuntu 20.04 ARM GCC Cross Compile | FAIL |
+----------------------------------------+--------------------+
| Ubuntu 20.04 aarch32 GCC Cross Compile | FAIL |
+----------------------------------------+--------------------+
| Ubuntu 20.04 ARM Clang Cross Compile | FAIL |
+----------------------------------------+--------------------+
==== 20 line log output for Ubuntu 20.04 ARM Clang Cross Compile (dpdk_meson_compile): ====
Ubuntu 20.04 ARM SVE
Kernel: 5.4.0-80-generic
Compiler: gcc 10.3.0 (Ubuntu 10.3.0-1ubuntu1~20.04)
Ubuntu 20.04 (ARM)
Kernel: Container Host Kernel
Compiler: gcc 9.4.0
Fedora 37 (ARM)
Kernel: Depends on container host
Compiler: gcc 12.3.1
Fedora 38 (ARM)
Kernel: Depends on container host
Compiler: gcc 13.1.1
CentOS Stream 9 (ARM)
Kernel: Container Host Kernel
Compiler: gcc 11.3.1
Debian 11 (Buster) (ARM)
Kernel: Container Host Kernel
Compiler: gcc 10.2.1
Ubuntu 20.04 ARM GCC Cross Compile
Kernel: 5.4.0-72-generic
Compiler: aarch64-linux-gnu-gcc (Ubuntu 9.3.0-17ubuntu1~20.04) 9.3.0
Ubuntu 20.04 aarch32 GCC Cross Compile
Kernel: 5.4.0-72-generic
Compiler: gcc 9.3.0
Ubuntu 20.04 ARM Clang Cross Compile
Kernel: 5.4.0-72-generic
Compiler: clang version 10.0.0-4ubuntu1
To view detailed results, visit:
https://lab.dpdk.org/results/dashboard/patchsets/27663/
UNH-IOL DPDK Community Lab
To manage your email subscriptions, visit:
https://lab.dpdk.org/results/dashboard/preferences/subscriptions/
^ permalink raw reply [flat|nested] 31+ messages in thread
* |FAILURE| pw131674 [PATCH] [v3] app/test: add external mbuf IPsec te
@ 2023-09-20 11:20 dpdklab
0 siblings, 0 replies; 31+ messages in thread
From: dpdklab @ 2023-09-20 11:20 UTC (permalink / raw)
To: Test Report; +Cc: dpdk-test-reports, Tejasree Kondoj
Test-Label: iol-compile-amd64-testing
Test-Status: FAILURE
http://dpdk.org/patch/131674
_Testing issues_
Submitter: Tejasree Kondoj <ktejasree@marvell.com>
Date: Wednesday, September 20 2023 07:22:30
DPDK git baseline: Repo:dpdk
Branch: master
CommitID:31e60e81f025e9fffa69b68bffe5cfaa22d5c098
131674 --> testing fail
Test environment and result as below:
+---------------------+--------------------+----------------------+
| Environment | dpdk_meson_compile | dpdk_mingw64_compile |
+=====================+====================+======================+
| Alpine | FAIL | SKIPPED |
+---------------------+--------------------+----------------------+
| FreeBSD 13 | FAIL | SKIPPED |
+---------------------+--------------------+----------------------+
| Windows Server 2019 | PASS | PASS |
+---------------------+--------------------+----------------------+
| CentOS Stream 8 | FAIL | SKIPPED |
+---------------------+--------------------+----------------------+
| Ubuntu 22.04 | FAIL | SKIPPED |
+---------------------+--------------------+----------------------+
| openSUSE Leap 15 | FAIL | SKIPPED |
+---------------------+--------------------+----------------------+
| Debian Bullseye | FAIL | SKIPPED |
+---------------------+--------------------+----------------------+
| Ubuntu 20.04 | FAIL | SKIPPED |
+---------------------+--------------------+----------------------+
| Fedora 37 | FAIL | SKIPPED |
+---------------------+--------------------+----------------------+
| CentOS Stream 9 | FAIL | SKIPPED |
+---------------------+--------------------+----------------------+
| Fedora 38 | FAIL | SKIPPED |
+---------------------+--------------------+----------------------+
| RHEL8 | FAIL | SKIPPED |
+---------------------+--------------------+----------------------+
| Debian Buster | FAIL | SKIPPED |
+---------------------+--------------------+----------------------+
==== 20 line log output for Debian Buster (dpdk_meson_compile): ====
[2583/2720] Compiling C object 'app/a172ced@@dpdk-test@exe/test_test_cryptodev_blockcipher.c.o'.
[2584/2720] Compiling C object 'app/a172ced@@dpdk-test@exe/test_test_crc.c.o'.
[2585/2720] Compiling C object 'app/a172ced@@dpdk-test@exe/test_test_cryptodev.c.o'.
FAILED: app/a172ced@@dpdk-test@exe/test_test_cryptodev.c.o
ccache cc -Iapp/a172ced@@dpdk-test@exe -Iapp -I../app -Ilib/cmdline -I../lib/cmdline -I. -I../ -Iconfig -I../config -Ilib/eal/include -I../lib/eal/include -Ilib/eal/linux/include -I../lib/eal/linux/include -Ilib/eal/x86/include -I../lib/eal/x86/include -Ilib/eal/common -I../lib/eal/common -Ilib/eal -I../lib/eal -Ilib/kvargs -I../lib/kvargs -Ilib/log -I../lib/log -Ilib/telemetry/../metrics -I../lib/telemetry/../metrics -Ilib/telemetry -I../lib/telemetry -Ilib/net -I../lib/net -Ilib/mbuf -I../lib/mbuf -Ilib/mempool -I../lib/mempool -Ilib/ring -I../lib/ring -Idrivers/net/ring -I../drivers/net/ring -Ilib/ethdev -I../lib/ethdev -Ilib/meter -I../lib/meter -Idrivers/bus/pci -I../drivers/bus/pci -I../drivers/bus/pci/linux -Ilib/pci -I../lib/pci -Idrivers/bus/vdev -I../drivers/bus/vdev -Ilib/acl -I../lib/acl -Ilib/hash -I../lib/hash -Ilib/rcu -I../lib/rcu -Ilib/metrics -I../lib/metrics -Ilib/bitratestats -I../lib/bitratestats -Ilib/bpf -I../lib/bpf -Ilib/compressdev -I../lib/compressdev -Ilib
/cryptodev -I../lib/cryptodev -Idrivers/crypto/scheduler -I../drivers/crypto/scheduler -Ilib/reorder -I../lib/reorder -Ilib/security -I../lib/security -Ilib/distributor -I../lib/distributor -Ilib/dmadev -I../lib/dmadev -Ilib/efd -I../lib/efd -Ilib/eventdev -I../lib/eventdev -Ilib/timer -I../lib/timer -Ilib/fib -I../lib/fib -Ilib/rib -I../lib/rib -Ilib/table -I../lib/table -Ilib/port -I../lib/port -Ilib/sched -I../lib/sched -Ilib/ip_frag -I../lib/ip_frag -Ilib/lpm -I../lib/lpm -Ilib/graph -I../lib/graph -Ilib/pcapng -I../lib/pcapng -Ilib/ipsec -I../lib/ipsec -Ilib/latencystats -I../lib/latencystats -Idrivers/net/bonding -I../drivers/net/bonding -Ilib/member -I../lib/member -Ilib/pdcp -I../lib/pdcp -Ilib/pdump -I../lib/pdump -Ilib/power -I../lib/power -Ilib/rawdev -I../lib/rawdev -Ilib/stack -I../lib/stack -Ilib/pipeline -I../lib/pipeline -fdiagnostics-color=always -pipe -D_FILE_OFFSET_BITS=64 -Wall -Winvalid-pch -Wextra -Werror -std=c11 -O3 -include rte_config.h -Wcast-qual -Wdepreca
ted -Wformat -Wformat-nonliteral -Wformat-security -Wmissing-declarations -Wmissing-prototypes -Wnested-externs -Wold-style-definition -Wpointer-arith -Wsign-compare -Wstrict-prototypes -Wundef -Wwrite-strings -Wno-packed-not-aligned -Wno-missing-field-initializers -D_GNU_SOURCE -march=native -mrtm -DALLOW_EXPERIMENTAL_API -Wno-format-truncation -fno-strict-aliasing -DALLOW_INTERNAL_API -MD -MQ 'app/a172ced@@dpdk-test@exe/test_test_cryptodev.c.o' -MF 'app/a172ced@@dpdk-test@exe/test_test_cryptodev.c.o.d' -o 'app/a172ced@@dpdk-test@exe/test_test_cryptodev.c.o' -c ../app/test/test_cryptodev.c
In file included from ../app/test/test_cryptodev.c:32:
../app/test/test_cryptodev.c:16324:4: error: initialization of 'int (*)(const void *)' from incompatible pointer type 'int (*)(void)' [-Werror=incompatible-pointer-types]
test_ipsec_proto_sgl_ext_mbuf),
^~~~~~~~~~~~~~~~~~~~~~~~~~~~~
../app/test/test.h:130:28: note: in definition of macro 'TEST_CASE_NAMED_ST'
{ setup, teardown, NULL, testcase, name, 1, NULL }
^~~~~~~~
../app/test/test_cryptodev.c:16324:4: note: (near initialization for 'ipsec_proto_testsuite.unit_test_cases[90].testcase_with_data')
test_ipsec_proto_sgl_ext_mbuf),
^~~~~~~~~~~~~~~~~~~~~~~~~~~~~
../app/test/test.h:130:28: note: in definition of macro 'TEST_CASE_NAMED_ST'
{ setup, teardown, NULL, testcase, name, 1, NULL }
^~~~~~~~
cc1: all warnings being treated as errors
ninja: build stopped: subcommand failed.
==== End log output ====
Alpine
Kernel: 5.4.0-73-generic
Compiler: gcc (Alpine 10.3.1_git20210424) 10.3.1 20210424
FreeBSD 13
Kernel: 13.0
Compiler: clang 11.0.1
Windows Server 2019
Kernel: 10.0
Compiler: clang 14.0 and gcc 8.1.0 (MinGW)
CentOS Stream 8
Kernel: 4.18.0-240.10.1.el8_3.x86_64
Compiler: gcc 8.4.1 20200928
Ubuntu 22.04
Kernel: 4.18.0-240.10.1.el8_3.x86_64
Compiler: gcc 11.3.0
openSUSE Leap 15
Kernel: 4.18.0-240.10.1.el8_3.x86_64
Compiler: gcc 7.5.0
Debian Bullseye
Kernel: 5.4.0-122-generic
Compiler: gcc 10.2.1-6
Ubuntu 20.04
Kernel: 5.4.0-153-generic
Compiler: gcc 9.4.0-1ubuntu1~20.04.1
Fedora 37
Kernel: Depends on container host system
Compiler: gcc 12.3.1
CentOS Stream 9
Kernel: 4.18.0-240.10.1.el8_3.x86_64
Compiler: gcc 11.3.1 20220421
Fedora 38
Kernel: Depends on container host
Compiler: gcc 13.1.1
RHEL8
Kernel: 4.18.0-240.10.1.el8_3.x86_64
Compiler: gcc 8.3.1 20191121 (Red Hat 8.3.1-5)
Debian Buster
Kernel: 5.4.0-122-generic
Compiler: gcc 8.3.0-6
To view detailed results, visit:
https://lab.dpdk.org/results/dashboard/patchsets/27663/
UNH-IOL DPDK Community Lab
To manage your email subscriptions, visit:
https://lab.dpdk.org/results/dashboard/preferences/subscriptions/
^ permalink raw reply [flat|nested] 31+ messages in thread
* |FAILURE| pw131674 [PATCH] [v3] app/test: add external mbuf IPsec te
@ 2023-09-20 11:12 dpdklab
0 siblings, 0 replies; 31+ messages in thread
From: dpdklab @ 2023-09-20 11:12 UTC (permalink / raw)
To: Test Report; +Cc: dpdk-test-reports, Tejasree Kondoj
Test-Label: iol-compile-amd64-testing
Test-Status: FAILURE
http://dpdk.org/patch/131674
_Testing issues_
Submitter: Tejasree Kondoj <ktejasree@marvell.com>
Date: Wednesday, September 20 2023 07:22:30
DPDK git baseline: Repo:dpdk
Branch: master
CommitID:31e60e81f025e9fffa69b68bffe5cfaa22d5c098
131674 --> testing fail
Test environment and result as below:
+---------------------+--------------------+----------------------+
| Environment | dpdk_meson_compile | dpdk_mingw64_compile |
+=====================+====================+======================+
| Alpine | FAIL | SKIPPED |
+---------------------+--------------------+----------------------+
| FreeBSD 13 | FAIL | SKIPPED |
+---------------------+--------------------+----------------------+
| Windows Server 2019 | PASS | PASS |
+---------------------+--------------------+----------------------+
| CentOS Stream 8 | FAIL | SKIPPED |
+---------------------+--------------------+----------------------+
| Ubuntu 22.04 | FAIL | SKIPPED |
+---------------------+--------------------+----------------------+
| openSUSE Leap 15 | FAIL | SKIPPED |
+---------------------+--------------------+----------------------+
| Debian Bullseye | FAIL | SKIPPED |
+---------------------+--------------------+----------------------+
| Ubuntu 20.04 | FAIL | SKIPPED |
+---------------------+--------------------+----------------------+
| Fedora 37 | FAIL | SKIPPED |
+---------------------+--------------------+----------------------+
| CentOS Stream 9 | FAIL | SKIPPED |
+---------------------+--------------------+----------------------+
| Fedora 38 | FAIL | SKIPPED |
+---------------------+--------------------+----------------------+
| RHEL8 | FAIL | SKIPPED |
+---------------------+--------------------+----------------------+
| Debian Buster | FAIL | SKIPPED |
+---------------------+--------------------+----------------------+
==== 20 line log output for Debian Buster (dpdk_meson_compile): ====
[2583/2720] Compiling C object 'app/a172ced@@dpdk-test@exe/test_test_cryptodev_blockcipher.c.o'.
[2584/2720] Compiling C object 'app/a172ced@@dpdk-test@exe/test_test_crc.c.o'.
[2585/2720] Compiling C object 'app/a172ced@@dpdk-test@exe/test_test_cryptodev.c.o'.
FAILED: app/a172ced@@dpdk-test@exe/test_test_cryptodev.c.o
ccache cc -Iapp/a172ced@@dpdk-test@exe -Iapp -I../app -Ilib/cmdline -I../lib/cmdline -I. -I../ -Iconfig -I../config -Ilib/eal/include -I../lib/eal/include -Ilib/eal/linux/include -I../lib/eal/linux/include -Ilib/eal/x86/include -I../lib/eal/x86/include -Ilib/eal/common -I../lib/eal/common -Ilib/eal -I../lib/eal -Ilib/kvargs -I../lib/kvargs -Ilib/log -I../lib/log -Ilib/telemetry/../metrics -I../lib/telemetry/../metrics -Ilib/telemetry -I../lib/telemetry -Ilib/net -I../lib/net -Ilib/mbuf -I../lib/mbuf -Ilib/mempool -I../lib/mempool -Ilib/ring -I../lib/ring -Idrivers/net/ring -I../drivers/net/ring -Ilib/ethdev -I../lib/ethdev -Ilib/meter -I../lib/meter -Idrivers/bus/pci -I../drivers/bus/pci -I../drivers/bus/pci/linux -Ilib/pci -I../lib/pci -Idrivers/bus/vdev -I../drivers/bus/vdev -Ilib/acl -I../lib/acl -Ilib/hash -I../lib/hash -Ilib/rcu -I../lib/rcu -Ilib/metrics -I../lib/metrics -Ilib/bitratestats -I../lib/bitratestats -Ilib/bpf -I../lib/bpf -Ilib/compressdev -I../lib/compressdev -Ilib
/cryptodev -I../lib/cryptodev -Idrivers/crypto/scheduler -I../drivers/crypto/scheduler -Ilib/reorder -I../lib/reorder -Ilib/security -I../lib/security -Ilib/distributor -I../lib/distributor -Ilib/dmadev -I../lib/dmadev -Ilib/efd -I../lib/efd -Ilib/eventdev -I../lib/eventdev -Ilib/timer -I../lib/timer -Ilib/fib -I../lib/fib -Ilib/rib -I../lib/rib -Ilib/table -I../lib/table -Ilib/port -I../lib/port -Ilib/sched -I../lib/sched -Ilib/ip_frag -I../lib/ip_frag -Ilib/lpm -I../lib/lpm -Ilib/graph -I../lib/graph -Ilib/pcapng -I../lib/pcapng -Ilib/ipsec -I../lib/ipsec -Ilib/latencystats -I../lib/latencystats -Idrivers/net/bonding -I../drivers/net/bonding -Ilib/member -I../lib/member -Ilib/pdcp -I../lib/pdcp -Ilib/pdump -I../lib/pdump -Ilib/power -I../lib/power -Ilib/rawdev -I../lib/rawdev -Ilib/stack -I../lib/stack -Ilib/pipeline -I../lib/pipeline -fdiagnostics-color=always -pipe -D_FILE_OFFSET_BITS=64 -Wall -Winvalid-pch -Wextra -Werror -std=c11 -O3 -include rte_config.h -Wcast-qual -Wdepreca
ted -Wformat -Wformat-nonliteral -Wformat-security -Wmissing-declarations -Wmissing-prototypes -Wnested-externs -Wold-style-definition -Wpointer-arith -Wsign-compare -Wstrict-prototypes -Wundef -Wwrite-strings -Wno-packed-not-aligned -Wno-missing-field-initializers -D_GNU_SOURCE -march=native -mrtm -DALLOW_EXPERIMENTAL_API -Wno-format-truncation -fno-strict-aliasing -DALLOW_INTERNAL_API -MD -MQ 'app/a172ced@@dpdk-test@exe/test_test_cryptodev.c.o' -MF 'app/a172ced@@dpdk-test@exe/test_test_cryptodev.c.o.d' -o 'app/a172ced@@dpdk-test@exe/test_test_cryptodev.c.o' -c ../app/test/test_cryptodev.c
In file included from ../app/test/test_cryptodev.c:32:
../app/test/test_cryptodev.c:16324:4: error: initialization of 'int (*)(const void *)' from incompatible pointer type 'int (*)(void)' [-Werror=incompatible-pointer-types]
test_ipsec_proto_sgl_ext_mbuf),
^~~~~~~~~~~~~~~~~~~~~~~~~~~~~
../app/test/test.h:130:28: note: in definition of macro 'TEST_CASE_NAMED_ST'
{ setup, teardown, NULL, testcase, name, 1, NULL }
^~~~~~~~
../app/test/test_cryptodev.c:16324:4: note: (near initialization for 'ipsec_proto_testsuite.unit_test_cases[90].testcase_with_data')
test_ipsec_proto_sgl_ext_mbuf),
^~~~~~~~~~~~~~~~~~~~~~~~~~~~~
../app/test/test.h:130:28: note: in definition of macro 'TEST_CASE_NAMED_ST'
{ setup, teardown, NULL, testcase, name, 1, NULL }
^~~~~~~~
cc1: all warnings being treated as errors
ninja: build stopped: subcommand failed.
==== End log output ====
Alpine
Kernel: 5.4.0-73-generic
Compiler: gcc (Alpine 10.3.1_git20210424) 10.3.1 20210424
FreeBSD 13
Kernel: 13.0
Compiler: clang 11.0.1
Windows Server 2019
Kernel: 10.0
Compiler: clang 14.0 and gcc 8.1.0 (MinGW)
CentOS Stream 8
Kernel: 4.18.0-240.10.1.el8_3.x86_64
Compiler: gcc 8.4.1 20200928
Ubuntu 22.04
Kernel: 4.18.0-240.10.1.el8_3.x86_64
Compiler: gcc 11.3.0
openSUSE Leap 15
Kernel: 4.18.0-240.10.1.el8_3.x86_64
Compiler: gcc 7.5.0
Debian Bullseye
Kernel: 5.4.0-122-generic
Compiler: gcc 10.2.1-6
Ubuntu 20.04
Kernel: 5.4.0-153-generic
Compiler: gcc 9.4.0-1ubuntu1~20.04.1
Fedora 37
Kernel: Depends on container host system
Compiler: gcc 12.3.1
CentOS Stream 9
Kernel: 4.18.0-240.10.1.el8_3.x86_64
Compiler: gcc 11.3.1 20220421
Fedora 38
Kernel: Depends on container host
Compiler: gcc 13.1.1
RHEL8
Kernel: 4.18.0-240.10.1.el8_3.x86_64
Compiler: gcc 8.3.1 20191121 (Red Hat 8.3.1-5)
Debian Buster
Kernel: 5.4.0-122-generic
Compiler: gcc 8.3.0-6
To view detailed results, visit:
https://lab.dpdk.org/results/dashboard/patchsets/27663/
UNH-IOL DPDK Community Lab
To manage your email subscriptions, visit:
https://lab.dpdk.org/results/dashboard/preferences/subscriptions/
^ permalink raw reply [flat|nested] 31+ messages in thread
* |FAILURE| pw131674 [PATCH] [v3] app/test: add external mbuf IPsec te
@ 2023-09-20 11:11 dpdklab
0 siblings, 0 replies; 31+ messages in thread
From: dpdklab @ 2023-09-20 11:11 UTC (permalink / raw)
To: Test Report; +Cc: dpdk-test-reports, Tejasree Kondoj
Test-Label: iol-compile-amd64-testing
Test-Status: FAILURE
http://dpdk.org/patch/131674
_Testing issues_
Submitter: Tejasree Kondoj <ktejasree@marvell.com>
Date: Wednesday, September 20 2023 07:22:30
DPDK git baseline: Repo:dpdk
Branch: master
CommitID:31e60e81f025e9fffa69b68bffe5cfaa22d5c098
131674 --> testing fail
Test environment and result as below:
+---------------------+--------------------+----------------------+
| Environment | dpdk_meson_compile | dpdk_mingw64_compile |
+=====================+====================+======================+
| Alpine | FAIL | SKIPPED |
+---------------------+--------------------+----------------------+
| FreeBSD 13 | FAIL | SKIPPED |
+---------------------+--------------------+----------------------+
| Windows Server 2019 | PASS | PASS |
+---------------------+--------------------+----------------------+
| CentOS Stream 8 | FAIL | SKIPPED |
+---------------------+--------------------+----------------------+
| Ubuntu 22.04 | FAIL | SKIPPED |
+---------------------+--------------------+----------------------+
| openSUSE Leap 15 | FAIL | SKIPPED |
+---------------------+--------------------+----------------------+
| Debian Bullseye | FAIL | SKIPPED |
+---------------------+--------------------+----------------------+
| Ubuntu 20.04 | FAIL | SKIPPED |
+---------------------+--------------------+----------------------+
| Fedora 37 | FAIL | SKIPPED |
+---------------------+--------------------+----------------------+
| CentOS Stream 9 | FAIL | SKIPPED |
+---------------------+--------------------+----------------------+
| Fedora 38 | FAIL | SKIPPED |
+---------------------+--------------------+----------------------+
| RHEL8 | FAIL | SKIPPED |
+---------------------+--------------------+----------------------+
| Debian Buster | FAIL | SKIPPED |
+---------------------+--------------------+----------------------+
==== 20 line log output for Debian Buster (dpdk_meson_compile): ====
[2583/2720] Compiling C object 'app/a172ced@@dpdk-test@exe/test_test_cryptodev_blockcipher.c.o'.
[2584/2720] Compiling C object 'app/a172ced@@dpdk-test@exe/test_test_crc.c.o'.
[2585/2720] Compiling C object 'app/a172ced@@dpdk-test@exe/test_test_cryptodev.c.o'.
FAILED: app/a172ced@@dpdk-test@exe/test_test_cryptodev.c.o
ccache cc -Iapp/a172ced@@dpdk-test@exe -Iapp -I../app -Ilib/cmdline -I../lib/cmdline -I. -I../ -Iconfig -I../config -Ilib/eal/include -I../lib/eal/include -Ilib/eal/linux/include -I../lib/eal/linux/include -Ilib/eal/x86/include -I../lib/eal/x86/include -Ilib/eal/common -I../lib/eal/common -Ilib/eal -I../lib/eal -Ilib/kvargs -I../lib/kvargs -Ilib/log -I../lib/log -Ilib/telemetry/../metrics -I../lib/telemetry/../metrics -Ilib/telemetry -I../lib/telemetry -Ilib/net -I../lib/net -Ilib/mbuf -I../lib/mbuf -Ilib/mempool -I../lib/mempool -Ilib/ring -I../lib/ring -Idrivers/net/ring -I../drivers/net/ring -Ilib/ethdev -I../lib/ethdev -Ilib/meter -I../lib/meter -Idrivers/bus/pci -I../drivers/bus/pci -I../drivers/bus/pci/linux -Ilib/pci -I../lib/pci -Idrivers/bus/vdev -I../drivers/bus/vdev -Ilib/acl -I../lib/acl -Ilib/hash -I../lib/hash -Ilib/rcu -I../lib/rcu -Ilib/metrics -I../lib/metrics -Ilib/bitratestats -I../lib/bitratestats -Ilib/bpf -I../lib/bpf -Ilib/compressdev -I../lib/compressdev -Ilib
/cryptodev -I../lib/cryptodev -Idrivers/crypto/scheduler -I../drivers/crypto/scheduler -Ilib/reorder -I../lib/reorder -Ilib/security -I../lib/security -Ilib/distributor -I../lib/distributor -Ilib/dmadev -I../lib/dmadev -Ilib/efd -I../lib/efd -Ilib/eventdev -I../lib/eventdev -Ilib/timer -I../lib/timer -Ilib/fib -I../lib/fib -Ilib/rib -I../lib/rib -Ilib/table -I../lib/table -Ilib/port -I../lib/port -Ilib/sched -I../lib/sched -Ilib/ip_frag -I../lib/ip_frag -Ilib/lpm -I../lib/lpm -Ilib/graph -I../lib/graph -Ilib/pcapng -I../lib/pcapng -Ilib/ipsec -I../lib/ipsec -Ilib/latencystats -I../lib/latencystats -Idrivers/net/bonding -I../drivers/net/bonding -Ilib/member -I../lib/member -Ilib/pdcp -I../lib/pdcp -Ilib/pdump -I../lib/pdump -Ilib/power -I../lib/power -Ilib/rawdev -I../lib/rawdev -Ilib/stack -I../lib/stack -Ilib/pipeline -I../lib/pipeline -fdiagnostics-color=always -pipe -D_FILE_OFFSET_BITS=64 -Wall -Winvalid-pch -Wextra -Werror -std=c11 -O3 -include rte_config.h -Wcast-qual -Wdepreca
ted -Wformat -Wformat-nonliteral -Wformat-security -Wmissing-declarations -Wmissing-prototypes -Wnested-externs -Wold-style-definition -Wpointer-arith -Wsign-compare -Wstrict-prototypes -Wundef -Wwrite-strings -Wno-packed-not-aligned -Wno-missing-field-initializers -D_GNU_SOURCE -march=native -mrtm -DALLOW_EXPERIMENTAL_API -Wno-format-truncation -fno-strict-aliasing -DALLOW_INTERNAL_API -MD -MQ 'app/a172ced@@dpdk-test@exe/test_test_cryptodev.c.o' -MF 'app/a172ced@@dpdk-test@exe/test_test_cryptodev.c.o.d' -o 'app/a172ced@@dpdk-test@exe/test_test_cryptodev.c.o' -c ../app/test/test_cryptodev.c
In file included from ../app/test/test_cryptodev.c:32:
../app/test/test_cryptodev.c:16324:4: error: initialization of 'int (*)(const void *)' from incompatible pointer type 'int (*)(void)' [-Werror=incompatible-pointer-types]
test_ipsec_proto_sgl_ext_mbuf),
^~~~~~~~~~~~~~~~~~~~~~~~~~~~~
../app/test/test.h:130:28: note: in definition of macro 'TEST_CASE_NAMED_ST'
{ setup, teardown, NULL, testcase, name, 1, NULL }
^~~~~~~~
../app/test/test_cryptodev.c:16324:4: note: (near initialization for 'ipsec_proto_testsuite.unit_test_cases[90].testcase_with_data')
test_ipsec_proto_sgl_ext_mbuf),
^~~~~~~~~~~~~~~~~~~~~~~~~~~~~
../app/test/test.h:130:28: note: in definition of macro 'TEST_CASE_NAMED_ST'
{ setup, teardown, NULL, testcase, name, 1, NULL }
^~~~~~~~
cc1: all warnings being treated as errors
ninja: build stopped: subcommand failed.
==== End log output ====
Alpine
Kernel: 5.4.0-73-generic
Compiler: gcc (Alpine 10.3.1_git20210424) 10.3.1 20210424
FreeBSD 13
Kernel: 13.0
Compiler: clang 11.0.1
Windows Server 2019
Kernel: 10.0
Compiler: clang 14.0 and gcc 8.1.0 (MinGW)
CentOS Stream 8
Kernel: 4.18.0-240.10.1.el8_3.x86_64
Compiler: gcc 8.4.1 20200928
Ubuntu 22.04
Kernel: 4.18.0-240.10.1.el8_3.x86_64
Compiler: gcc 11.3.0
openSUSE Leap 15
Kernel: 4.18.0-240.10.1.el8_3.x86_64
Compiler: gcc 7.5.0
Debian Bullseye
Kernel: 5.4.0-122-generic
Compiler: gcc 10.2.1-6
Ubuntu 20.04
Kernel: 5.4.0-153-generic
Compiler: gcc 9.4.0-1ubuntu1~20.04.1
Fedora 37
Kernel: Depends on container host system
Compiler: gcc 12.3.1
CentOS Stream 9
Kernel: 4.18.0-240.10.1.el8_3.x86_64
Compiler: gcc 11.3.1 20220421
Fedora 38
Kernel: Depends on container host
Compiler: gcc 13.1.1
RHEL8
Kernel: 4.18.0-240.10.1.el8_3.x86_64
Compiler: gcc 8.3.1 20191121 (Red Hat 8.3.1-5)
Debian Buster
Kernel: 5.4.0-122-generic
Compiler: gcc 8.3.0-6
To view detailed results, visit:
https://lab.dpdk.org/results/dashboard/patchsets/27663/
UNH-IOL DPDK Community Lab
To manage your email subscriptions, visit:
https://lab.dpdk.org/results/dashboard/preferences/subscriptions/
^ permalink raw reply [flat|nested] 31+ messages in thread
* |FAILURE| pw131674 [PATCH] [v3] app/test: add external mbuf IPsec te
@ 2023-09-20 11:11 dpdklab
0 siblings, 0 replies; 31+ messages in thread
From: dpdklab @ 2023-09-20 11:11 UTC (permalink / raw)
To: Test Report; +Cc: dpdk-test-reports, Tejasree Kondoj
Test-Label: iol-compile-amd64-testing
Test-Status: FAILURE
http://dpdk.org/patch/131674
_Testing issues_
Submitter: Tejasree Kondoj <ktejasree@marvell.com>
Date: Wednesday, September 20 2023 07:22:30
DPDK git baseline: Repo:dpdk
Branch: master
CommitID:31e60e81f025e9fffa69b68bffe5cfaa22d5c098
131674 --> testing fail
Test environment and result as below:
+---------------------+--------------------+----------------------+
| Environment | dpdk_meson_compile | dpdk_mingw64_compile |
+=====================+====================+======================+
| Alpine | FAIL | SKIPPED |
+---------------------+--------------------+----------------------+
| FreeBSD 13 | FAIL | SKIPPED |
+---------------------+--------------------+----------------------+
| Windows Server 2019 | PASS | PASS |
+---------------------+--------------------+----------------------+
| CentOS Stream 8 | FAIL | SKIPPED |
+---------------------+--------------------+----------------------+
| Ubuntu 22.04 | FAIL | SKIPPED |
+---------------------+--------------------+----------------------+
| openSUSE Leap 15 | FAIL | SKIPPED |
+---------------------+--------------------+----------------------+
| Debian Bullseye | FAIL | SKIPPED |
+---------------------+--------------------+----------------------+
| Ubuntu 20.04 | FAIL | SKIPPED |
+---------------------+--------------------+----------------------+
| Fedora 37 | FAIL | SKIPPED |
+---------------------+--------------------+----------------------+
| CentOS Stream 9 | FAIL | SKIPPED |
+---------------------+--------------------+----------------------+
| Fedora 38 | FAIL | SKIPPED |
+---------------------+--------------------+----------------------+
| RHEL8 | FAIL | SKIPPED |
+---------------------+--------------------+----------------------+
| Debian Buster | FAIL | SKIPPED |
+---------------------+--------------------+----------------------+
==== 20 line log output for Debian Buster (dpdk_meson_compile): ====
[2583/2720] Compiling C object 'app/a172ced@@dpdk-test@exe/test_test_cryptodev_blockcipher.c.o'.
[2584/2720] Compiling C object 'app/a172ced@@dpdk-test@exe/test_test_crc.c.o'.
[2585/2720] Compiling C object 'app/a172ced@@dpdk-test@exe/test_test_cryptodev.c.o'.
FAILED: app/a172ced@@dpdk-test@exe/test_test_cryptodev.c.o
ccache cc -Iapp/a172ced@@dpdk-test@exe -Iapp -I../app -Ilib/cmdline -I../lib/cmdline -I. -I../ -Iconfig -I../config -Ilib/eal/include -I../lib/eal/include -Ilib/eal/linux/include -I../lib/eal/linux/include -Ilib/eal/x86/include -I../lib/eal/x86/include -Ilib/eal/common -I../lib/eal/common -Ilib/eal -I../lib/eal -Ilib/kvargs -I../lib/kvargs -Ilib/log -I../lib/log -Ilib/telemetry/../metrics -I../lib/telemetry/../metrics -Ilib/telemetry -I../lib/telemetry -Ilib/net -I../lib/net -Ilib/mbuf -I../lib/mbuf -Ilib/mempool -I../lib/mempool -Ilib/ring -I../lib/ring -Idrivers/net/ring -I../drivers/net/ring -Ilib/ethdev -I../lib/ethdev -Ilib/meter -I../lib/meter -Idrivers/bus/pci -I../drivers/bus/pci -I../drivers/bus/pci/linux -Ilib/pci -I../lib/pci -Idrivers/bus/vdev -I../drivers/bus/vdev -Ilib/acl -I../lib/acl -Ilib/hash -I../lib/hash -Ilib/rcu -I../lib/rcu -Ilib/metrics -I../lib/metrics -Ilib/bitratestats -I../lib/bitratestats -Ilib/bpf -I../lib/bpf -Ilib/compressdev -I../lib/compressdev -Ilib
/cryptodev -I../lib/cryptodev -Idrivers/crypto/scheduler -I../drivers/crypto/scheduler -Ilib/reorder -I../lib/reorder -Ilib/security -I../lib/security -Ilib/distributor -I../lib/distributor -Ilib/dmadev -I../lib/dmadev -Ilib/efd -I../lib/efd -Ilib/eventdev -I../lib/eventdev -Ilib/timer -I../lib/timer -Ilib/fib -I../lib/fib -Ilib/rib -I../lib/rib -Ilib/table -I../lib/table -Ilib/port -I../lib/port -Ilib/sched -I../lib/sched -Ilib/ip_frag -I../lib/ip_frag -Ilib/lpm -I../lib/lpm -Ilib/graph -I../lib/graph -Ilib/pcapng -I../lib/pcapng -Ilib/ipsec -I../lib/ipsec -Ilib/latencystats -I../lib/latencystats -Idrivers/net/bonding -I../drivers/net/bonding -Ilib/member -I../lib/member -Ilib/pdcp -I../lib/pdcp -Ilib/pdump -I../lib/pdump -Ilib/power -I../lib/power -Ilib/rawdev -I../lib/rawdev -Ilib/stack -I../lib/stack -Ilib/pipeline -I../lib/pipeline -fdiagnostics-color=always -pipe -D_FILE_OFFSET_BITS=64 -Wall -Winvalid-pch -Wextra -Werror -std=c11 -O3 -include rte_config.h -Wcast-qual -Wdepreca
ted -Wformat -Wformat-nonliteral -Wformat-security -Wmissing-declarations -Wmissing-prototypes -Wnested-externs -Wold-style-definition -Wpointer-arith -Wsign-compare -Wstrict-prototypes -Wundef -Wwrite-strings -Wno-packed-not-aligned -Wno-missing-field-initializers -D_GNU_SOURCE -march=native -mrtm -DALLOW_EXPERIMENTAL_API -Wno-format-truncation -fno-strict-aliasing -DALLOW_INTERNAL_API -MD -MQ 'app/a172ced@@dpdk-test@exe/test_test_cryptodev.c.o' -MF 'app/a172ced@@dpdk-test@exe/test_test_cryptodev.c.o.d' -o 'app/a172ced@@dpdk-test@exe/test_test_cryptodev.c.o' -c ../app/test/test_cryptodev.c
In file included from ../app/test/test_cryptodev.c:32:
../app/test/test_cryptodev.c:16324:4: error: initialization of 'int (*)(const void *)' from incompatible pointer type 'int (*)(void)' [-Werror=incompatible-pointer-types]
test_ipsec_proto_sgl_ext_mbuf),
^~~~~~~~~~~~~~~~~~~~~~~~~~~~~
../app/test/test.h:130:28: note: in definition of macro 'TEST_CASE_NAMED_ST'
{ setup, teardown, NULL, testcase, name, 1, NULL }
^~~~~~~~
../app/test/test_cryptodev.c:16324:4: note: (near initialization for 'ipsec_proto_testsuite.unit_test_cases[90].testcase_with_data')
test_ipsec_proto_sgl_ext_mbuf),
^~~~~~~~~~~~~~~~~~~~~~~~~~~~~
../app/test/test.h:130:28: note: in definition of macro 'TEST_CASE_NAMED_ST'
{ setup, teardown, NULL, testcase, name, 1, NULL }
^~~~~~~~
cc1: all warnings being treated as errors
ninja: build stopped: subcommand failed.
==== End log output ====
Alpine
Kernel: 5.4.0-73-generic
Compiler: gcc (Alpine 10.3.1_git20210424) 10.3.1 20210424
FreeBSD 13
Kernel: 13.0
Compiler: clang 11.0.1
Windows Server 2019
Kernel: 10.0
Compiler: clang 14.0 and gcc 8.1.0 (MinGW)
CentOS Stream 8
Kernel: 4.18.0-240.10.1.el8_3.x86_64
Compiler: gcc 8.4.1 20200928
Ubuntu 22.04
Kernel: 4.18.0-240.10.1.el8_3.x86_64
Compiler: gcc 11.3.0
openSUSE Leap 15
Kernel: 4.18.0-240.10.1.el8_3.x86_64
Compiler: gcc 7.5.0
Debian Bullseye
Kernel: 5.4.0-122-generic
Compiler: gcc 10.2.1-6
Ubuntu 20.04
Kernel: 5.4.0-153-generic
Compiler: gcc 9.4.0-1ubuntu1~20.04.1
Fedora 37
Kernel: Depends on container host system
Compiler: gcc 12.3.1
CentOS Stream 9
Kernel: 4.18.0-240.10.1.el8_3.x86_64
Compiler: gcc 11.3.1 20220421
Fedora 38
Kernel: Depends on container host
Compiler: gcc 13.1.1
RHEL8
Kernel: 4.18.0-240.10.1.el8_3.x86_64
Compiler: gcc 8.3.1 20191121 (Red Hat 8.3.1-5)
Debian Buster
Kernel: 5.4.0-122-generic
Compiler: gcc 8.3.0-6
To view detailed results, visit:
https://lab.dpdk.org/results/dashboard/patchsets/27663/
UNH-IOL DPDK Community Lab
To manage your email subscriptions, visit:
https://lab.dpdk.org/results/dashboard/preferences/subscriptions/
^ permalink raw reply [flat|nested] 31+ messages in thread
* |FAILURE| pw131674 [PATCH] [v3] app/test: add external mbuf IPsec te
@ 2023-09-20 11:09 dpdklab
0 siblings, 0 replies; 31+ messages in thread
From: dpdklab @ 2023-09-20 11:09 UTC (permalink / raw)
To: Test Report; +Cc: dpdk-test-reports, Tejasree Kondoj
Test-Label: iol-compile-amd64-testing
Test-Status: FAILURE
http://dpdk.org/patch/131674
_Testing issues_
Submitter: Tejasree Kondoj <ktejasree@marvell.com>
Date: Wednesday, September 20 2023 07:22:30
DPDK git baseline: Repo:dpdk
Branch: master
CommitID:31e60e81f025e9fffa69b68bffe5cfaa22d5c098
131674 --> testing fail
Test environment and result as below:
+---------------------+--------------------+----------------------+
| Environment | dpdk_meson_compile | dpdk_mingw64_compile |
+=====================+====================+======================+
| Alpine | FAIL | SKIPPED |
+---------------------+--------------------+----------------------+
| FreeBSD 13 | FAIL | SKIPPED |
+---------------------+--------------------+----------------------+
| Windows Server 2019 | PASS | PASS |
+---------------------+--------------------+----------------------+
| CentOS Stream 8 | FAIL | SKIPPED |
+---------------------+--------------------+----------------------+
| Ubuntu 22.04 | FAIL | SKIPPED |
+---------------------+--------------------+----------------------+
| openSUSE Leap 15 | FAIL | SKIPPED |
+---------------------+--------------------+----------------------+
| Debian Bullseye | FAIL | SKIPPED |
+---------------------+--------------------+----------------------+
| Ubuntu 20.04 | FAIL | SKIPPED |
+---------------------+--------------------+----------------------+
| Fedora 37 | FAIL | SKIPPED |
+---------------------+--------------------+----------------------+
| CentOS Stream 9 | FAIL | SKIPPED |
+---------------------+--------------------+----------------------+
| Fedora 38 | FAIL | SKIPPED |
+---------------------+--------------------+----------------------+
| RHEL8 | FAIL | SKIPPED |
+---------------------+--------------------+----------------------+
==== 20 line log output for RHEL8 (dpdk_meson_compile): ====
[2590/2727] Compiling C object 'app/a172ced@@dpdk-test@exe/test_test_cryptodev_blockcipher.c.o'.
[2591/2727] Compiling C object 'app/a172ced@@dpdk-test@exe/test_test_crc.c.o'.
[2592/2727] Compiling C object 'app/a172ced@@dpdk-test@exe/test_test_cryptodev.c.o'.
FAILED: app/a172ced@@dpdk-test@exe/test_test_cryptodev.c.o
ccache cc -Iapp/a172ced@@dpdk-test@exe -Iapp -I../app -Ilib/cmdline -I../lib/cmdline -I. -I../ -Iconfig -I../config -Ilib/eal/include -I../lib/eal/include -Ilib/eal/linux/include -I../lib/eal/linux/include -Ilib/eal/x86/include -I../lib/eal/x86/include -Ilib/eal/common -I../lib/eal/common -Ilib/eal -I../lib/eal -Ilib/kvargs -I../lib/kvargs -Ilib/log -I../lib/log -Ilib/telemetry/../metrics -I../lib/telemetry/../metrics -Ilib/telemetry -I../lib/telemetry -Ilib/net -I../lib/net -Ilib/mbuf -I../lib/mbuf -Ilib/mempool -I../lib/mempool -Ilib/ring -I../lib/ring -Idrivers/net/ring -I../drivers/net/ring -Ilib/ethdev -I../lib/ethdev -Ilib/meter -I../lib/meter -Idrivers/bus/pci -I../drivers/bus/pci -I../drivers/bus/pci/linux -Ilib/pci -I../lib/pci -Idrivers/bus/vdev -I../drivers/bus/vdev -Ilib/acl -I../lib/acl -Ilib/hash -I../lib/hash -Ilib/rcu -I../lib/rcu -Ilib/metrics -I../lib/metrics -Ilib/bitratestats -I../lib/bitratestats -Ilib/bpf -I../lib/bpf -Ilib/compressdev -I../lib/compressdev -Ilib
/cryptodev -I../lib/cryptodev -Idrivers/crypto/scheduler -I../drivers/crypto/scheduler -Ilib/reorder -I../lib/reorder -Ilib/security -I../lib/security -Ilib/distributor -I../lib/distributor -Ilib/dmadev -I../lib/dmadev -Ilib/efd -I../lib/efd -Ilib/eventdev -I../lib/eventdev -Ilib/timer -I../lib/timer -Ilib/fib -I../lib/fib -Ilib/rib -I../lib/rib -Ilib/table -I../lib/table -Ilib/port -I../lib/port -Ilib/sched -I../lib/sched -Ilib/ip_frag -I../lib/ip_frag -Ilib/lpm -I../lib/lpm -Ilib/graph -I../lib/graph -Ilib/pcapng -I../lib/pcapng -Ilib/ipsec -I../lib/ipsec -Ilib/latencystats -I../lib/latencystats -Idrivers/net/bonding -I../drivers/net/bonding -Ilib/member -I../lib/member -Ilib/pdcp -I../lib/pdcp -Ilib/pdump -I../lib/pdump -Ilib/power -I../lib/power -Ilib/rawdev -I../lib/rawdev -Ilib/stack -I../lib/stack -Ilib/pipeline -I../lib/pipeline -fdiagnostics-color=always -pipe -D_FILE_OFFSET_BITS=64 -Wall -Winvalid-pch -Wextra -Werror -std=c11 -O3 -include rte_config.h -Wcast-qual -Wdepreca
ted -Wformat -Wformat-nonliteral -Wformat-security -Wmissing-declarations -Wmissing-prototypes -Wnested-externs -Wold-style-definition -Wpointer-arith -Wsign-compare -Wstrict-prototypes -Wundef -Wwrite-strings -Wno-packed-not-aligned -Wno-missing-field-initializers -D_GNU_SOURCE -march=native -mrtm -DALLOW_EXPERIMENTAL_API -Wno-format-truncation -fno-strict-aliasing -DALLOW_INTERNAL_API -MD -MQ 'app/a172ced@@dpdk-test@exe/test_test_cryptodev.c.o' -MF 'app/a172ced@@dpdk-test@exe/test_test_cryptodev.c.o.d' -o 'app/a172ced@@dpdk-test@exe/test_test_cryptodev.c.o' -c ../app/test/test_cryptodev.c
In file included from ../app/test/test_cryptodev.c:32:
../app/test/test_cryptodev.c:16324:4: error: initialization of 'int (*)(const void *)' from incompatible pointer type 'int (*)(void)' [-Werror=incompatible-pointer-types]
test_ipsec_proto_sgl_ext_mbuf),
^~~~~~~~~~~~~~~~~~~~~~~~~~~~~
../app/test/test.h:130:28: note: in definition of macro 'TEST_CASE_NAMED_ST'
{ setup, teardown, NULL, testcase, name, 1, NULL }
^~~~~~~~
../app/test/test_cryptodev.c:16324:4: note: (near initialization for 'ipsec_proto_testsuite.unit_test_cases[90].testcase_with_data')
test_ipsec_proto_sgl_ext_mbuf),
^~~~~~~~~~~~~~~~~~~~~~~~~~~~~
../app/test/test.h:130:28: note: in definition of macro 'TEST_CASE_NAMED_ST'
{ setup, teardown, NULL, testcase, name, 1, NULL }
^~~~~~~~
cc1: all warnings being treated as errors
ninja: build stopped: subcommand failed.
==== End log output ====
Alpine
Kernel: 5.4.0-73-generic
Compiler: gcc (Alpine 10.3.1_git20210424) 10.3.1 20210424
FreeBSD 13
Kernel: 13.0
Compiler: clang 11.0.1
Windows Server 2019
Kernel: 10.0
Compiler: clang 14.0 and gcc 8.1.0 (MinGW)
CentOS Stream 8
Kernel: 4.18.0-240.10.1.el8_3.x86_64
Compiler: gcc 8.4.1 20200928
Ubuntu 22.04
Kernel: 4.18.0-240.10.1.el8_3.x86_64
Compiler: gcc 11.3.0
openSUSE Leap 15
Kernel: 4.18.0-240.10.1.el8_3.x86_64
Compiler: gcc 7.5.0
Debian Bullseye
Kernel: 5.4.0-122-generic
Compiler: gcc 10.2.1-6
Ubuntu 20.04
Kernel: 5.4.0-153-generic
Compiler: gcc 9.4.0-1ubuntu1~20.04.1
Fedora 37
Kernel: Depends on container host system
Compiler: gcc 12.3.1
CentOS Stream 9
Kernel: 4.18.0-240.10.1.el8_3.x86_64
Compiler: gcc 11.3.1 20220421
Fedora 38
Kernel: Depends on container host
Compiler: gcc 13.1.1
RHEL8
Kernel: 4.18.0-240.10.1.el8_3.x86_64
Compiler: gcc 8.3.1 20191121 (Red Hat 8.3.1-5)
To view detailed results, visit:
https://lab.dpdk.org/results/dashboard/patchsets/27663/
UNH-IOL DPDK Community Lab
To manage your email subscriptions, visit:
https://lab.dpdk.org/results/dashboard/preferences/subscriptions/
^ permalink raw reply [flat|nested] 31+ messages in thread
* |FAILURE| pw131674 [PATCH] [v3] app/test: add external mbuf IPsec te
@ 2023-09-20 11:07 dpdklab
0 siblings, 0 replies; 31+ messages in thread
From: dpdklab @ 2023-09-20 11:07 UTC (permalink / raw)
To: Test Report; +Cc: dpdk-test-reports, Tejasree Kondoj
Test-Label: iol-compile-amd64-testing
Test-Status: FAILURE
http://dpdk.org/patch/131674
_Testing issues_
Submitter: Tejasree Kondoj <ktejasree@marvell.com>
Date: Wednesday, September 20 2023 07:22:30
DPDK git baseline: Repo:dpdk
Branch: master
CommitID:31e60e81f025e9fffa69b68bffe5cfaa22d5c098
131674 --> testing fail
Test environment and result as below:
+---------------------+--------------------+----------------------+
| Environment | dpdk_meson_compile | dpdk_mingw64_compile |
+=====================+====================+======================+
| Alpine | FAIL | SKIPPED |
+---------------------+--------------------+----------------------+
| FreeBSD 13 | FAIL | SKIPPED |
+---------------------+--------------------+----------------------+
| Windows Server 2019 | PASS | PASS |
+---------------------+--------------------+----------------------+
| CentOS Stream 8 | FAIL | SKIPPED |
+---------------------+--------------------+----------------------+
| Ubuntu 22.04 | FAIL | SKIPPED |
+---------------------+--------------------+----------------------+
| openSUSE Leap 15 | FAIL | SKIPPED |
+---------------------+--------------------+----------------------+
| Debian Bullseye | FAIL | SKIPPED |
+---------------------+--------------------+----------------------+
| Ubuntu 20.04 | FAIL | SKIPPED |
+---------------------+--------------------+----------------------+
| Fedora 37 | FAIL | SKIPPED |
+---------------------+--------------------+----------------------+
| CentOS Stream 9 | FAIL | SKIPPED |
+---------------------+--------------------+----------------------+
==== 20 line log output for CentOS Stream 9 (dpdk_meson_compile): ====
[2592/2732] Compiling C object 'app/a172ced@@dpdk-test@exe/test_test_cpuflags.c.o'.
[2593/2732] Compiling C object 'app/a172ced@@dpdk-test@exe/test_test_crc.c.o'.
[2594/2732] Compiling C object 'app/a172ced@@dpdk-test@exe/test_test_cryptodev.c.o'.
FAILED: app/a172ced@@dpdk-test@exe/test_test_cryptodev.c.o
ccache cc -Iapp/a172ced@@dpdk-test@exe -Iapp -I../app -Ilib/cmdline -I../lib/cmdline -I. -I../ -Iconfig -I../config -Ilib/eal/include -I../lib/eal/include -Ilib/eal/linux/include -I../lib/eal/linux/include -Ilib/eal/x86/include -I../lib/eal/x86/include -Ilib/eal/common -I../lib/eal/common -Ilib/eal -I../lib/eal -Ilib/kvargs -I../lib/kvargs -Ilib/log -I../lib/log -Ilib/telemetry/../metrics -I../lib/telemetry/../metrics -Ilib/telemetry -I../lib/telemetry -Ilib/net -I../lib/net -Ilib/mbuf -I../lib/mbuf -Ilib/mempool -I../lib/mempool -Ilib/ring -I../lib/ring -Idrivers/net/ring -I../drivers/net/ring -Ilib/ethdev -I../lib/ethdev -Ilib/meter -I../lib/meter -Idrivers/bus/pci -I../drivers/bus/pci -I../drivers/bus/pci/linux -Ilib/pci -I../lib/pci -Idrivers/bus/vdev -I../drivers/bus/vdev -Ilib/acl -I../lib/acl -Ilib/hash -I../lib/hash -Ilib/rcu -I../lib/rcu -Ilib/metrics -I../lib/metrics -Ilib/bitratestats -I../lib/bitratestats -Ilib/bpf -I../lib/bpf -Ilib/compressdev -I../lib/compressdev -Ilib
/cryptodev -I../lib/cryptodev -Idrivers/crypto/scheduler -I../drivers/crypto/scheduler -Ilib/reorder -I../lib/reorder -Ilib/security -I../lib/security -Ilib/distributor -I../lib/distributor -Ilib/dmadev -I../lib/dmadev -Ilib/efd -I../lib/efd -Ilib/eventdev -I../lib/eventdev -Ilib/timer -I../lib/timer -Ilib/fib -I../lib/fib -Ilib/rib -I../lib/rib -Ilib/table -I../lib/table -Ilib/port -I../lib/port -Ilib/sched -I../lib/sched -Ilib/ip_frag -I../lib/ip_frag -Ilib/lpm -I../lib/lpm -Ilib/graph -I../lib/graph -Ilib/pcapng -I../lib/pcapng -Ilib/ipsec -I../lib/ipsec -Ilib/latencystats -I../lib/latencystats -Idrivers/net/bonding -I../drivers/net/bonding -Ilib/member -I../lib/member -Ilib/pdcp -I../lib/pdcp -Ilib/pdump -I../lib/pdump -Ilib/power -I../lib/power -Ilib/rawdev -I../lib/rawdev -Ilib/stack -I../lib/stack -Ilib/pipeline -I../lib/pipeline -fdiagnostics-color=always -pipe -D_FILE_OFFSET_BITS=64 -Wall -Winvalid-pch -Wextra -Werror -std=c11 -O3 -include rte_config.h -Wcast-qual -Wdepreca
ted -Wformat -Wformat-nonliteral -Wformat-security -Wmissing-declarations -Wmissing-prototypes -Wnested-externs -Wold-style-definition -Wpointer-arith -Wsign-compare -Wstrict-prototypes -Wundef -Wwrite-strings -Wno-address-of-packed-member -Wno-packed-not-aligned -Wno-missing-field-initializers -Wno-zero-length-bounds -D_GNU_SOURCE -march=native -mrtm -DALLOW_EXPERIMENTAL_API -Wno-format-truncation -fno-strict-aliasing -DALLOW_INTERNAL_API -MD -MQ 'app/a172ced@@dpdk-test@exe/test_test_cryptodev.c.o' -MF 'app/a172ced@@dpdk-test@exe/test_test_cryptodev.c.o.d' -o 'app/a172ced@@dpdk-test@exe/test_test_cryptodev.c.o' -c ../app/test/test_cryptodev.c
In file included from ../app/test/test_cryptodev.c:32:
../app/test/test_cryptodev.c:16324:25: error: initialization of 'int (*)(const void *)' from incompatible pointer type 'int (*)(void)' [-Werror=incompatible-pointer-types]
16324 | test_ipsec_proto_sgl_ext_mbuf),
| ^~~~~~~~~~~~~~~~~~~~~~~~~~~~~
../app/test/test.h:130:42: note: in definition of macro 'TEST_CASE_NAMED_ST'
130 | { setup, teardown, NULL, testcase, name, 1, NULL }
| ^~~~~~~~
../app/test/test_cryptodev.c:16324:25: note: (near initialization for 'ipsec_proto_testsuite.unit_test_cases[90].testcase_with_data')
16324 | test_ipsec_proto_sgl_ext_mbuf),
| ^~~~~~~~~~~~~~~~~~~~~~~~~~~~~
../app/test/test.h:130:42: note: in definition of macro 'TEST_CASE_NAMED_ST'
130 | { setup, teardown, NULL, testcase, name, 1, NULL }
| ^~~~~~~~
cc1: all warnings being treated as errors
ninja: build stopped: subcommand failed.
==== End log output ====
Alpine
Kernel: 5.4.0-73-generic
Compiler: gcc (Alpine 10.3.1_git20210424) 10.3.1 20210424
FreeBSD 13
Kernel: 13.0
Compiler: clang 11.0.1
Windows Server 2019
Kernel: 10.0
Compiler: clang 14.0 and gcc 8.1.0 (MinGW)
CentOS Stream 8
Kernel: 4.18.0-240.10.1.el8_3.x86_64
Compiler: gcc 8.4.1 20200928
Ubuntu 22.04
Kernel: 4.18.0-240.10.1.el8_3.x86_64
Compiler: gcc 11.3.0
openSUSE Leap 15
Kernel: 4.18.0-240.10.1.el8_3.x86_64
Compiler: gcc 7.5.0
Debian Bullseye
Kernel: 5.4.0-122-generic
Compiler: gcc 10.2.1-6
Ubuntu 20.04
Kernel: 5.4.0-153-generic
Compiler: gcc 9.4.0-1ubuntu1~20.04.1
Fedora 37
Kernel: Depends on container host system
Compiler: gcc 12.3.1
CentOS Stream 9
Kernel: 4.18.0-240.10.1.el8_3.x86_64
Compiler: gcc 11.3.1 20220421
To view detailed results, visit:
https://lab.dpdk.org/results/dashboard/patchsets/27663/
UNH-IOL DPDK Community Lab
To manage your email subscriptions, visit:
https://lab.dpdk.org/results/dashboard/preferences/subscriptions/
^ permalink raw reply [flat|nested] 31+ messages in thread
end of thread, other threads:[~2023-09-20 12:33 UTC | newest]
Thread overview: 31+ messages (download: mbox.gz / follow: Atom feed)
-- links below jump to the message on this page --
2023-09-20 11:09 |FAILURE| pw131674 [PATCH] [v3] app/test: add external mbuf IPsec te dpdklab
-- strict thread matches above, loose matches on Subject: below --
2023-09-20 12:33 dpdklab
2023-09-20 11:40 dpdklab
2023-09-20 11:39 dpdklab
2023-09-20 11:39 dpdklab
2023-09-20 11:36 dpdklab
2023-09-20 11:34 dpdklab
2023-09-20 11:32 dpdklab
2023-09-20 11:32 dpdklab
2023-09-20 11:32 dpdklab
2023-09-20 11:32 dpdklab
2023-09-20 11:29 dpdklab
2023-09-20 11:29 dpdklab
2023-09-20 11:28 dpdklab
2023-09-20 11:23 dpdklab
2023-09-20 11:23 dpdklab
2023-09-20 11:22 dpdklab
2023-09-20 11:22 dpdklab
2023-09-20 11:22 dpdklab
2023-09-20 11:22 dpdklab
2023-09-20 11:21 dpdklab
2023-09-20 11:21 dpdklab
2023-09-20 11:21 dpdklab
2023-09-20 11:21 dpdklab
2023-09-20 11:21 dpdklab
2023-09-20 11:20 dpdklab
2023-09-20 11:12 dpdklab
2023-09-20 11:11 dpdklab
2023-09-20 11:11 dpdklab
2023-09-20 11:09 dpdklab
2023-09-20 11:07 dpdklab
This is a public inbox, see mirroring instructions
for how to clone and mirror all data and code used for this inbox;
as well as URLs for NNTP newsgroup(s).