* |FAILURE| pw131874-131883 [PATCH] [10/10] net/nfp: destroy security
@ 2023-09-25 16:56 dpdklab
0 siblings, 0 replies; 5+ messages in thread
From: dpdklab @ 2023-09-25 16:56 UTC (permalink / raw)
To: Test Report
Cc: dpdk-test-reports, Andrew Rybchenko, Ferruh Yigit, Chaoyong He
Test-Label: iol-compile-amd64-testing
Test-Status: FAILURE
http://dpdk.org/patch/131883
_Testing issues_
Submitter: Chaoyong He <chaoyong.he@corigine.com>
Date: Monday, September 25 2023 06:06:44
DPDK git baseline: Repo:dpdk-next-net
Branch: master
CommitID:afa9a70281ee1fc1889bda529ce573491092c2bf
131874-131883 --> testing fail
Test environment and result as below:
+---------------------+--------------------+----------------------+
| Environment | dpdk_meson_compile | dpdk_mingw64_compile |
+=====================+====================+======================+
| FreeBSD 13 | PASS | SKIPPED |
+---------------------+--------------------+----------------------+
| Windows Server 2019 | PASS | PASS |
+---------------------+--------------------+----------------------+
| Fedora 37 | PASS | SKIPPED |
+---------------------+--------------------+----------------------+
| CentOS Stream 9 | PASS | SKIPPED |
+---------------------+--------------------+----------------------+
| Debian Bullseye | PASS | SKIPPED |
+---------------------+--------------------+----------------------+
| CentOS Stream 8 | PASS | SKIPPED |
+---------------------+--------------------+----------------------+
| Debian Buster | PASS | SKIPPED |
+---------------------+--------------------+----------------------+
| Fedora 38 | PASS | SKIPPED |
+---------------------+--------------------+----------------------+
| openSUSE Leap 15 | PASS | SKIPPED |
+---------------------+--------------------+----------------------+
| Alpine | FAIL | SKIPPED |
+---------------------+--------------------+----------------------+
| RHEL8 | PASS | SKIPPED |
+---------------------+--------------------+----------------------+
| Ubuntu 20.04 | PASS | SKIPPED |
+---------------------+--------------------+----------------------+
| Ubuntu 22.04 | PASS | SKIPPED |
+---------------------+--------------------+----------------------+
==== 20 line log output for Alpine (dpdk_meson_compile): ====
[838/2585] Compiling C object 'drivers/net/ngbe/base/668b126@@ngbe_base@sta/ngbe_phy_rtl.c.o'.
[839/2585] Compiling C object 'drivers/net/ngbe/base/668b126@@ngbe_base@sta/ngbe_phy.c.o'.
[840/2585] Compiling C object 'drivers/net/ngbe/base/668b126@@ngbe_base@sta/ngbe_mng.c.o'.
[841/2585] Compiling C object 'drivers/net/ngbe/base/668b126@@ngbe_base@sta/ngbe_mbx.c.o'.
[842/2585] Compiling C object 'drivers/net/ngbe/base/668b126@@ngbe_base@sta/ngbe_hw.c.o'.
[843/2585] Compiling C object 'drivers/net/ngbe/base/668b126@@ngbe_base@sta/ngbe_eeprom.c.o'.
[844/2585] Linking static target drivers/librte_net_ngbe.a.
[845/2585] Linking static target drivers/net/ngbe/base/libngbe_base.a.
[846/2585] Compiling C object 'drivers/a715181@@tmp_rte_net_nfp@sta/net_nfp_nfp_mtr.c.o'.
[847/2585] Compiling C object 'drivers/a715181@@tmp_rte_net_nfp@sta/net_nfp_nfp_logs.c.o'.
[848/2585] Compiling C object 'drivers/a715181@@tmp_rte_net_nfp@sta/net_nfp_nfp_ipsec.c.o'.
^[[01m^[[K../drivers/net/nfp/nfp_ipsec.c:^[[m^[[K In function '^[[01m^[[Knfp_ipsec_msg_build^[[m^[[K':
^[[01m^[[K../drivers/net/nfp/nfp_ipsec.c:1030:67:^[[m^[[K ^[[01;31m^[[Kerror: ^[[m^[[K'^[[01m^[[Kstruct in6_addr^[[m^[[K' has no member named '^[[01m^[[K__in6_u^[[m^[[K'; did you mean '^[[01m^[[K__in6_union^[[m^[[K'?
1030 | src_ip = conf->ipsec.tunnel.ipv6.src_addr.^[[01;31m^[[K__in6_u^[[m^[[K.__u6_addr32;
| ^[[01;31m^[[K^~~~~~~^[[m^[[K
| ^[[32m^[[K__in6_union^[[m^[[K
^[[01m^[[K../drivers/net/nfp/nfp_ipsec.c:1031:67:^[[m^[[K ^[[01;31m^[[Kerror: ^[[m^[[K'^[[01m^[[Kstruct in6_addr^[[m^[[K' has no member named '^[[01m^[[K__in6_u^[[m^[[K'; did you mean '^[[01m^[[K__in6_union^[[m^[[K'?
1031 | dst_ip = conf->ipsec.tunnel.ipv6.dst_addr.^[[01;31m^[[K__in6_u^[[m^[[K.__u6_addr32;
| ^[[01;31m^[[K^~~~~~~^[[m^[[K
| ^[[32m^[[K__in6_union^[[m^[[K
==== End log output ====
FreeBSD 13
Kernel: 13.0
Compiler: clang 11.0.1
Windows Server 2019
Kernel: 10.0
Compiler: clang 14.0 and gcc 8.1.0 (MinGW)
Fedora 37
Kernel: Depends on container host system
Compiler: gcc 12.3.1
CentOS Stream 9
Kernel: 4.18.0-240.10.1.el8_3.x86_64
Compiler: gcc 11.3.1 20220421
Debian Bullseye
Kernel: 5.4.0-122-generic
Compiler: gcc 10.2.1-6
CentOS Stream 8
Kernel: 4.18.0-240.10.1.el8_3.x86_64
Compiler: gcc 8.4.1 20200928
Debian Buster
Kernel: 5.4.0-122-generic
Compiler: gcc 8.3.0-6
Fedora 38
Kernel: Depends on container host
Compiler: clang 16.0.3
openSUSE Leap 15
Kernel: 4.18.0-240.10.1.el8_3.x86_64
Compiler: gcc 7.5.0
Alpine
Kernel: 5.4.0-73-generic
Compiler: gcc (Alpine 10.3.1_git20210424) 10.3.1 20210424
RHEL8
Kernel: 4.18.0-240.10.1.el8_3.x86_64
Compiler: gcc 8.3.1 20191121 (Red Hat 8.3.1-5)
Ubuntu 20.04
Kernel: 5.4.0-153-generic
Compiler: gcc 9.4.0-1ubuntu1~20.04.1
Ubuntu 22.04
Kernel: 4.18.0-240.10.1.el8_3.x86_64
Compiler: gcc 11.3.0
To view detailed results, visit:
https://lab.dpdk.org/results/dashboard/patchsets/27709/
UNH-IOL DPDK Community Lab
To manage your email subscriptions, visit:
https://lab.dpdk.org/results/dashboard/preferences/subscriptions/
^ permalink raw reply [flat|nested] 5+ messages in thread
* |FAILURE| pw131874-131883 [PATCH] [10/10] net/nfp: destroy security
@ 2023-09-25 17:00 dpdklab
0 siblings, 0 replies; 5+ messages in thread
From: dpdklab @ 2023-09-25 17:00 UTC (permalink / raw)
To: Test Report
Cc: dpdk-test-reports, Andrew Rybchenko, Ferruh Yigit, Chaoyong He
Test-Label: iol-compile-amd64-testing
Test-Status: FAILURE
http://dpdk.org/patch/131883
_Testing issues_
Submitter: Chaoyong He <chaoyong.he@corigine.com>
Date: Monday, September 25 2023 06:06:44
DPDK git baseline: Repo:dpdk-next-net
Branch: master
CommitID:afa9a70281ee1fc1889bda529ce573491092c2bf
131874-131883 --> testing fail
Test environment and result as below:
+---------------------+--------------------+----------------------+
| Environment | dpdk_meson_compile | dpdk_mingw64_compile |
+=====================+====================+======================+
| FreeBSD 13 | PASS | SKIPPED |
+---------------------+--------------------+----------------------+
| Windows Server 2019 | PASS | PASS |
+---------------------+--------------------+----------------------+
| Fedora 37 | PASS | SKIPPED |
+---------------------+--------------------+----------------------+
| CentOS Stream 9 | PASS | SKIPPED |
+---------------------+--------------------+----------------------+
| Debian Bullseye | PASS | SKIPPED |
+---------------------+--------------------+----------------------+
| CentOS Stream 8 | PASS | SKIPPED |
+---------------------+--------------------+----------------------+
| Debian Buster | PASS | SKIPPED |
+---------------------+--------------------+----------------------+
| Fedora 38 | PASS | SKIPPED |
+---------------------+--------------------+----------------------+
| openSUSE Leap 15 | PASS | SKIPPED |
+---------------------+--------------------+----------------------+
| Alpine | FAIL | SKIPPED |
+---------------------+--------------------+----------------------+
| RHEL8 | PASS | SKIPPED |
+---------------------+--------------------+----------------------+
| Ubuntu 20.04 | PASS | SKIPPED |
+---------------------+--------------------+----------------------+
| Ubuntu 22.04 | PASS | SKIPPED |
+---------------------+--------------------+----------------------+
==== 20 line log output for Alpine (dpdk_meson_compile): ====
[838/2585] Compiling C object 'drivers/net/ngbe/base/668b126@@ngbe_base@sta/ngbe_phy_rtl.c.o'.
[839/2585] Compiling C object 'drivers/net/ngbe/base/668b126@@ngbe_base@sta/ngbe_phy.c.o'.
[840/2585] Compiling C object 'drivers/net/ngbe/base/668b126@@ngbe_base@sta/ngbe_mng.c.o'.
[841/2585] Compiling C object 'drivers/net/ngbe/base/668b126@@ngbe_base@sta/ngbe_mbx.c.o'.
[842/2585] Compiling C object 'drivers/net/ngbe/base/668b126@@ngbe_base@sta/ngbe_hw.c.o'.
[843/2585] Compiling C object 'drivers/net/ngbe/base/668b126@@ngbe_base@sta/ngbe_eeprom.c.o'.
[844/2585] Linking static target drivers/librte_net_ngbe.a.
[845/2585] Linking static target drivers/net/ngbe/base/libngbe_base.a.
[846/2585] Compiling C object 'drivers/a715181@@tmp_rte_net_nfp@sta/net_nfp_nfp_mtr.c.o'.
[847/2585] Compiling C object 'drivers/a715181@@tmp_rte_net_nfp@sta/net_nfp_nfp_logs.c.o'.
[848/2585] Compiling C object 'drivers/a715181@@tmp_rte_net_nfp@sta/net_nfp_nfp_ipsec.c.o'.
^[[01m^[[K../drivers/net/nfp/nfp_ipsec.c:^[[m^[[K In function '^[[01m^[[Knfp_ipsec_msg_build^[[m^[[K':
^[[01m^[[K../drivers/net/nfp/nfp_ipsec.c:1030:67:^[[m^[[K ^[[01;31m^[[Kerror: ^[[m^[[K'^[[01m^[[Kstruct in6_addr^[[m^[[K' has no member named '^[[01m^[[K__in6_u^[[m^[[K'; did you mean '^[[01m^[[K__in6_union^[[m^[[K'?
1030 | src_ip = conf->ipsec.tunnel.ipv6.src_addr.^[[01;31m^[[K__in6_u^[[m^[[K.__u6_addr32;
| ^[[01;31m^[[K^~~~~~~^[[m^[[K
| ^[[32m^[[K__in6_union^[[m^[[K
^[[01m^[[K../drivers/net/nfp/nfp_ipsec.c:1031:67:^[[m^[[K ^[[01;31m^[[Kerror: ^[[m^[[K'^[[01m^[[Kstruct in6_addr^[[m^[[K' has no member named '^[[01m^[[K__in6_u^[[m^[[K'; did you mean '^[[01m^[[K__in6_union^[[m^[[K'?
1031 | dst_ip = conf->ipsec.tunnel.ipv6.dst_addr.^[[01;31m^[[K__in6_u^[[m^[[K.__u6_addr32;
| ^[[01;31m^[[K^~~~~~~^[[m^[[K
| ^[[32m^[[K__in6_union^[[m^[[K
==== End log output ====
FreeBSD 13
Kernel: 13.0
Compiler: clang 11.0.1
Windows Server 2019
Kernel: 10.0
Compiler: clang 14.0 and gcc 8.1.0 (MinGW)
Fedora 37
Kernel: Depends on container host system
Compiler: gcc 12.3.1
CentOS Stream 9
Kernel: 4.18.0-240.10.1.el8_3.x86_64
Compiler: gcc 11.3.1 20220421
Debian Bullseye
Kernel: 5.4.0-122-generic
Compiler: gcc 10.2.1-6
CentOS Stream 8
Kernel: 4.18.0-240.10.1.el8_3.x86_64
Compiler: gcc 8.4.1 20200928
Debian Buster
Kernel: 5.4.0-122-generic
Compiler: gcc 8.3.0-6
Fedora 38
Kernel: Depends on container host
Compiler: clang 16.0.3
openSUSE Leap 15
Kernel: 4.18.0-240.10.1.el8_3.x86_64
Compiler: gcc 7.5.0
Alpine
Kernel: 5.4.0-73-generic
Compiler: gcc (Alpine 10.3.1_git20210424) 10.3.1 20210424
RHEL8
Kernel: 4.18.0-240.10.1.el8_3.x86_64
Compiler: gcc 8.3.1 20191121 (Red Hat 8.3.1-5)
Ubuntu 20.04
Kernel: 5.4.0-153-generic
Compiler: gcc 9.4.0-1ubuntu1~20.04.1
Ubuntu 22.04
Kernel: 4.18.0-240.10.1.el8_3.x86_64
Compiler: gcc 11.3.0
To view detailed results, visit:
https://lab.dpdk.org/results/dashboard/patchsets/27709/
UNH-IOL DPDK Community Lab
To manage your email subscriptions, visit:
https://lab.dpdk.org/results/dashboard/preferences/subscriptions/
^ permalink raw reply [flat|nested] 5+ messages in thread
* |FAILURE| pw131874-131883 [PATCH] [10/10] net/nfp: destroy security
@ 2023-09-25 16:42 dpdklab
0 siblings, 0 replies; 5+ messages in thread
From: dpdklab @ 2023-09-25 16:42 UTC (permalink / raw)
To: Test Report
Cc: dpdk-test-reports, Andrew Rybchenko, Ferruh Yigit, Chaoyong He
Test-Label: iol-compile-amd64-testing
Test-Status: FAILURE
http://dpdk.org/patch/131883
_Testing issues_
Submitter: Chaoyong He <chaoyong.he@corigine.com>
Date: Monday, September 25 2023 06:06:44
DPDK git baseline: Repo:dpdk-next-net
Branch: master
CommitID:afa9a70281ee1fc1889bda529ce573491092c2bf
131874-131883 --> testing fail
Test environment and result as below:
+---------------------+--------------------+----------------------+
| Environment | dpdk_meson_compile | dpdk_mingw64_compile |
+=====================+====================+======================+
| FreeBSD 13 | PASS | SKIPPED |
+---------------------+--------------------+----------------------+
| Windows Server 2019 | PASS | PASS |
+---------------------+--------------------+----------------------+
| Fedora 37 | PASS | SKIPPED |
+---------------------+--------------------+----------------------+
| CentOS Stream 9 | PASS | SKIPPED |
+---------------------+--------------------+----------------------+
| Debian Bullseye | PASS | SKIPPED |
+---------------------+--------------------+----------------------+
| CentOS Stream 8 | PASS | SKIPPED |
+---------------------+--------------------+----------------------+
| Debian Buster | PASS | SKIPPED |
+---------------------+--------------------+----------------------+
| Fedora 38 | PASS | SKIPPED |
+---------------------+--------------------+----------------------+
| openSUSE Leap 15 | PASS | SKIPPED |
+---------------------+--------------------+----------------------+
| Alpine | FAIL | SKIPPED |
+---------------------+--------------------+----------------------+
| RHEL8 | PASS | SKIPPED |
+---------------------+--------------------+----------------------+
==== 20 line log output for Alpine (dpdk_meson_compile): ====
[838/2585] Compiling C object 'drivers/net/ngbe/base/668b126@@ngbe_base@sta/ngbe_phy_rtl.c.o'.
[839/2585] Compiling C object 'drivers/net/ngbe/base/668b126@@ngbe_base@sta/ngbe_phy.c.o'.
[840/2585] Compiling C object 'drivers/net/ngbe/base/668b126@@ngbe_base@sta/ngbe_mng.c.o'.
[841/2585] Compiling C object 'drivers/net/ngbe/base/668b126@@ngbe_base@sta/ngbe_mbx.c.o'.
[842/2585] Compiling C object 'drivers/net/ngbe/base/668b126@@ngbe_base@sta/ngbe_hw.c.o'.
[843/2585] Compiling C object 'drivers/net/ngbe/base/668b126@@ngbe_base@sta/ngbe_eeprom.c.o'.
[844/2585] Linking static target drivers/librte_net_ngbe.a.
[845/2585] Linking static target drivers/net/ngbe/base/libngbe_base.a.
[846/2585] Compiling C object 'drivers/a715181@@tmp_rte_net_nfp@sta/net_nfp_nfp_mtr.c.o'.
[847/2585] Compiling C object 'drivers/a715181@@tmp_rte_net_nfp@sta/net_nfp_nfp_logs.c.o'.
[848/2585] Compiling C object 'drivers/a715181@@tmp_rte_net_nfp@sta/net_nfp_nfp_ipsec.c.o'.
^[[01m^[[K../drivers/net/nfp/nfp_ipsec.c:^[[m^[[K In function '^[[01m^[[Knfp_ipsec_msg_build^[[m^[[K':
^[[01m^[[K../drivers/net/nfp/nfp_ipsec.c:1030:67:^[[m^[[K ^[[01;31m^[[Kerror: ^[[m^[[K'^[[01m^[[Kstruct in6_addr^[[m^[[K' has no member named '^[[01m^[[K__in6_u^[[m^[[K'; did you mean '^[[01m^[[K__in6_union^[[m^[[K'?
1030 | src_ip = conf->ipsec.tunnel.ipv6.src_addr.^[[01;31m^[[K__in6_u^[[m^[[K.__u6_addr32;
| ^[[01;31m^[[K^~~~~~~^[[m^[[K
| ^[[32m^[[K__in6_union^[[m^[[K
^[[01m^[[K../drivers/net/nfp/nfp_ipsec.c:1031:67:^[[m^[[K ^[[01;31m^[[Kerror: ^[[m^[[K'^[[01m^[[Kstruct in6_addr^[[m^[[K' has no member named '^[[01m^[[K__in6_u^[[m^[[K'; did you mean '^[[01m^[[K__in6_union^[[m^[[K'?
1031 | dst_ip = conf->ipsec.tunnel.ipv6.dst_addr.^[[01;31m^[[K__in6_u^[[m^[[K.__u6_addr32;
| ^[[01;31m^[[K^~~~~~~^[[m^[[K
| ^[[32m^[[K__in6_union^[[m^[[K
==== End log output ====
FreeBSD 13
Kernel: 13.0
Compiler: clang 11.0.1
Windows Server 2019
Kernel: 10.0
Compiler: clang 14.0 and gcc 8.1.0 (MinGW)
Fedora 37
Kernel: Depends on container host system
Compiler: gcc 12.3.1
CentOS Stream 9
Kernel: 4.18.0-240.10.1.el8_3.x86_64
Compiler: gcc 11.3.1 20220421
Debian Bullseye
Kernel: 5.4.0-122-generic
Compiler: gcc 10.2.1-6
CentOS Stream 8
Kernel: 4.18.0-240.10.1.el8_3.x86_64
Compiler: gcc 8.4.1 20200928
Debian Buster
Kernel: 5.4.0-122-generic
Compiler: gcc 8.3.0-6
Fedora 38
Kernel: Depends on container host
Compiler: clang 16.0.3
openSUSE Leap 15
Kernel: 4.18.0-240.10.1.el8_3.x86_64
Compiler: gcc 7.5.0
Alpine
Kernel: 5.4.0-73-generic
Compiler: gcc (Alpine 10.3.1_git20210424) 10.3.1 20210424
RHEL8
Kernel: 4.18.0-240.10.1.el8_3.x86_64
Compiler: gcc 8.3.1 20191121 (Red Hat 8.3.1-5)
To view detailed results, visit:
https://lab.dpdk.org/results/dashboard/patchsets/27709/
UNH-IOL DPDK Community Lab
To manage your email subscriptions, visit:
https://lab.dpdk.org/results/dashboard/preferences/subscriptions/
^ permalink raw reply [flat|nested] 5+ messages in thread
* |FAILURE| pw131874-131883 [PATCH] [10/10] net/nfp: destroy security
@ 2023-09-25 16:39 dpdklab
0 siblings, 0 replies; 5+ messages in thread
From: dpdklab @ 2023-09-25 16:39 UTC (permalink / raw)
To: Test Report
Cc: dpdk-test-reports, Andrew Rybchenko, Ferruh Yigit, Chaoyong He
Test-Label: iol-compile-amd64-testing
Test-Status: FAILURE
http://dpdk.org/patch/131883
_Testing issues_
Submitter: Chaoyong He <chaoyong.he@corigine.com>
Date: Monday, September 25 2023 06:06:44
DPDK git baseline: Repo:dpdk-next-net
Branch: master
CommitID:afa9a70281ee1fc1889bda529ce573491092c2bf
131874-131883 --> testing fail
Test environment and result as below:
+---------------------+--------------------+----------------------+
| Environment | dpdk_meson_compile | dpdk_mingw64_compile |
+=====================+====================+======================+
| FreeBSD 13 | PASS | SKIPPED |
+---------------------+--------------------+----------------------+
| Windows Server 2019 | PASS | PASS |
+---------------------+--------------------+----------------------+
| Fedora 37 | PASS | SKIPPED |
+---------------------+--------------------+----------------------+
| CentOS Stream 9 | PASS | SKIPPED |
+---------------------+--------------------+----------------------+
| Debian Bullseye | PASS | SKIPPED |
+---------------------+--------------------+----------------------+
| CentOS Stream 8 | PASS | SKIPPED |
+---------------------+--------------------+----------------------+
| Debian Buster | PASS | SKIPPED |
+---------------------+--------------------+----------------------+
| Fedora 38 | PASS | SKIPPED |
+---------------------+--------------------+----------------------+
| openSUSE Leap 15 | PASS | SKIPPED |
+---------------------+--------------------+----------------------+
| Alpine | FAIL | SKIPPED |
+---------------------+--------------------+----------------------+
| RHEL8 | PASS | SKIPPED |
+---------------------+--------------------+----------------------+
==== 20 line log output for Alpine (dpdk_meson_compile): ====
[838/2585] Compiling C object 'drivers/net/ngbe/base/668b126@@ngbe_base@sta/ngbe_phy_rtl.c.o'.
[839/2585] Compiling C object 'drivers/net/ngbe/base/668b126@@ngbe_base@sta/ngbe_phy.c.o'.
[840/2585] Compiling C object 'drivers/net/ngbe/base/668b126@@ngbe_base@sta/ngbe_mng.c.o'.
[841/2585] Compiling C object 'drivers/net/ngbe/base/668b126@@ngbe_base@sta/ngbe_mbx.c.o'.
[842/2585] Compiling C object 'drivers/net/ngbe/base/668b126@@ngbe_base@sta/ngbe_hw.c.o'.
[843/2585] Compiling C object 'drivers/net/ngbe/base/668b126@@ngbe_base@sta/ngbe_eeprom.c.o'.
[844/2585] Linking static target drivers/librte_net_ngbe.a.
[845/2585] Linking static target drivers/net/ngbe/base/libngbe_base.a.
[846/2585] Compiling C object 'drivers/a715181@@tmp_rte_net_nfp@sta/net_nfp_nfp_mtr.c.o'.
[847/2585] Compiling C object 'drivers/a715181@@tmp_rte_net_nfp@sta/net_nfp_nfp_logs.c.o'.
[848/2585] Compiling C object 'drivers/a715181@@tmp_rte_net_nfp@sta/net_nfp_nfp_ipsec.c.o'.
^[[01m^[[K../drivers/net/nfp/nfp_ipsec.c:^[[m^[[K In function '^[[01m^[[Knfp_ipsec_msg_build^[[m^[[K':
^[[01m^[[K../drivers/net/nfp/nfp_ipsec.c:1030:67:^[[m^[[K ^[[01;31m^[[Kerror: ^[[m^[[K'^[[01m^[[Kstruct in6_addr^[[m^[[K' has no member named '^[[01m^[[K__in6_u^[[m^[[K'; did you mean '^[[01m^[[K__in6_union^[[m^[[K'?
1030 | src_ip = conf->ipsec.tunnel.ipv6.src_addr.^[[01;31m^[[K__in6_u^[[m^[[K.__u6_addr32;
| ^[[01;31m^[[K^~~~~~~^[[m^[[K
| ^[[32m^[[K__in6_union^[[m^[[K
^[[01m^[[K../drivers/net/nfp/nfp_ipsec.c:1031:67:^[[m^[[K ^[[01;31m^[[Kerror: ^[[m^[[K'^[[01m^[[Kstruct in6_addr^[[m^[[K' has no member named '^[[01m^[[K__in6_u^[[m^[[K'; did you mean '^[[01m^[[K__in6_union^[[m^[[K'?
1031 | dst_ip = conf->ipsec.tunnel.ipv6.dst_addr.^[[01;31m^[[K__in6_u^[[m^[[K.__u6_addr32;
| ^[[01;31m^[[K^~~~~~~^[[m^[[K
| ^[[32m^[[K__in6_union^[[m^[[K
==== End log output ====
FreeBSD 13
Kernel: 13.0
Compiler: clang 11.0.1
Windows Server 2019
Kernel: 10.0
Compiler: clang 14.0 and gcc 8.1.0 (MinGW)
Fedora 37
Kernel: Depends on container host system
Compiler: gcc 12.3.1
CentOS Stream 9
Kernel: 4.18.0-240.10.1.el8_3.x86_64
Compiler: gcc 11.3.1 20220421
Debian Bullseye
Kernel: 5.4.0-122-generic
Compiler: gcc 10.2.1-6
CentOS Stream 8
Kernel: 4.18.0-240.10.1.el8_3.x86_64
Compiler: gcc 8.4.1 20200928
Debian Buster
Kernel: 5.4.0-122-generic
Compiler: gcc 8.3.0-6
Fedora 38
Kernel: Depends on container host
Compiler: clang 16.0.3
openSUSE Leap 15
Kernel: 4.18.0-240.10.1.el8_3.x86_64
Compiler: gcc 7.5.0
Alpine
Kernel: 5.4.0-73-generic
Compiler: gcc (Alpine 10.3.1_git20210424) 10.3.1 20210424
RHEL8
Kernel: 4.18.0-240.10.1.el8_3.x86_64
Compiler: gcc 8.3.1 20191121 (Red Hat 8.3.1-5)
To view detailed results, visit:
https://lab.dpdk.org/results/dashboard/patchsets/27709/
UNH-IOL DPDK Community Lab
To manage your email subscriptions, visit:
https://lab.dpdk.org/results/dashboard/preferences/subscriptions/
^ permalink raw reply [flat|nested] 5+ messages in thread
* |FAILURE| pw131874-131883 [PATCH] [10/10] net/nfp: destroy security
@ 2023-09-25 16:30 dpdklab
0 siblings, 0 replies; 5+ messages in thread
From: dpdklab @ 2023-09-25 16:30 UTC (permalink / raw)
To: Test Report
Cc: dpdk-test-reports, Andrew Rybchenko, Ferruh Yigit, Chaoyong He
Test-Label: iol-compile-amd64-testing
Test-Status: FAILURE
http://dpdk.org/patch/131883
_Testing issues_
Submitter: Chaoyong He <chaoyong.he@corigine.com>
Date: Monday, September 25 2023 06:06:44
DPDK git baseline: Repo:dpdk-next-net
Branch: master
CommitID:afa9a70281ee1fc1889bda529ce573491092c2bf
131874-131883 --> testing fail
Test environment and result as below:
+---------------------+--------------------+----------------------+
| Environment | dpdk_meson_compile | dpdk_mingw64_compile |
+=====================+====================+======================+
| FreeBSD 13 | PASS | SKIPPED |
+---------------------+--------------------+----------------------+
| Windows Server 2019 | PASS | PASS |
+---------------------+--------------------+----------------------+
| Fedora 37 | PASS | SKIPPED |
+---------------------+--------------------+----------------------+
| CentOS Stream 9 | PASS | SKIPPED |
+---------------------+--------------------+----------------------+
| Debian Bullseye | PASS | SKIPPED |
+---------------------+--------------------+----------------------+
| CentOS Stream 8 | PASS | SKIPPED |
+---------------------+--------------------+----------------------+
| Debian Buster | PASS | SKIPPED |
+---------------------+--------------------+----------------------+
| Fedora 38 | PASS | SKIPPED |
+---------------------+--------------------+----------------------+
| openSUSE Leap 15 | PASS | SKIPPED |
+---------------------+--------------------+----------------------+
| Alpine | FAIL | SKIPPED |
+---------------------+--------------------+----------------------+
==== 20 line log output for Alpine (dpdk_meson_compile): ====
[838/2585] Compiling C object 'drivers/net/ngbe/base/668b126@@ngbe_base@sta/ngbe_phy_rtl.c.o'.
[839/2585] Compiling C object 'drivers/net/ngbe/base/668b126@@ngbe_base@sta/ngbe_phy.c.o'.
[840/2585] Compiling C object 'drivers/net/ngbe/base/668b126@@ngbe_base@sta/ngbe_mng.c.o'.
[841/2585] Compiling C object 'drivers/net/ngbe/base/668b126@@ngbe_base@sta/ngbe_mbx.c.o'.
[842/2585] Compiling C object 'drivers/net/ngbe/base/668b126@@ngbe_base@sta/ngbe_hw.c.o'.
[843/2585] Compiling C object 'drivers/net/ngbe/base/668b126@@ngbe_base@sta/ngbe_eeprom.c.o'.
[844/2585] Linking static target drivers/librte_net_ngbe.a.
[845/2585] Linking static target drivers/net/ngbe/base/libngbe_base.a.
[846/2585] Compiling C object 'drivers/a715181@@tmp_rte_net_nfp@sta/net_nfp_nfp_mtr.c.o'.
[847/2585] Compiling C object 'drivers/a715181@@tmp_rte_net_nfp@sta/net_nfp_nfp_logs.c.o'.
[848/2585] Compiling C object 'drivers/a715181@@tmp_rte_net_nfp@sta/net_nfp_nfp_ipsec.c.o'.
^[[01m^[[K../drivers/net/nfp/nfp_ipsec.c:^[[m^[[K In function '^[[01m^[[Knfp_ipsec_msg_build^[[m^[[K':
^[[01m^[[K../drivers/net/nfp/nfp_ipsec.c:1030:67:^[[m^[[K ^[[01;31m^[[Kerror: ^[[m^[[K'^[[01m^[[Kstruct in6_addr^[[m^[[K' has no member named '^[[01m^[[K__in6_u^[[m^[[K'; did you mean '^[[01m^[[K__in6_union^[[m^[[K'?
1030 | src_ip = conf->ipsec.tunnel.ipv6.src_addr.^[[01;31m^[[K__in6_u^[[m^[[K.__u6_addr32;
| ^[[01;31m^[[K^~~~~~~^[[m^[[K
| ^[[32m^[[K__in6_union^[[m^[[K
^[[01m^[[K../drivers/net/nfp/nfp_ipsec.c:1031:67:^[[m^[[K ^[[01;31m^[[Kerror: ^[[m^[[K'^[[01m^[[Kstruct in6_addr^[[m^[[K' has no member named '^[[01m^[[K__in6_u^[[m^[[K'; did you mean '^[[01m^[[K__in6_union^[[m^[[K'?
1031 | dst_ip = conf->ipsec.tunnel.ipv6.dst_addr.^[[01;31m^[[K__in6_u^[[m^[[K.__u6_addr32;
| ^[[01;31m^[[K^~~~~~~^[[m^[[K
| ^[[32m^[[K__in6_union^[[m^[[K
==== End log output ====
FreeBSD 13
Kernel: 13.0
Compiler: clang 11.0.1
Windows Server 2019
Kernel: 10.0
Compiler: clang 14.0 and gcc 8.1.0 (MinGW)
Fedora 37
Kernel: Depends on container host system
Compiler: gcc 12.3.1
CentOS Stream 9
Kernel: 4.18.0-240.10.1.el8_3.x86_64
Compiler: gcc 11.3.1 20220421
Debian Bullseye
Kernel: 5.4.0-122-generic
Compiler: gcc 10.2.1-6
CentOS Stream 8
Kernel: 4.18.0-240.10.1.el8_3.x86_64
Compiler: gcc 8.4.1 20200928
Debian Buster
Kernel: 5.4.0-122-generic
Compiler: gcc 8.3.0-6
Fedora 38
Kernel: Depends on container host
Compiler: clang 16.0.3
openSUSE Leap 15
Kernel: 4.18.0-240.10.1.el8_3.x86_64
Compiler: gcc 7.5.0
Alpine
Kernel: 5.4.0-73-generic
Compiler: gcc (Alpine 10.3.1_git20210424) 10.3.1 20210424
To view detailed results, visit:
https://lab.dpdk.org/results/dashboard/patchsets/27709/
UNH-IOL DPDK Community Lab
To manage your email subscriptions, visit:
https://lab.dpdk.org/results/dashboard/preferences/subscriptions/
^ permalink raw reply [flat|nested] 5+ messages in thread
end of thread, other threads:[~2023-09-25 17:00 UTC | newest]
Thread overview: 5+ messages (download: mbox.gz / follow: Atom feed)
-- links below jump to the message on this page --
2023-09-25 16:56 |FAILURE| pw131874-131883 [PATCH] [10/10] net/nfp: destroy security dpdklab
-- strict thread matches above, loose matches on Subject: below --
2023-09-25 17:00 dpdklab
2023-09-25 16:42 dpdklab
2023-09-25 16:39 dpdklab
2023-09-25 16:30 dpdklab
This is a public inbox, see mirroring instructions
for how to clone and mirror all data and code used for this inbox;
as well as URLs for NNTP newsgroup(s).