From: dpdklab@iol.unh.edu
To: Test Report <test-report@dpdk.org>
Cc: dpdk-test-reports@iol.unh.edu, Zhichao Zeng <zhichaox.zeng@intel.com>
Subject: |FAILURE| pw135382-135384 [PATCH] [v3,3/3] net/iavf: add Tx LLDP com
Date: Wed, 20 Dec 2023 05:52:26 -0800 (PST) [thread overview]
Message-ID: <6582f19a.020a0220.b1cf5.14c5SMTPIN_ADDED_MISSING@mx.google.com> (raw)
Test-Label: iol-compile-amd64-testing
Test-Status: FAILURE
http://dpdk.org/patch/135384
_Testing issues_
Submitter: Zhichao Zeng <zhichaox.zeng@intel.com>
Date: Wednesday, December 20 2023 09:32:39
DPDK git baseline: Repo:dpdk
Branch: master
CommitID:e5dc404d33ac1c6cea5c62a88489746c5cb5e35e
135382-135384 --> testing fail
Test environment and result as below:
+---------------------+--------------------+----------------------+
| Environment | dpdk_meson_compile | dpdk_mingw64_compile |
+=====================+====================+======================+
| Windows Server 2022 | PASS | SKIPPED |
+---------------------+--------------------+----------------------+
| FreeBSD 13 | PASS | SKIPPED |
+---------------------+--------------------+----------------------+
| Windows Server 2019 | PASS | PASS |
+---------------------+--------------------+----------------------+
| CentOS Stream 8 | FAIL | SKIPPED |
+---------------------+--------------------+----------------------+
| CentOS Stream 9 | FAIL | SKIPPED |
+---------------------+--------------------+----------------------+
| Debian Buster | FAIL | SKIPPED |
+---------------------+--------------------+----------------------+
| Fedora 37 | FAIL | SKIPPED |
+---------------------+--------------------+----------------------+
| Fedora 38 | FAIL | SKIPPED |
+---------------------+--------------------+----------------------+
| RHEL8 | FAIL | SKIPPED |
+---------------------+--------------------+----------------------+
| Debian Bullseye | FAIL | SKIPPED |
+---------------------+--------------------+----------------------+
| Ubuntu 20.04 | FAIL | SKIPPED |
+---------------------+--------------------+----------------------+
| openSUSE Leap 15 | FAIL | SKIPPED |
+---------------------+--------------------+----------------------+
| Ubuntu 22.04 | FAIL | SKIPPED |
+---------------------+--------------------+----------------------+
==== 20 line log output for Ubuntu 22.04 (dpdk_meson_compile): ====
[2637/2816] Compiling C object 'app/a172ced@@dpdk-testpmd@exe/.._drivers_net_ixgbe_ixgbe_testpmd.c.o'.
[2638/2816] Compiling C object 'app/a172ced@@dpdk-testpmd@exe/.._drivers_net_mlx5_mlx5_testpmd.c.o'.
[2639/2816] Linking target app/dpdk-test-sad.
[2640/2816] Compiling C object 'app/a172ced@@dpdk-test-security-perf@exe/test-security-perf_test_security_perf.c.o'.
[2641/2816] Compiling C object 'app/a172ced@@dpdk-test-regex@exe/test-regex_main.c.o'.
[2642/2816] Linking target app/dpdk-test-regex.
[2643/2816] Compiling C object 'app/a172ced@@dpdk-test@exe/test_commands.c.o'.
[2644/2816] Linking target app/dpdk-testpmd.
FAILED: app/dpdk-testpmd
cc -o app/dpdk-testpmd 'app/a172ced@@dpdk-testpmd@exe/test-pmd_5tswap.c.o' 'app/a172ced@@dpdk-testpmd@exe/test-pmd_cmdline.c.o' 'app/a172ced@@dpdk-testpmd@exe/test-pmd_cmdline_cman.c.o' 'app/a172ced@@dpdk-testpmd@exe/test-pmd_cmdline_flow.c.o' 'app/a172ced@@dpdk-testpmd@exe/test-pmd_cmdline_mtr.c.o' 'app/a172ced@@dpdk-testpmd@exe/test-pmd_cmdline_tm.c.o' 'app/a172ced@@dpdk-testpmd@exe/test-pmd_cmd_flex_item.c.o' 'app/a172ced@@dpdk-testpmd@exe/test-pmd_config.c.o' 'app/a172ced@@dpdk-testpmd@exe/test-pmd_csumonly.c.o' 'app/a172ced@@dpdk-testpmd@exe/test-pmd_flowgen.c.o' 'app/a172ced@@dpdk-testpmd@exe/test-pmd_icmpecho.c.o' 'app/a172ced@@dpdk-testpmd@exe/test-pmd_ieee1588fwd.c.o' 'app/a172ced@@dpdk-testpmd@exe/test-pmd_iofwd.c.o' 'app/a172ced@@dpdk-testpmd@exe/test-pmd_macfwd.c.o' 'app/a172ced@@dpdk-testpmd@exe/test-pmd_macswap.c.o' 'app/a172ced@@dpdk-testpmd@exe/test-pmd_noisy_vnf.c.o' 'app/a172ced@@dpdk-testpmd@exe/test-pmd_parameters.c.o' 'app/a172ced@@dpdk-testpmd@exe/test-pmd_recy
cle_mbufs.c.o' 'app/a172ced@@dpdk-testpmd@exe/test-pmd_rxonly.c.o' 'app/a172ced@@dpdk-testpmd@exe/test-pmd_shared_rxq_fwd.c.o' 'app/a172ced@@dpdk-testpmd@exe/test-pmd_testpmd.c.o' 'app/a172ced@@dpdk-testpmd@exe/test-pmd_txonly.c.o' 'app/a172ced@@dpdk-testpmd@exe/test-pmd_util.c.o' 'app/a172ced@@dpdk-testpmd@exe/test-pmd_bpf_cmd.c.o' 'app/a172ced@@dpdk-testpmd@exe/.._drivers_net_bonding_bonding_testpmd.c.o' 'app/a172ced@@dpdk-testpmd@exe/.._drivers_net_i40e_i40e_testpmd.c.o' 'app/a172ced@@dpdk-testpmd@exe/.._drivers_net_iavf_iavf_testpmd.c.o' 'app/a172ced@@dpdk-testpmd@exe/.._drivers_net_ice_ice_testpmd.c.o' 'app/a172ced@@dpdk-testpmd@exe/.._drivers_net_ixgbe_ixgbe_testpmd.c.o' 'app/a172ced@@dpdk-testpmd@exe/.._drivers_net_mlx5_mlx5_testpmd.c.o' -Wl,--as-needed -Wl,--no-undefined -Wl,-O1 -Wl,--no-as-needed -pthread -Wl,--start-group -lm -ldl -lnuma lib/librte_ethdev.so.24.1 lib/librte_eal.so.24.1 lib/librte_kvargs.so.24.1 lib/librte_log.so.24.1 lib/librte_telemetry.so.24.1 lib/librte
_net.so.24.1 lib/librte_mbuf.so.24.1 lib/librte_mempool.so.24.1 lib/librte_ring.so.24.1 lib/librte_meter.so.24.1 lib/librte_cmdline.so.24.1 drivers/librte_crypto_scheduler.so.24.1 lib/librte_cryptodev.so.24.1 lib/librte_rcu.so.24.1 drivers/librte_bus_vdev.so.24.1 lib/librte_reorder.so.24.1 lib/librte_security.so.24.1 lib/librte_bitratestats.so.24.1 lib/librte_metrics.so.24.1 lib/librte_bpf.so.24.1 lib/librte_gro.so.24.1 lib/librte_gso.so.24.1 lib/librte_latencystats.so.24.1 lib/librte_pdump.so.24.1 lib/librte_pcapng.so.24.1 drivers/librte_net_bnxt.so.24.1 drivers/librte_bus_pci.so.24.1 lib/librte_pci.so.24.1 lib/librte_hash.so.24.1 drivers/librte_net_i40e.so.24.1 drivers/librte_net_ixgbe.so.24.1 drivers/librte_bus_dpaa.so.24.1 drivers/librte_common_dpaax.so.24.1 lib/librte_eventdev.so.24.1 lib/librte_timer.so.24.1 lib/librte_dmadev.so.24.1 drivers/librte_mempool_dpaa.so.24.1 drivers/librte_net_dpaa.so.24.1 drivers/librte_net_bond.so.24.1 lib/librte_sched.so.24.1 lib/librte_ip_frag.s
o.24.1 drivers/librte_net_iavf.so.24.1 drivers/librte_common_iavf.so.24.1 drivers/librte_net_ice.so.24.1 drivers/librte_net_mlx5.so.24.1 drivers/librte_common_mlx5.so.24.1 drivers/librte_bus_auxiliary.so.24.1 /usr/lib/x86_64-linux-gnu/libjansson.so /usr/lib/x86_64-linux-gnu/libelf.so /usr/lib/x86_64-linux-gnu/libpcap.so /usr/lib/x86_64-linux-gnu/libmlx5.so /usr/lib/x86_64-linux-gnu/libibverbs.so -Wl,--end-group '-Wl,-rpath,$ORIGIN/../lib:$ORIGIN/../drivers:XXXXXXXXXXXXX' -Wl,-rpath-link,/home-local/jenkins-local/jenkins-agent/workspace/Generic-DPDK-Compile-Meson@3/dpdk/build/lib -Wl,-rpath-link,/home-local/jenkins-local/jenkins-agent/workspace/Generic-DPDK-Compile-Meson@3/dpdk/build/drivers
/usr/bin/ld: app/a172ced@@dpdk-testpmd@exe/.._drivers_net_iavf_iavf_testpmd.c.o: warning: relocation against `iavf_logtype_driver' in read-only section `.text.unlikely'
/usr/bin/ld: app/a172ced@@dpdk-testpmd@exe/.._drivers_net_iavf_iavf_testpmd.c.o: in function `cmd_enable_tx_lldp_parsed':
iavf_testpmd.c:(.text+0xaa): undefined reference to `iavf_logtype_driver'
/usr/bin/ld: iavf_testpmd.c:(.text+0xb0): undefined reference to `iavf_tx_lldp_dynfield_offset'
/usr/bin/ld: iavf_testpmd.c:(.text+0xcf): undefined reference to `iavf_tx_lldp_dynfield_offset'
/usr/bin/ld: app/a172ced@@dpdk-testpmd@exe/.._drivers_net_iavf_iavf_testpmd.c.o: in function `cmd_enable_tx_lldp_parsed.cold':
iavf_testpmd.c:(.text.unlikely+0x2): undefined reference to `iavf_logtype_driver'
/usr/bin/ld: warning: creating DT_TEXTREL in a PIE
collect2: error: ld returned 1 exit status
ninja: build stopped: subcommand failed.
==== End log output ====
Windows Server 2022
Kernel: OS Build 20348.2031
Compiler: MSVC VS-Preview
FreeBSD 13
Kernel: 13.0
Compiler: clang 11.0.1
Windows Server 2019
Kernel: 10.0
Compiler: clang 14.0 and gcc 8.1.0 (MinGW)
CentOS Stream 8
Kernel: 4.18.0-240.10.1.el8_3.x86_64
Compiler: gcc 8.4.1 20200928
CentOS Stream 9
Kernel: 4.18.0-240.10.1.el8_3.x86_64
Compiler: gcc 11.3.1 20220421
Debian Buster
Kernel: 5.4.0-122-generic
Compiler: gcc 8.3.0-6
Fedora 37
Kernel: Depends on container host system
Compiler: gcc 12.3.1
Fedora 38
Kernel: Depends on container host
Compiler: gcc 13.1.1
RHEL8
Kernel: 4.18.0-240.10.1.el8_3.x86_64
Compiler: gcc 8.3.1 20191121 (Red Hat 8.3.1-5)
Debian Bullseye
Kernel: 5.4.0-122-generic
Compiler: gcc 10.2.1-6
Ubuntu 20.04
Kernel: 5.4.0-153-generic
Compiler: gcc 9.4.0-1ubuntu1~20.04.1
openSUSE Leap 15
Kernel: 4.18.0-240.10.1.el8_3.x86_64
Compiler: gcc 7.5.0
Ubuntu 22.04
Kernel: 4.18.0-240.10.1.el8_3.x86_64
Compiler: gcc 11.3.0
To view detailed results, visit:
https://lab.dpdk.org/results/dashboard/patchsets/28696/
UNH-IOL DPDK Community Lab
To manage your email subscriptions, visit:
https://lab.dpdk.org/results/dashboard/preferences/subscriptions/
next reply other threads:[~2023-12-20 13:52 UTC|newest]
Thread overview: 22+ messages / expand[flat|nested] mbox.gz Atom feed top
2023-12-20 13:52 dpdklab [this message]
-- strict thread matches above, loose matches on Subject: below --
2023-12-20 15:54 dpdklab
2023-12-20 14:26 dpdklab
2023-12-20 13:53 dpdklab
2023-12-20 13:44 dpdklab
2023-12-20 13:42 dpdklab
2023-12-20 13:41 dpdklab
2023-12-20 13:41 dpdklab
2023-12-20 13:39 dpdklab
2023-12-20 13:38 dpdklab
2023-12-20 13:37 dpdklab
2023-12-20 13:30 dpdklab
2023-12-20 13:30 dpdklab
2023-12-20 13:29 dpdklab
2023-12-20 13:28 dpdklab
2023-12-20 13:27 dpdklab
2023-12-20 13:27 dpdklab
2023-12-20 13:27 dpdklab
2023-12-20 13:26 dpdklab
2023-12-20 13:24 dpdklab
2023-12-20 13:24 dpdklab
2023-12-20 13:22 dpdklab
Reply instructions:
You may reply publicly to this message via plain-text email
using any one of the following methods:
* Save the following mbox file, import it into your mail client,
and reply-to-all from there: mbox
Avoid top-posting and favor interleaved quoting:
https://en.wikipedia.org/wiki/Posting_style#Interleaved_style
* Reply using the --to, --cc, and --in-reply-to
switches of git-send-email(1):
git send-email \
--in-reply-to=6582f19a.020a0220.b1cf5.14c5SMTPIN_ADDED_MISSING@mx.google.com \
--to=dpdklab@iol.unh.edu \
--cc=dpdk-test-reports@iol.unh.edu \
--cc=test-report@dpdk.org \
--cc=zhichaox.zeng@intel.com \
/path/to/YOUR_REPLY
https://kernel.org/pub/software/scm/git/docs/git-send-email.html
* If your mail client supports setting the In-Reply-To header
via mailto: links, try the mailto: link
Be sure your reply has a Subject: header at the top and a blank line
before the message body.
This is a public inbox, see mirroring instructions
for how to clone and mirror all data and code used for this inbox;
as well as URLs for NNTP newsgroup(s).