From: dpdklab@iol.unh.edu
To: Test Report <test-report@dpdk.org>
Cc: dpdk-test-reports@iol.unh.edu,
Nishikant Nayak <nishikanta.nayak@intel.com>
Subject: |FAILURE| pw135394-135397 [PATCH] [4/4] test/cryptodev: add tests fo
Date: Wed, 20 Dec 2023 09:41:04 -0800 (PST) [thread overview]
Message-ID: <65832730.170a0220.dc531.0010SMTPIN_ADDED_MISSING@mx.google.com> (raw)
Test-Label: iol-compile-amd64-testing
Test-Status: FAILURE
http://dpdk.org/patch/135397
_Testing issues_
Submitter: Nishikant Nayak <nishikanta.nayak@intel.com>
Date: Wednesday, December 20 2023 13:26:16
DPDK git baseline: Repo:dpdk
Branch: master
CommitID:e5dc404d33ac1c6cea5c62a88489746c5cb5e35e
135394-135397 --> testing fail
Test environment and result as below:
+---------------------+--------------------+----------------------+
| Environment | dpdk_meson_compile | dpdk_mingw64_compile |
+=====================+====================+======================+
| Windows Server 2022 | PASS | SKIPPED |
+---------------------+--------------------+----------------------+
| FreeBSD 13 | FAIL | SKIPPED |
+---------------------+--------------------+----------------------+
| Windows Server 2019 | PASS | PASS |
+---------------------+--------------------+----------------------+
| CentOS Stream 9 | PASS | SKIPPED |
+---------------------+--------------------+----------------------+
| Debian Buster | PASS | SKIPPED |
+---------------------+--------------------+----------------------+
| Fedora 37 | PASS | SKIPPED |
+---------------------+--------------------+----------------------+
| Fedora 38 | PASS | SKIPPED |
+---------------------+--------------------+----------------------+
| Debian Bullseye | PASS | SKIPPED |
+---------------------+--------------------+----------------------+
| CentOS Stream 8 | PASS | SKIPPED |
+---------------------+--------------------+----------------------+
==== 20 line log output for FreeBSD 13 (dpdk_meson_compile): ====
[566/1814] Generating symbol file drivers/librte_bus_vdev.so.24.1.p/librte_bus_vdev.so.24.1.symbols
[567/1814] Compiling C object lib/librte_pipeline.a.p/pipeline_rte_table_action.c.o
[568/1814] Linking static target lib/librte_pipeline.a
[569/1814] Compiling C object drivers/libtmp_rte_common_qat.a.p/common_qat_dev_qat_dev_gen1.c.o
[570/1814] Compiling C object drivers/libtmp_rte_common_qat.a.p/common_qat_dev_qat_dev_gen3.c.o
[571/1814] Compiling C object drivers/libtmp_rte_common_qat.a.p/common_qat_dev_qat_dev_gen2.c.o
[572/1814] Compiling C object drivers/libtmp_rte_common_qat.a.p/common_qat_dev_qat_dev_gen4.c.o
[573/1814] Compiling C object drivers/libtmp_rte_common_qat.a.p/common_qat_dev_qat_dev_gen5.c.o
FAILED: drivers/libtmp_rte_common_qat.a.p/common_qat_dev_qat_dev_gen5.c.o
ccache cc -Idrivers/libtmp_rte_common_qat.a.p -Idrivers -I../drivers -Idrivers/common/qat -I../drivers/common/qat -I../drivers/common/qat/qat_adf -I../drivers/crypto/qat -I../drivers/compress/qat -Idrivers/bus/pci -I../drivers/bus/pci -I../drivers/bus/pci/bsd -I. -I.. -Iconfig -I../config -Ilib/eal/include -I../lib/eal/include -Ilib/eal/freebsd/include -I../lib/eal/freebsd/include -Ilib/eal/x86/include -I../lib/eal/x86/include -Ilib/eal/common -I../lib/eal/common -Ilib/eal -I../lib/eal -Ilib/kvargs -I../lib/kvargs -Ilib/log -I../lib/log -Ilib/metrics -I../lib/metrics -Ilib/telemetry -I../lib/telemetry -Ilib/pci -I../lib/pci -Ilib/cryptodev -I../lib/cryptodev -Ilib/mbuf -I../lib/mbuf -Ilib/mempool -I../lib/mempool -Ilib/ring -I../lib/ring -Ilib/rcu -I../lib/rcu -Ilib/net -I../lib/net -Ilib/compressdev -I../lib/compressdev -Ilib/security -I../lib/security -I/usr/local/include -fcolor-diagnostics -D_FILE_OFFSET_BITS=64 -Wall -Winvalid-pch -Wextra -Werror -std=c11 -O3 -include rte_config
.h -Wcast-qual -Wdeprecated -Wformat -Wformat-nonliteral -Wformat-security -Wmissing-declarations -Wmissing-prototypes -Wnested-externs -Wold-style-definition -Wpointer-arith -Wsign-compare -Wstrict-prototypes -Wundef -Wwrite-strings -Wno-address-of-packed-member -Wno-missing-field-initializers -D_GNU_SOURCE -D__BSD_VISIBLE -fPIC -march=native -mrtm -DALLOW_EXPERIMENTAL_API -DALLOW_INTERNAL_API -DBUILD_QAT_SYM -DBUILD_QAT_ASYM -DRTE_LOG_DEFAULT_LOGTYPE=pmd.common.qat -DRTE_ANNOTATE_LOCKS -Wthread-safety -MD -MQ drivers/libtmp_rte_common_qat.a.p/common_qat_dev_qat_dev_gen5.c.o -MF drivers/libtmp_rte_common_qat.a.p/common_qat_dev_qat_dev_gen5.c.o.d -o drivers/libtmp_rte_common_qat.a.p/common_qat_dev_qat_dev_gen5.c.o -c ../drivers/common/qat/dev/qat_dev_gen5.c
../drivers/common/qat/dev/qat_dev_gen5.c:15:10: fatal error: 'linux/kernel.h' file not found
#include <linux/kernel.h>
^~~~~~~~~~~~~~~~
1 error generated.
[574/1814] Compiling C object drivers/libtmp_rte_common_qat.a.p/compress_qat_dev_qat_comp_pmd_gen1.c.o
[575/1814] Compiling C object drivers/libtmp_rte_common_qat.a.p/compress_qat_qat_comp_pmd.c.o
[576/1814] Generating drivers/rte_bus_pci.sym_chk with a custom command (wrapped by meson to capture output)
[577/1814] Compiling C object drivers/libtmp_rte_common_qat.a.p/compress_qat_qat_comp.c.o
[578/1814] Generating lib/pipeline.sym_chk with a custom command (wrapped by meson to capture output)
ninja: build stopped: subcommand failed.
==== End log output ====
Windows Server 2022
Kernel: OS Build 20348.2031
Compiler: MSVC VS-Preview
FreeBSD 13
Kernel: 13.0
Compiler: clang 11.0.1
Windows Server 2019
Kernel: 10.0
Compiler: clang 14.0 and gcc 8.1.0 (MinGW)
CentOS Stream 9
Kernel: 4.18.0-240.10.1.el8_3.x86_64
Compiler: gcc 11.3.1 20220421
Debian Buster
Kernel: 5.4.0-122-generic
Compiler: gcc 8.3.0-6
Fedora 37
Kernel: Depends on container host system
Compiler: gcc 12.3.1
Fedora 38
Kernel: Depends on container host
Compiler: gcc 13.1.1
Debian Bullseye
Kernel: 5.4.0-122-generic
Compiler: gcc 10.2.1-6
CentOS Stream 8
Kernel: 4.18.0-240.10.1.el8_3.x86_64
Compiler: gcc 8.4.1 20200928
To view detailed results, visit:
https://lab.dpdk.org/results/dashboard/patchsets/28700/
UNH-IOL DPDK Community Lab
To manage your email subscriptions, visit:
https://lab.dpdk.org/results/dashboard/preferences/subscriptions/
next reply other threads:[~2023-12-20 17:41 UTC|newest]
Thread overview: 15+ messages / expand[flat|nested] mbox.gz Atom feed top
2023-12-20 17:41 dpdklab [this message]
-- strict thread matches above, loose matches on Subject: below --
2023-12-20 18:43 dpdklab
2023-12-20 18:20 dpdklab
2023-12-20 18:19 dpdklab
2023-12-20 18:19 dpdklab
2023-12-20 18:12 dpdklab
2023-12-20 17:35 dpdklab
2023-12-20 17:28 dpdklab
2023-12-20 17:26 dpdklab
2023-12-20 17:25 dpdklab
2023-12-20 17:22 dpdklab
2023-12-20 17:20 dpdklab
2023-12-20 16:05 dpdklab
2023-12-20 16:00 dpdklab
2023-12-20 16:00 dpdklab
Reply instructions:
You may reply publicly to this message via plain-text email
using any one of the following methods:
* Save the following mbox file, import it into your mail client,
and reply-to-all from there: mbox
Avoid top-posting and favor interleaved quoting:
https://en.wikipedia.org/wiki/Posting_style#Interleaved_style
* Reply using the --to, --cc, and --in-reply-to
switches of git-send-email(1):
git send-email \
--in-reply-to=65832730.170a0220.dc531.0010SMTPIN_ADDED_MISSING@mx.google.com \
--to=dpdklab@iol.unh.edu \
--cc=dpdk-test-reports@iol.unh.edu \
--cc=nishikanta.nayak@intel.com \
--cc=test-report@dpdk.org \
/path/to/YOUR_REPLY
https://kernel.org/pub/software/scm/git/docs/git-send-email.html
* If your mail client supports setting the In-Reply-To header
via mailto: links, try the mailto: link
Be sure your reply has a Subject: header at the top and a blank line
before the message body.
This is a public inbox, see mirroring instructions
for how to clone and mirror all data and code used for this inbox;
as well as URLs for NNTP newsgroup(s).