From mboxrd@z Thu Jan  1 00:00:00 1970
Return-Path: <test-report-bounces@dpdk.org>
Received: from mails.dpdk.org (mails.dpdk.org [217.70.189.124])
	by inbox.dpdk.org (Postfix) with ESMTP id B57EF438C6
	for <public@inbox.dpdk.org>; Mon, 15 Jan 2024 00:38:14 +0100 (CET)
Received: from mails.dpdk.org (localhost [127.0.0.1])
	by mails.dpdk.org (Postfix) with ESMTP id B18094029F;
	Mon, 15 Jan 2024 00:38:14 +0100 (CET)
Received: from mail-pj1-f98.google.com (mail-pj1-f98.google.com
 [209.85.216.98]) by mails.dpdk.org (Postfix) with ESMTP id D1C5C40272
 for <test-report@dpdk.org>; Mon, 15 Jan 2024 00:38:13 +0100 (CET)
Received: by mail-pj1-f98.google.com with SMTP id
 98e67ed59e1d1-28bc870c540so6768574a91.2
 for <test-report@dpdk.org>; Sun, 14 Jan 2024 15:38:13 -0800 (PST)
DKIM-Signature: v=1; a=rsa-sha256; c=relaxed/relaxed;
 d=iol.unh.edu; s=unh-iol; t=1705275493; x=1705880293; darn=dpdk.org;
 h=cc:to:from:subject:message-id:date:from:to:cc:subject:date
 :message-id:reply-to;
 bh=O4UwXrk0r/519jBsGZdS91rZaIQwgtRINeg2avKbFZ8=;
 b=g6D5uH9Yo27hywsrYIponyG3ssCRySX0v327Qje5bQ0fx4W7q8vSeTIrOtXW1R1I+m
 VW+fA/hoar2F7KWndU7aVwiT+3VtuhbsY+2tyPmjoBry/MV8mdYmbAP2RO4oEi2+INpT
 HSAHuh2PlvdGseErMmMVFHyIpXtLfHmlqg95Y=
X-Google-DKIM-Signature: v=1; a=rsa-sha256; c=relaxed/relaxed;
 d=1e100.net; s=20230601; t=1705275493; x=1705880293;
 h=cc:to:from:subject:message-id:date:x-gm-message-state:from:to:cc
 :subject:date:message-id:reply-to;
 bh=O4UwXrk0r/519jBsGZdS91rZaIQwgtRINeg2avKbFZ8=;
 b=B74LrXvXcAGzAB+5LWtIMLc6z+E+qX58F9zNj/l5vjrmIJLNUSzFEJftQp5d10bcFf
 ZkibBUCMgWHUmu/wrcLBu36CQcG2899bUV2wNpks6Icx8j09pPrBN2TBcGtwwdXzIPYl
 +Hmwt4g2JsCvGgvd++FW3CiRhEr+M+BNe0konw6NmDLF/s/sSCgLX9bqqDoPdd67zVgX
 AZYpfshzJgId510K8eGyF5XqYX+HwqebKwoETqd5ZAczwnIjkZXsw5+wYfsOx4IxeDKN
 2nWjcOJv46oWxN01EuizgJCW4GolGnizuItAK9L1Rfd94mUtnsjN5fIQUjJnnJQvxwx6
 FBmA==
X-Gm-Message-State: AOJu0Yx9rBtXw4AP2j9VMzOcORevCIqRhMfXRquTVLexbw02XjAZPcQc
 tUt09LkryC7DbVzP1Qg66uiSJY2R20jGpESZn9KBm8dCjFSwqawEkuoXvpGXJiGCkoTmE9745CL
 QNhpKxw==
X-Google-Smtp-Source: AGHT+IHnamRAGh4SMd+7OHnCtkcev/RoJAioqckNI1Z+P548bKS3Ws+3AXfCQahRizjEENWtIJxdaMl+IU6s
X-Received: by 2002:a17:903:22d1:b0:1d5:c554:7778 with SMTP id
 y17-20020a17090322d100b001d5c5547778mr1999205plg.75.1705275492987; 
 Sun, 14 Jan 2024 15:38:12 -0800 (PST)
Received: from postal.iol.unh.edu (postal.iol.unh.edu.
 [2606:4100:3880:1234::84]) by smtp-relay.gmail.com with ESMTPS id
 ms15-20020a17090b234f00b0028ce2950b90sm599688pjb.15.2024.01.14.15.38.12
 (version=TLS1_2 cipher=ECDHE-ECDSA-AES128-GCM-SHA256 bits=128/128);
 Sun, 14 Jan 2024 15:38:12 -0800 (PST)
X-Relaying-Domain: iol.unh.edu
Date: Sun, 14 Jan 2024 15:38:12 -0800 (PST)
Message-ID: <65a47064.170a0220.273ed.b13eSMTPIN_ADDED_MISSING@mx.google.com>
Received: from [172.21.0.3] (unknown [172.18.0.240])
 by postal.iol.unh.edu (Postfix) with ESMTP id 2F0C86052515;
 Sun, 14 Jan 2024 18:38:12 -0500 (EST)
Subject: |FAILURE| pw135862 [PATCH] event/dsw: optimize serving port logic
From: dpdklab@iol.unh.edu
To: Test Report <test-report@dpdk.org>
Cc: dpdk-test-reports@iol.unh.edu,
 Mattias Ronnblom <mattias.ronnblom@ericsson.com>
Content-Type: text/plain
X-BeenThere: test-report@dpdk.org
X-Mailman-Version: 2.1.29
Precedence: list
List-Id: automatic DPDK test reports <test-report.dpdk.org>
List-Unsubscribe: <https://mails.dpdk.org/options/test-report>,
 <mailto:test-report-request@dpdk.org?subject=unsubscribe>
List-Archive: <http://mails.dpdk.org/archives/test-report/>
List-Post: <mailto:test-report@dpdk.org>
List-Help: <mailto:test-report-request@dpdk.org?subject=help>
List-Subscribe: <https://mails.dpdk.org/listinfo/test-report>,
 <mailto:test-report-request@dpdk.org?subject=subscribe>
Errors-To: test-report-bounces@dpdk.org

Test-Label: iol-compile-amd64-testing
Test-Status: FAILURE
http://dpdk.org/patch/135862

_Testing issues_

Submitter: Mattias Ronnblom <mattias.ronnblom@ericsson.com>
Date: Sunday, January 14 2024 21:50:51 
DPDK git baseline: Repo:dpdk
  Branch: master
  CommitID:a1dff49b89249659bb40512bb1410a9afba0f382

135862 --> testing fail

Test environment and result as below:

+---------------------+--------------------+----------------------+
|     Environment     | dpdk_meson_compile | dpdk_mingw64_compile |
+=====================+====================+======================+
| Windows Server 2022 | PASS               | SKIPPED              |
+---------------------+--------------------+----------------------+
| FreeBSD 13          | FAIL               | SKIPPED              |
+---------------------+--------------------+----------------------+
| Windows Server 2019 | PASS               | PASS                 |
+---------------------+--------------------+----------------------+
| CentOS Stream 8     | FAIL               | SKIPPED              |
+---------------------+--------------------+----------------------+
| CentOS Stream 9     | PASS               | SKIPPED              |
+---------------------+--------------------+----------------------+
| Debian Buster       | FAIL               | SKIPPED              |
+---------------------+--------------------+----------------------+
| Debian Bullseye     | PASS               | SKIPPED              |
+---------------------+--------------------+----------------------+
| Fedora 38           | PASS               | SKIPPED              |
+---------------------+--------------------+----------------------+
| Fedora 37           | PASS               | SKIPPED              |
+---------------------+--------------------+----------------------+
| openSUSE Leap 15    | FAIL               | SKIPPED              |
+---------------------+--------------------+----------------------+
| RHEL8               | FAIL               | SKIPPED              |
+---------------------+--------------------+----------------------+
| Ubuntu 20.04        | PASS               | SKIPPED              |
+---------------------+--------------------+----------------------+
| Ubuntu 22.04        | PASS               | SKIPPED              |
+---------------------+--------------------+----------------------+
| Alpine              | PASS               | SKIPPED              |
+---------------------+--------------------+----------------------+

==== 20 line log output for RHEL8 (dpdk_meson_compile): ====
[2405/2825] Linking target drivers/librte_event_dlb2.so.24.1.
[2406/2825] Compiling C object 'drivers/a715181@@tmp_rte_event_dpaa2@sta/event_dpaa2_dpaa2_eventdev.c.o'.
[2407/2825] Compiling C object 'drivers/a715181@@rte_event_dpaa@sha/meson-generated_.._rte_event_dpaa.pmd.c.o'.
[2408/2825] Compiling C object 'drivers/a715181@@tmp_rte_event_dpaa2@sta/event_dpaa2_dpaa2_hw_dpcon.c.o'.
[2409/2825] Compiling C object 'drivers/a715181@@tmp_rte_event_dpaa2@sta/event_dpaa2_dpaa2_eventdev_selftest.c.o'.
[2410/2825] Linking target drivers/librte_event_dpaa.so.24.1.
[2411/2825] Compiling C object 'drivers/a715181@@rte_event_dpaa@sta/meson-generated_.._rte_event_dpaa.pmd.c.o'.
[2412/2825] Linking static target drivers/librte_event_dpaa.a.
[2413/2825] Linking static target drivers/libtmp_rte_event_dpaa2.a.
[2414/2825] Generating rte_event_dpaa2.pmd.c with a custom command.
[2415/2825] Compiling C object 'drivers/a715181@@rte_event_dpaa2@sta/meson-generated_.._rte_event_dpaa2.pmd.c.o'.
[2416/2825] Compiling C object 'drivers/a715181@@tmp_rte_event_dsw@sta/event_dsw_dsw_evdev.c.o'.
FAILED: drivers/a715181@@tmp_rte_event_dsw@sta/event_dsw_dsw_evdev.c.o
ccache cc -Idrivers/a715181@@tmp_rte_event_dsw@sta -Idrivers -I../drivers -Idrivers/event/dsw -I../drivers/event/dsw -Ilib/eventdev -I../lib/eventdev -I. -I../ -Iconfig -I../config -Ilib/eal/include -I../lib/eal/include -Ilib/eal/linux/include -I../lib/eal/linux/include -Ilib/eal/x86/include -I../lib/eal/x86/include -Ilib/eal/common -I../lib/eal/common -Ilib/eal -I../lib/eal -Ilib/kvargs -I../lib/kvargs -Ilib/log -I../lib/log -Ilib/telemetry/../metrics -I../lib/telemetry/../metrics -Ilib/telemetry -I../lib/telemetry -Ilib/ring -I../lib/ring -Ilib/ethdev -I../lib/ethdev -Ilib/net -I../lib/net -Ilib/mbuf -I../lib/mbuf -Ilib/mempool -I../lib/mempool -Ilib/meter -I../lib/meter -Ilib/hash -I../lib/hash -Ilib/rcu -I../lib/rcu -Ilib/timer -I../lib/timer -Ilib/cryptodev -I../lib/cryptodev -Ilib/dmadev -I../lib/dmadev -Idrivers/bus/vdev -I../drivers/bus/vdev -fdiagnostics-color=always -pipe -D_FILE_OFFSET_BITS=64 -Wall -Winvalid-pch -Wextra -Werror -std=c11 -O3 -include rte_config.h -Wcast-qu
 al -Wdeprecated -Wformat -Wformat-nonliteral -Wformat-security -Wmissing-declarations -Wmissing-prototypes -Wnested-externs -Wold-style-definition -Wpointer-arith -Wsign-compare -Wstrict-prototypes -Wundef -Wwrite-strings -Wno-packed-not-aligned -Wno-missing-field-initializers -D_GNU_SOURCE -fPIC -march=native -mrtm -DALLOW_EXPERIMENTAL_API -DALLOW_INTERNAL_API -Wno-format-truncation -Wno-format-nonliteral -DRTE_LOG_DEFAULT_LOGTYPE=pmd.event.dsw -MD -MQ 'drivers/a715181@@tmp_rte_event_dsw@sta/event_dsw_dsw_evdev.c.o' -MF 'drivers/a715181@@tmp_rte_event_dsw@sta/event_dsw_dsw_evdev.c.o.d' -o 'drivers/a715181@@tmp_rte_event_dsw@sta/event_dsw_dsw_evdev.c.o' -c ../drivers/event/dsw/dsw_evdev.c
In file included from ../drivers/event/dsw/dsw_evdev.c:13:
../drivers/event/dsw/dsw_evdev.h:244:34: error: expected ',' before ')' token
static_assert(DSW_MAX_PORTS <= 64);
^
,
ninja: build stopped: subcommand failed.
==== End log output ====

Windows Server 2022
	Kernel: OS Build 20348.2031
	Compiler: MSVC VS-Preview

FreeBSD 13
	Kernel: 13.0
	Compiler: clang 11.0.1

Windows Server 2019
	Kernel: 10.0
	Compiler: clang 14.0 and gcc 8.1.0 (MinGW)

CentOS Stream 8
	Kernel: 4.18.0-240.10.1.el8_3.x86_64
	Compiler: gcc 8.4.1 20200928

CentOS Stream 9
	Kernel: 4.18.0-240.10.1.el8_3.x86_64
	Compiler: gcc 11.3.1 20220421

Debian Buster
	Kernel: 5.4.0-122-generic
	Compiler: gcc 8.3.0-6

Debian Bullseye
	Kernel: 5.4.0-122-generic
	Compiler: gcc 10.2.1-6

Fedora 38
	Kernel: Depends on container host
	Compiler: clang 16.0.3

Fedora 37
	Kernel: Depends on container host system
	Compiler: gcc 12.3.1

openSUSE Leap 15
	Kernel: 4.18.0-240.10.1.el8_3.x86_64
	Compiler: gcc 7.5.0

RHEL8
	Kernel: 4.18.0-240.10.1.el8_3.x86_64
	Compiler: gcc 8.3.1 20191121 (Red Hat 8.3.1-5)

Ubuntu 20.04
	Kernel: 5.4.0-153-generic
	Compiler: gcc 9.4.0-1ubuntu1~20.04.1

Ubuntu 22.04
	Kernel: 4.18.0-240.10.1.el8_3.x86_64
	Compiler: gcc 11.3.0

Alpine
	Kernel: 5.4.0-73-generic
	Compiler: gcc (Alpine 10.3.1_git20210424) 10.3.1 20210424

To view detailed results, visit:
https://lab.dpdk.org/results/dashboard/patchsets/28860/

UNH-IOL DPDK Community Lab

To manage your email subscriptions, visit: 
https://lab.dpdk.org/results/dashboard/preferences/subscriptions/