From mboxrd@z Thu Jan  1 00:00:00 1970
Return-Path: <test-report-bounces@dpdk.org>
Received: from mails.dpdk.org (mails.dpdk.org [217.70.189.124])
	by inbox.dpdk.org (Postfix) with ESMTP id E6FC743BF0
	for <public@inbox.dpdk.org>; Tue, 27 Feb 2024 21:49:46 +0100 (CET)
Received: from mails.dpdk.org (localhost [127.0.0.1])
	by mails.dpdk.org (Postfix) with ESMTP id E0F43409FA;
	Tue, 27 Feb 2024 21:49:46 +0100 (CET)
Received: from mail-io1-f98.google.com (mail-io1-f98.google.com
 [209.85.166.98]) by mails.dpdk.org (Postfix) with ESMTP id 36E0C4026E
 for <test-report@dpdk.org>; Tue, 27 Feb 2024 21:49:45 +0100 (CET)
Received: by mail-io1-f98.google.com with SMTP id
 ca18e2360f4ac-7c785dda899so216851939f.2
 for <test-report@dpdk.org>; Tue, 27 Feb 2024 12:49:45 -0800 (PST)
DKIM-Signature: v=1; a=rsa-sha256; c=relaxed/relaxed;
 d=iol.unh.edu; s=unh-iol; t=1709066984; x=1709671784; darn=dpdk.org;
 h=references:in-reply-to:cc:to:from:subject:message-id:date:from:to
 :cc:subject:date:message-id:reply-to;
 bh=oiFt8o4Mn5GdL1yI7TP/VkwohMBPzlrJyoSO/H77q8c=;
 b=WVlYlmrS3gq0BxCSuBTEHIi5DW8kMjUbRIgVzIuSw9XDWoy/k13iLjLIs9TUgbZs64
 yKepSnNL092NPr2cVlb38sHTlfSxykMDSmvgUnbFhfRvOkDXD06w1bbSMdS44FFJVwKM
 snY92sXg+Ba7mXbL+ipqeJGzUg5Zoyaf3waIM=
X-Google-DKIM-Signature: v=1; a=rsa-sha256; c=relaxed/relaxed;
 d=1e100.net; s=20230601; t=1709066984; x=1709671784;
 h=references:in-reply-to:cc:to:from:subject:message-id:date
 :x-gm-message-state:from:to:cc:subject:date:message-id:reply-to;
 bh=oiFt8o4Mn5GdL1yI7TP/VkwohMBPzlrJyoSO/H77q8c=;
 b=WDnlZXP5P2EQinoW30AOmLoM91b8kwKroeTvK4g4EZ7d0+7h50dNZpARs7oMPWBBF/
 /XHaEZdkXqsZGTEig6Wrma7kJBBqa+d64aheVl4A9tqQzepX4RA+aPVUNcowGsSRLbOV
 R2hvC10DWJgdlb8NE6kRg/vchpbCGKmM8hGqUz+Ax0UwEJz0KuSmULjZcMHIkywbvdBk
 8mXxtD2PDuhtRa3nO3rFQCxZAVHZLHUstIEHGRa91VIAOQ9mZGHK/D0siwnvBG3GpCtL
 M26rJb9kw+Fg47N2Mkhfebz7uHLwwdrzzhVHeE4Q/0vCjVpA21igNFwZcoHs7GLP2fTu
 md/Q==
X-Gm-Message-State: AOJu0YwiSG8LclXDusYID05ygTX1S/IW8SembxqebwVpfZuXddDFI8OY
 OyNddeQN0I9hGxajpTZbGUc+xEzizMt858JFq98q6fW94BkFEtNXiaSY7zRgoW+9OPxGpnLqVVe
 Hg2qx6K6A3lcYZmh0HgJqG8F+F/1dgCQc/fxhoZRQ
X-Google-Smtp-Source: AGHT+IEgSiN8KlJqxIJkBxgsVenv7PHqmOClX6CqEUKNaJ6nCKsdqEOnLWSkdajiCjmsqqnEEux+ISGfjjdU
X-Received: by 2002:a92:901:0:b0:363:d9eb:c2de with SMTP id
 y1-20020a920901000000b00363d9ebc2demr12116868ilg.6.1709066984609; 
 Tue, 27 Feb 2024 12:49:44 -0800 (PST)
Received: from postal.iol.unh.edu (postal.iol.unh.edu. [132.177.123.84])
 by smtp-relay.gmail.com with ESMTPS id
 cn2-20020a056e02388200b00365822e4606sm393726ilb.62.2024.02.27.12.49.44
 (version=TLS1_2 cipher=ECDHE-ECDSA-AES128-GCM-SHA256 bits=128/128);
 Tue, 27 Feb 2024 12:49:44 -0800 (PST)
X-Relaying-Domain: iol.unh.edu
Date: Tue, 27 Feb 2024 12:49:44 -0800 (PST)
Message-ID: <65de4ae8.050a0220.49b47.be8fSMTPIN_ADDED_MISSING@mx.google.com>
Received: from [172.21.0.6] (unknown [172.18.0.240])
 by postal.iol.unh.edu (Postfix) with ESMTP id 21F6B6043300;
 Tue, 27 Feb 2024 15:49:44 -0500 (EST)
Subject: |FAILURE| pw137348 [PATCH] [v4] examples/ipsec-secgw: fix cryptodev 
From: dpdklab@iol.unh.edu
To: Test Report <test-report@dpdk.org>
Cc: dpdk-test-reports@iol.unh.edu, Radu Nicolau <radu.nicolau@intel.com>
In-Reply-To: <20240227132846.415698-1-radu.nicolau@intel.com>
References: <20240227132846.415698-1-radu.nicolau@intel.com>
Content-Type: text/plain
X-BeenThere: test-report@dpdk.org
X-Mailman-Version: 2.1.29
Precedence: list
List-Id: automatic DPDK test reports <test-report.dpdk.org>
List-Unsubscribe: <https://mails.dpdk.org/options/test-report>,
 <mailto:test-report-request@dpdk.org?subject=unsubscribe>
List-Archive: <http://mails.dpdk.org/archives/test-report/>
List-Post: <mailto:test-report@dpdk.org>
List-Help: <mailto:test-report-request@dpdk.org?subject=help>
List-Subscribe: <https://mails.dpdk.org/listinfo/test-report>,
 <mailto:test-report-request@dpdk.org?subject=subscribe>
Errors-To: test-report-bounces@dpdk.org

Test-Label: iol-unit-amd64-testing
Test-Status: FAILURE
http://dpdk.org/patch/137348

_Testing issues_

Submitter: Radu Nicolau <radu.nicolau@intel.com>
Date: Tuesday, February 27 2024 13:28:46 
DPDK git baseline: Repo:dpdk
  Branch: master
  CommitID:92c0ad70caf3ed6f4b93de6ddaf7bc369737c049

137348 --> testing fail

Test environment and result as below:

+------------------+----------------+
|   Environment    | dpdk_unit_test |
+==================+================+
| CentOS Stream 9  | PASS           |
+------------------+----------------+
| Fedora 38        | PASS           |
+------------------+----------------+
| CentOS Stream 8  | PASS           |
+------------------+----------------+
| Debian 12 (arm)  | FAIL           |
+------------------+----------------+
| Fedora 37        | PASS           |
+------------------+----------------+
| Debian Bullseye  | PASS           |
+------------------+----------------+
| Ubuntu 22.04     | PASS           |
+------------------+----------------+
| Ubuntu 20.04     | PASS           |
+------------------+----------------+
| RHEL8            | PASS           |
+------------------+----------------+
| openSUSE Leap 15 | PASS           |
+------------------+----------------+

==== 20 line log output for Debian 12 (arm) (dpdk_unit_test): ====
Installing symlink pointing to librte_event_opdl.so.24 to /usr/local/lib/x86_64-linux-gnu/dpdk/pmds-24.1/librte_event_opdl.so
Installing symlink pointing to librte_event_skeleton.so.24.1 to /usr/local/lib/x86_64-linux-gnu/dpdk/pmds-24.1/librte_event_skeleton.so.24
Installing symlink pointing to librte_event_skeleton.so.24 to /usr/local/lib/x86_64-linux-gnu/dpdk/pmds-24.1/librte_event_skeleton.so
Installing symlink pointing to librte_event_sw.so.24.1 to /usr/local/lib/x86_64-linux-gnu/dpdk/pmds-24.1/librte_event_sw.so.24
Installing symlink pointing to librte_event_sw.so.24 to /usr/local/lib/x86_64-linux-gnu/dpdk/pmds-24.1/librte_event_sw.so
Installing symlink pointing to librte_event_octeontx.so.24.1 to /usr/local/lib/x86_64-linux-gnu/dpdk/pmds-24.1/librte_event_octeontx.so.24
Installing symlink pointing to librte_event_octeontx.so.24 to /usr/local/lib/x86_64-linux-gnu/dpdk/pmds-24.1/librte_event_octeontx.so
Installing symlink pointing to librte_baseband_acc.so.24.1 to /usr/local/lib/x86_64-linux-gnu/dpdk/pmds-24.1/librte_baseband_acc.so.24
Installing symlink pointing to librte_baseband_acc.so.24 to /usr/local/lib/x86_64-linux-gnu/dpdk/pmds-24.1/librte_baseband_acc.so
Installing symlink pointing to librte_baseband_fpga_5gnr_fec.so.24.1 to /usr/local/lib/x86_64-linux-gnu/dpdk/pmds-24.1/librte_baseband_fpga_5gnr_fec.so.24
Installing symlink pointing to librte_baseband_fpga_5gnr_fec.so.24 to /usr/local/lib/x86_64-linux-gnu/dpdk/pmds-24.1/librte_baseband_fpga_5gnr_fec.so
Installing symlink pointing to librte_baseband_fpga_lte_fec.so.24.1 to /usr/local/lib/x86_64-linux-gnu/dpdk/pmds-24.1/librte_baseband_fpga_lte_fec.so.24
Installing symlink pointing to librte_baseband_fpga_lte_fec.so.24 to /usr/local/lib/x86_64-linux-gnu/dpdk/pmds-24.1/librte_baseband_fpga_lte_fec.so
Installing symlink pointing to librte_baseband_la12xx.so.24.1 to /usr/local/lib/x86_64-linux-gnu/dpdk/pmds-24.1/librte_baseband_la12xx.so.24
Installing symlink pointing to librte_baseband_la12xx.so.24 to /usr/local/lib/x86_64-linux-gnu/dpdk/pmds-24.1/librte_baseband_la12xx.so
Installing symlink pointing to librte_baseband_null.so.24.1 to /usr/local/lib/x86_64-linux-gnu/dpdk/pmds-24.1/librte_baseband_null.so.24
Installing symlink pointing to librte_baseband_null.so.24 to /usr/local/lib/x86_64-linux-gnu/dpdk/pmds-24.1/librte_baseband_null.so
Installing symlink pointing to librte_baseband_turbo_sw.so.24.1 to /usr/local/lib/x86_64-linux-gnu/dpdk/pmds-24.1/librte_baseband_turbo_sw.so.24
Installing symlink pointing to librte_baseband_turbo_sw.so.24 to /usr/local/lib/x86_64-linux-gnu/dpdk/pmds-24.1/librte_baseband_turbo_sw.so
Running custom install script '/bin/sh /home-local/jenkins-local/jenkins-agent/workspace/Generic-Unit-Test-DPDK/dpdk/config/../buildtools/symlink-drivers-solibs.sh lib/x86_64-linux-gnu dpdk/pmds-24.1'
==== End log output ====

CentOS Stream 9
	Kernel: 4.18.0-240.10.1.el8_3.x86_64
	Compiler: gcc 11.3.1 20220421

Fedora 38
	Kernel: Depends on container host
	Compiler: gcc 13.1.1

CentOS Stream 8
	Kernel: 4.18.0-240.10.1.el8_3.x86_64
	Compiler: gcc 8.4.1 20200928

Debian 12 (arm)
	Kernel: Container Host Kernel
	Compiler: gcc 11

Fedora 37
	Kernel: Depends on container host system
	Compiler: gcc 12.3.1

Debian Bullseye
	Kernel: 5.4.0-122-generic
	Compiler: gcc 10.2.1-6

Ubuntu 22.04
	Kernel: 4.18.0-240.10.1.el8_3.x86_64
	Compiler: gcc 11.3.0

Ubuntu 20.04
	Kernel: 5.4.0-153-generic
	Compiler: gcc 9.4.0-1ubuntu1~20.04.1

RHEL8
	Kernel: 4.18.0-240.10.1.el8_3.x86_64
	Compiler: gcc 8.3.1 20191121 (Red Hat 8.3.1-5)

openSUSE Leap 15
	Kernel: 4.18.0-240.10.1.el8_3.x86_64
	Compiler: gcc 7.5.0

To view detailed results, visit:
https://lab.dpdk.org/results/dashboard/patchsets/29287/

UNH-IOL DPDK Community Lab

To manage your email subscriptions, visit: 
https://lab.dpdk.org/results/dashboard/preferences/subscriptions/