From mboxrd@z Thu Jan  1 00:00:00 1970
Return-Path: <test-report-bounces@dpdk.org>
Received: from mails.dpdk.org (mails.dpdk.org [217.70.189.124])
	by inbox.dpdk.org (Postfix) with ESMTP id DC6F743C0E
	for <public@inbox.dpdk.org>; Wed, 28 Feb 2024 01:38:51 +0100 (CET)
Received: from mails.dpdk.org (localhost [127.0.0.1])
	by mails.dpdk.org (Postfix) with ESMTP id CBECE40295;
	Wed, 28 Feb 2024 01:38:51 +0100 (CET)
Received: from mail-io1-f97.google.com (mail-io1-f97.google.com
 [209.85.166.97]) by mails.dpdk.org (Postfix) with ESMTP id 08745400EF
 for <test-report@dpdk.org>; Wed, 28 Feb 2024 01:38:51 +0100 (CET)
Received: by mail-io1-f97.google.com with SMTP id
 ca18e2360f4ac-7c488a5af5eso9519639f.1
 for <test-report@dpdk.org>; Tue, 27 Feb 2024 16:38:50 -0800 (PST)
DKIM-Signature: v=1; a=rsa-sha256; c=relaxed/relaxed;
 d=iol.unh.edu; s=unh-iol; t=1709080730; x=1709685530; darn=dpdk.org;
 h=references:in-reply-to:cc:to:from:subject:message-id:date:from:to
 :cc:subject:date:message-id:reply-to;
 bh=0cAVrwF8fverk/8+fBNGl1WeTQzND2Bs9u9UY19TPc4=;
 b=GG1lJGoQZAYjM0FNyYc1kKCrE/Gs8owwig+LxSZAXxCQv3mZgLpfOpYznjwMmmcpgb
 whBoMvrb4uqY4XqtBAMTLECelCFlkj93EMVKfr+ZkxKMuCQPMraB630Zje7EfS4nncly
 kYSeYBS5jiVViahkH6XjQLyVG73aSbFjhAw1s=
X-Google-DKIM-Signature: v=1; a=rsa-sha256; c=relaxed/relaxed;
 d=1e100.net; s=20230601; t=1709080730; x=1709685530;
 h=references:in-reply-to:cc:to:from:subject:message-id:date
 :x-gm-message-state:from:to:cc:subject:date:message-id:reply-to;
 bh=0cAVrwF8fverk/8+fBNGl1WeTQzND2Bs9u9UY19TPc4=;
 b=bCFLykdJdsmcJL7Ngh5RlqlJ/eOalCPlHPSjh4n+OizXtBrLL2yXxoc+dFkJzhdkGz
 kMAiOLkuxOo5FpB8eSD0vU80+Tz8nHIZJ77nDO5Gl+CatgiaG5JRdS1HI8eyzbiJ3OMo
 q8enQlOYovOPwXT3ZxsPMOs1oSwMzNe4a0JcT3PIDKg0p01dkWFOhcnqL+MmknxMrqhO
 /icFZxeZ6mR9F11u9W2HRscas1RrLOJQjX3UGZ0OCSutuRmIpGGndwPzWH9iFkkTx2k/
 ZreYR3CarKhalJSysuv5Lsa54YM7lMziwqPDVGljgju9YuxKIyIBCi/0ElzoUg3RuSBp
 Imlw==
X-Gm-Message-State: AOJu0YzhVz0JBMC+yaYk2Y2IXFSBVXntDI8ajzNakdh1o0OFxC52cA8c
 Mrnnrb6B+5xusxIpv4H+VNJr2kVKXKJLJ3ztaFvreyl3XOFAUAFKwZO8zYVSFRgcTtElET/y92y
 Li4tv6YdPgcwqqH6GbhJM5jP/cugG77VoJqk5KGY8
X-Google-Smtp-Source: AGHT+IFtm/RIgtG1nsRO9PX5bwc7+cPhx5BhQPf0sRY8Ua4cJmDrLJ/RM8B2jQQdbLrPykcAzOj04kWpixW7
X-Received: by 2002:a05:6602:3fd4:b0:7c7:2e71:c988 with SMTP id
 fc20-20020a0566023fd400b007c72e71c988mr575444iob.10.1709080730349; 
 Tue, 27 Feb 2024 16:38:50 -0800 (PST)
Received: from postal.iol.unh.edu (postal.iol.unh.edu. [132.177.123.84])
 by smtp-relay.gmail.com with ESMTPS id
 fb2-20020a0566023f8200b007c78e2e22bdsm294776iob.6.2024.02.27.16.38.50
 (version=TLS1_2 cipher=ECDHE-ECDSA-AES128-GCM-SHA256 bits=128/128);
 Tue, 27 Feb 2024 16:38:50 -0800 (PST)
X-Relaying-Domain: iol.unh.edu
Date: Tue, 27 Feb 2024 16:38:50 -0800 (PST)
Message-ID: <65de809a.050a0220.e785a.667fSMTPIN_ADDED_MISSING@mx.google.com>
Received: from [172.21.0.7] (unknown [172.18.0.240])
 by postal.iol.unh.edu (Postfix) with ESMTP id D244A6052712;
 Tue, 27 Feb 2024 19:38:49 -0500 (EST)
Subject: |FAILURE| pw137363 [PATCH] lib/hash: add SipHash function
From: dpdklab@iol.unh.edu
To: Test Report <test-report@dpdk.org>
Cc: dpdk-test-reports@iol.unh.edu,
 Stephen Hemminger <stephen@networkplumber.org>
In-Reply-To: <20240227174012.343004-1-stephen@networkplumber.org>
References: <20240227174012.343004-1-stephen@networkplumber.org>
Content-Type: text/plain
X-BeenThere: test-report@dpdk.org
X-Mailman-Version: 2.1.29
Precedence: list
List-Id: automatic DPDK test reports <test-report.dpdk.org>
List-Unsubscribe: <https://mails.dpdk.org/options/test-report>,
 <mailto:test-report-request@dpdk.org?subject=unsubscribe>
List-Archive: <http://mails.dpdk.org/archives/test-report/>
List-Post: <mailto:test-report@dpdk.org>
List-Help: <mailto:test-report-request@dpdk.org?subject=help>
List-Subscribe: <https://mails.dpdk.org/listinfo/test-report>,
 <mailto:test-report-request@dpdk.org?subject=subscribe>
Errors-To: test-report-bounces@dpdk.org

Test-Label: iol-unit-arm64-testing
Test-Status: FAILURE
http://dpdk.org/patch/137363

_Testing issues_

Submitter: Stephen Hemminger <stephen@networkplumber.org>
Date: Tuesday, February 27 2024 17:39:01 
DPDK git baseline: Repo:dpdk
  Branch: master
  CommitID:92c0ad70caf3ed6f4b93de6ddaf7bc369737c049

137363 --> testing fail

Test environment and result as below:

+--------------------------+--------------+---------------------------+------------------------------+----------------+
|       Environment        | lpm_autotest | cryptodev_sw_zuc_autotest | cryptodev_sw_snow3g_autotest | dpdk_unit_test |
+==========================+==============+===========================+==============================+================+
| Ubuntu 20.04 ARM SVE     | FAIL         | SKIPPED                   | SKIPPED                      | SKIPPED        |
+--------------------------+--------------+---------------------------+------------------------------+----------------+
| Debian 12 (arm)          | SKIPPED      | FAIL                      | FAIL                         | FAIL           |
+--------------------------+--------------+---------------------------+------------------------------+----------------+
| Debian 11 (Buster) (ARM) | SKIPPED      | SKIPPED                   | SKIPPED                      | FAIL           |
+--------------------------+--------------+---------------------------+------------------------------+----------------+
| Fedora 37 (ARM)          | SKIPPED      | SKIPPED                   | SKIPPED                      | FAIL           |
+--------------------------+--------------+---------------------------+------------------------------+----------------+
| CentOS Stream 9 (ARM)    | SKIPPED      | SKIPPED                   | SKIPPED                      | FAIL           |
+--------------------------+--------------+---------------------------+------------------------------+----------------+
| Fedora 38 (ARM)          | SKIPPED      | SKIPPED                   | SKIPPED                      | FAIL           |
+--------------------------+--------------+---------------------------+------------------------------+----------------+
| Ubuntu 20.04 (ARM)       | SKIPPED      | SKIPPED                   | SKIPPED                      | FAIL           |
+--------------------------+--------------+---------------------------+------------------------------+----------------+
| Fedora 38 (ARM Clang)    | SKIPPED      | SKIPPED                   | SKIPPED                      | FAIL           |
+--------------------------+--------------+---------------------------+------------------------------+----------------+

==== 20 line log output for Fedora 38 (ARM Clang) (dpdk_unit_test): ====
../lib/hash/rte_siphash.c:46:42: error: operand of type 'const void' where arithmetic or pointer type is required
return (uint32_t)p[0]       | (uint32_t)p[1] << 8 |
^~~~
../lib/hash/rte_siphash.c:47:14: error: subscript of a pointer to void is a GNU extension [-Werror,-Wgnu-pointer-arith]
(uint32_t)p[2] << 16 | (uint32_t)p[3] << 24;
~^
../lib/hash/rte_siphash.c:47:13: error: operand of type 'const void' where arithmetic or pointer type is required
(uint32_t)p[2] << 16 | (uint32_t)p[3] << 24;
^~~~
../lib/hash/rte_siphash.c:47:37: error: subscript of a pointer to void is a GNU extension [-Werror,-Wgnu-pointer-arith]
(uint32_t)p[2] << 16 | (uint32_t)p[3] << 24;
~^
../lib/hash/rte_siphash.c:47:36: error: operand of type 'const void' where arithmetic or pointer type is required
(uint32_t)p[2] << 16 | (uint32_t)p[3] << 24;
^~~~
9 errors generated.
[174/3119] Generating symbol file 'lib/76b5a35@@rte_net@sha/librte_net.so.24.1.symbols'.
[175/3119] Compiling C object 'lib/76b5a35@@rte_hash@sta/hash_rte_cuckoo_hash.c.o'.
[176/3119] Generating ethdev.sym_chk with a meson_exe.py custom command.
ninja: build stopped: subcommand failed.
==== End log output ====

Ubuntu 20.04 ARM SVE
	Kernel: 5.4.0-80-generic
	Compiler: gcc 10.3.0 (Ubuntu 10.3.0-1ubuntu1~20.04)

Debian 12 (arm)
	Kernel: Container Host Kernel
	Compiler: gcc 11

Debian 11 (Buster) (ARM)
	Kernel: Container Host Kernel
	Compiler: gcc 10.2.1

Fedora 37 (ARM)
	Kernel: Depends on container host
	Compiler: gcc 12.3.1

CentOS Stream 9 (ARM)
	Kernel: Container Host Kernel
	Compiler: gcc 11.3.1

Fedora 38 (ARM)
	Kernel: Depends on container host
	Compiler: gcc 13.1.1

Ubuntu 20.04 (ARM)
	Kernel: Container Host Kernel
	Compiler: gcc 9.4.0

Fedora 38 (ARM Clang)
	Kernel: Depends on container host
	Compiler: clang 16.0.3

To view detailed results, visit:
https://lab.dpdk.org/results/dashboard/patchsets/29295/

UNH-IOL DPDK Community Lab

To manage your email subscriptions, visit: 
https://lab.dpdk.org/results/dashboard/preferences/subscriptions/