From mboxrd@z Thu Jan  1 00:00:00 1970
Return-Path: <test-report-bounces@dpdk.org>
Received: from mails.dpdk.org (mails.dpdk.org [217.70.189.124])
	by inbox.dpdk.org (Postfix) with ESMTP id 1389743B8A
	for <public@inbox.dpdk.org>; Wed, 28 Feb 2024 01:48:45 +0100 (CET)
Received: from mails.dpdk.org (localhost [127.0.0.1])
	by mails.dpdk.org (Postfix) with ESMTP id 05D1E402A9;
	Wed, 28 Feb 2024 01:48:45 +0100 (CET)
Received: from mail-io1-f100.google.com (mail-io1-f100.google.com
 [209.85.166.100])
 by mails.dpdk.org (Postfix) with ESMTP id D4C494027D
 for <test-report@dpdk.org>; Wed, 28 Feb 2024 01:48:42 +0100 (CET)
Received: by mail-io1-f100.google.com with SMTP id
 ca18e2360f4ac-7c403dbf3adso261237939f.1
 for <test-report@dpdk.org>; Tue, 27 Feb 2024 16:48:42 -0800 (PST)
DKIM-Signature: v=1; a=rsa-sha256; c=relaxed/relaxed;
 d=iol.unh.edu; s=unh-iol; t=1709081322; x=1709686122; darn=dpdk.org;
 h=references:in-reply-to:cc:to:from:subject:message-id:date:from:to
 :cc:subject:date:message-id:reply-to;
 bh=0cAVrwF8fverk/8+fBNGl1WeTQzND2Bs9u9UY19TPc4=;
 b=MOAlu8LlSEnSBJQJVcxxkna8Nlnjfpuczn1/yY5ML7d9eR+3wxh4rdVquTAHYRxGf7
 RPxRUNsrYlQwpPbDRS/jGbkHkjH+1NigVghsP6A04UZj5FnwTQ0EkhhNSlKxgSIz+Xec
 UDraxK+Dj79zT9VircVTngZCtPFVMbAgVoxAI=
X-Google-DKIM-Signature: v=1; a=rsa-sha256; c=relaxed/relaxed;
 d=1e100.net; s=20230601; t=1709081322; x=1709686122;
 h=references:in-reply-to:cc:to:from:subject:message-id:date
 :x-gm-message-state:from:to:cc:subject:date:message-id:reply-to;
 bh=0cAVrwF8fverk/8+fBNGl1WeTQzND2Bs9u9UY19TPc4=;
 b=q9/qEH0fC07wV4DhJCOPb37D7spIpnLIEdM40/8Ldc8Xi+AFltG2SaN+gHyD1fO+oT
 aVOExTQPjqxlubjX5EqtfcEeeLOzS1vqOuO+wHSm4NAfQpaIjrkGStRITrj1q57Uo8Ct
 F3hJzEjRfOpzep+C2oUOpEmDJaLsq/ztbTBphJuL8DV/fZKTr5aI5qbPNTCtCoS9/Dz7
 Q8fz1gUdnTg1bLH7rusKOhykEjoSpV+uyFLToqWA2GGxoqlnPsazonI1IcVjjz5UWoWn
 2s5ahNi3p+QR0HG2Row6DY4QKcDLeEovrHsqqT5VHCP5Ey2sl7zZb5oc0Gcn/wx9V/HN
 9kcg==
X-Gm-Message-State: AOJu0Yy2WZHD4BFDGdZ6w7bGWEl7gC3dfnR6jFLUYK9iZeW6XZg9gfwy
 98fwLiW8p/aUra1fL+RFaNH/YUfch9ojsZ7EG4uthavobfi61xAblBDU23zvXBRCKs/C0hTFt/h
 jKMpQhiUTcEO4Zy/qVt7TzVw68sRio7y7QV28UdoN
X-Google-Smtp-Source: AGHT+IGxsGzX37HYMrRP+2ekOi/y1s6xci3XjoqgY++3qXS5yhP5StIe05zmgQMZ43B10UxtEhPBG7/hN9f2
X-Received: by 2002:a92:d948:0:b0:365:117c:c957 with SMTP id
 l8-20020a92d948000000b00365117cc957mr13657864ilq.16.1709081322287; 
 Tue, 27 Feb 2024 16:48:42 -0800 (PST)
Received: from postal.iol.unh.edu (postal.iol.unh.edu. [132.177.123.84])
 by smtp-relay.gmail.com with ESMTPS id
 p22-20020a02b396000000b0047466626492sm245967jan.76.2024.02.27.16.48.42
 (version=TLS1_2 cipher=ECDHE-ECDSA-AES128-GCM-SHA256 bits=128/128);
 Tue, 27 Feb 2024 16:48:42 -0800 (PST)
X-Relaying-Domain: iol.unh.edu
Date: Tue, 27 Feb 2024 16:48:42 -0800 (PST)
Message-ID: <65de82ea.020a0220.a8d99.1b91SMTPIN_ADDED_MISSING@mx.google.com>
Received: from [172.21.0.6] (unknown [172.18.0.240])
 by postal.iol.unh.edu (Postfix) with ESMTP id E5BEE6052712;
 Tue, 27 Feb 2024 19:48:41 -0500 (EST)
Subject: |FAILURE| pw137363 [PATCH] lib/hash: add SipHash function
From: dpdklab@iol.unh.edu
To: Test Report <test-report@dpdk.org>
Cc: dpdk-test-reports@iol.unh.edu,
 Stephen Hemminger <stephen@networkplumber.org>
In-Reply-To: <20240227174012.343004-1-stephen@networkplumber.org>
References: <20240227174012.343004-1-stephen@networkplumber.org>
Content-Type: text/plain
X-BeenThere: test-report@dpdk.org
X-Mailman-Version: 2.1.29
Precedence: list
List-Id: automatic DPDK test reports <test-report.dpdk.org>
List-Unsubscribe: <https://mails.dpdk.org/options/test-report>,
 <mailto:test-report-request@dpdk.org?subject=unsubscribe>
List-Archive: <http://mails.dpdk.org/archives/test-report/>
List-Post: <mailto:test-report@dpdk.org>
List-Help: <mailto:test-report-request@dpdk.org?subject=help>
List-Subscribe: <https://mails.dpdk.org/listinfo/test-report>,
 <mailto:test-report-request@dpdk.org?subject=subscribe>
Errors-To: test-report-bounces@dpdk.org

Test-Label: iol-unit-arm64-testing
Test-Status: FAILURE
http://dpdk.org/patch/137363

_Testing issues_

Submitter: Stephen Hemminger <stephen@networkplumber.org>
Date: Tuesday, February 27 2024 17:39:01 
DPDK git baseline: Repo:dpdk
  Branch: master
  CommitID:92c0ad70caf3ed6f4b93de6ddaf7bc369737c049

137363 --> testing fail

Test environment and result as below:

+--------------------------+--------------+---------------------------+------------------------------+----------------+
|       Environment        | lpm_autotest | cryptodev_sw_zuc_autotest | cryptodev_sw_snow3g_autotest | dpdk_unit_test |
+==========================+==============+===========================+==============================+================+
| Ubuntu 20.04 ARM SVE     | FAIL         | SKIPPED                   | SKIPPED                      | SKIPPED        |
+--------------------------+--------------+---------------------------+------------------------------+----------------+
| Debian 12 (arm)          | SKIPPED      | FAIL                      | FAIL                         | FAIL           |
+--------------------------+--------------+---------------------------+------------------------------+----------------+
| Debian 11 (Buster) (ARM) | SKIPPED      | SKIPPED                   | SKIPPED                      | FAIL           |
+--------------------------+--------------+---------------------------+------------------------------+----------------+
| Fedora 37 (ARM)          | SKIPPED      | SKIPPED                   | SKIPPED                      | FAIL           |
+--------------------------+--------------+---------------------------+------------------------------+----------------+
| CentOS Stream 9 (ARM)    | SKIPPED      | SKIPPED                   | SKIPPED                      | FAIL           |
+--------------------------+--------------+---------------------------+------------------------------+----------------+
| Fedora 38 (ARM)          | SKIPPED      | SKIPPED                   | SKIPPED                      | FAIL           |
+--------------------------+--------------+---------------------------+------------------------------+----------------+
| Ubuntu 20.04 (ARM)       | SKIPPED      | SKIPPED                   | SKIPPED                      | FAIL           |
+--------------------------+--------------+---------------------------+------------------------------+----------------+
| Fedora 38 (ARM Clang)    | SKIPPED      | SKIPPED                   | SKIPPED                      | FAIL           |
+--------------------------+--------------+---------------------------+------------------------------+----------------+

==== 20 line log output for Fedora 38 (ARM Clang) (dpdk_unit_test): ====
../lib/hash/rte_siphash.c:46:42: error: operand of type 'const void' where arithmetic or pointer type is required
return (uint32_t)p[0]       | (uint32_t)p[1] << 8 |
^~~~
../lib/hash/rte_siphash.c:47:14: error: subscript of a pointer to void is a GNU extension [-Werror,-Wgnu-pointer-arith]
(uint32_t)p[2] << 16 | (uint32_t)p[3] << 24;
~^
../lib/hash/rte_siphash.c:47:13: error: operand of type 'const void' where arithmetic or pointer type is required
(uint32_t)p[2] << 16 | (uint32_t)p[3] << 24;
^~~~
../lib/hash/rte_siphash.c:47:37: error: subscript of a pointer to void is a GNU extension [-Werror,-Wgnu-pointer-arith]
(uint32_t)p[2] << 16 | (uint32_t)p[3] << 24;
~^
../lib/hash/rte_siphash.c:47:36: error: operand of type 'const void' where arithmetic or pointer type is required
(uint32_t)p[2] << 16 | (uint32_t)p[3] << 24;
^~~~
9 errors generated.
[174/3119] Generating symbol file 'lib/76b5a35@@rte_net@sha/librte_net.so.24.1.symbols'.
[175/3119] Compiling C object 'lib/76b5a35@@rte_hash@sta/hash_rte_cuckoo_hash.c.o'.
[176/3119] Generating ethdev.sym_chk with a meson_exe.py custom command.
ninja: build stopped: subcommand failed.
==== End log output ====

Ubuntu 20.04 ARM SVE
	Kernel: 5.4.0-80-generic
	Compiler: gcc 10.3.0 (Ubuntu 10.3.0-1ubuntu1~20.04)

Debian 12 (arm)
	Kernel: Container Host Kernel
	Compiler: gcc 11

Debian 11 (Buster) (ARM)
	Kernel: Container Host Kernel
	Compiler: gcc 10.2.1

Fedora 37 (ARM)
	Kernel: Depends on container host
	Compiler: gcc 12.3.1

CentOS Stream 9 (ARM)
	Kernel: Container Host Kernel
	Compiler: gcc 11.3.1

Fedora 38 (ARM)
	Kernel: Depends on container host
	Compiler: gcc 13.1.1

Ubuntu 20.04 (ARM)
	Kernel: Container Host Kernel
	Compiler: gcc 9.4.0

Fedora 38 (ARM Clang)
	Kernel: Depends on container host
	Compiler: clang 16.0.3

To view detailed results, visit:
https://lab.dpdk.org/results/dashboard/patchsets/29295/

UNH-IOL DPDK Community Lab

To manage your email subscriptions, visit: 
https://lab.dpdk.org/results/dashboard/preferences/subscriptions/