From mboxrd@z Thu Jan  1 00:00:00 1970
Return-Path: <test-report-bounces@dpdk.org>
Received: from mails.dpdk.org (mails.dpdk.org [217.70.189.124])
	by inbox.dpdk.org (Postfix) with ESMTP id 4F45143C12
	for <public@inbox.dpdk.org>; Wed, 28 Feb 2024 09:27:22 +0100 (CET)
Received: from mails.dpdk.org (localhost [127.0.0.1])
	by mails.dpdk.org (Postfix) with ESMTP id 4B2F342D90;
	Wed, 28 Feb 2024 09:27:22 +0100 (CET)
Received: from mail-qv1-f97.google.com (mail-qv1-f97.google.com
 [209.85.219.97]) by mails.dpdk.org (Postfix) with ESMTP id 216A94027D
 for <test-report@dpdk.org>; Wed, 28 Feb 2024 09:26:41 +0100 (CET)
Received: by mail-qv1-f97.google.com with SMTP id
 6a1803df08f44-68f41af71ebso48049976d6.1
 for <test-report@dpdk.org>; Wed, 28 Feb 2024 00:26:41 -0800 (PST)
DKIM-Signature: v=1; a=rsa-sha256; c=relaxed/relaxed;
 d=iol.unh.edu; s=unh-iol; t=1709108800; x=1709713600; darn=dpdk.org;
 h=references:in-reply-to:cc:to:from:subject:message-id:date:from:to
 :cc:subject:date:message-id:reply-to;
 bh=RSPNljh5fMVkZsIa365MnCCsUCD9P0k1A0Jj88lLiRI=;
 b=Un2pQ3I0s+RQ5i3YwISSje9bSTSAmf0rzGnQ+VCIAZp7VBwAnM7qfWQ8Xpfbyls5AO
 YEIFSAzosIM8gcB5ndvsHQH/3s5qMIoTK/utm1EsuDXkzVVRd7ZnlL3Lyq8d8p0bdiQd
 6x34AGhnxRKb/F+m+4SFpqJ0TOJlsmQuwJftI=
X-Google-DKIM-Signature: v=1; a=rsa-sha256; c=relaxed/relaxed;
 d=1e100.net; s=20230601; t=1709108800; x=1709713600;
 h=references:in-reply-to:cc:to:from:subject:message-id:date
 :x-gm-message-state:from:to:cc:subject:date:message-id:reply-to;
 bh=RSPNljh5fMVkZsIa365MnCCsUCD9P0k1A0Jj88lLiRI=;
 b=v46+Da0eogSoIAQ0EVjhGP07++GgGYVQQ4ohOm3puuuoGNhV5/T/GPKVaL992DTy36
 Xt4NEReh7tqlgZyv88vFopDVColmKuHL9BXUO3gFRVO+T6SyFM2ZzX624cCFBgU6R8hf
 B81ZNCV0kF02rbU/MbLbUkizuE+edE/bCDAzHlR3E0NWpXqTMHVN60fgZEFVnjHkg5tu
 6wbIS0nuDg8slvOZvTAZb6Gqh/xCuSabY1F3vVQAlbix0ovPs/nXUVMNzJxU9bTY/IS1
 XdDptAzOdurysFVLBDITfZ0L+BAMz/jWeknC3+mar+697o+w4tsLvMqKpVMtzVThjmL2
 tg/A==
X-Gm-Message-State: AOJu0YyizRsdxoRAqCz3MhO/f37KOzI1eo/vmss7gu+fCIHDJr65iTEe
 i8YBycCNoa75L6grLtf1LEJcj4oHb1XIyi9Gvu3RhHPotFvTw5dNTcrB4UFs29yiwa8pnzhRQq0
 FrXj0KhYTWfRRxaNm3jCH2Pila5jabx1DJl00e7sG
X-Google-Smtp-Source: AGHT+IGSOzsvlMguCfayw3TO0ojxjgYVUtLdOer1Uiq49/oOp7sOOiZUlgi2hyMjJZIkDToGyvhGTGdUqOkI
X-Received: by 2002:a0c:da92:0:b0:68f:8c18:42a7 with SMTP id
 z18-20020a0cda92000000b0068f8c1842a7mr3803602qvj.32.1709108800600; 
 Wed, 28 Feb 2024 00:26:40 -0800 (PST)
Received: from postal.iol.unh.edu (postal.iol.unh.edu. [132.177.123.84])
 by smtp-relay.gmail.com with ESMTPS id
 iw13-20020a0562140f2d00b0068c95c8d9b8sm497540qvb.45.2024.02.28.00.26.40
 (version=TLS1_2 cipher=ECDHE-ECDSA-AES128-GCM-SHA256 bits=128/128);
 Wed, 28 Feb 2024 00:26:40 -0800 (PST)
X-Relaying-Domain: iol.unh.edu
Date: Wed, 28 Feb 2024 00:26:40 -0800 (PST)
Message-ID: <65deee40.050a0220.3ae5a.6469SMTPIN_ADDED_MISSING@mx.google.com>
Received: from [172.21.0.6] (unknown [172.18.0.240])
 by postal.iol.unh.edu (Postfix) with ESMTP id 50B99605250F;
 Wed, 28 Feb 2024 03:26:40 -0500 (EST)
Subject: |WARNING| pw137407-137409 [PATCH] [v3,6/6] table: replace zero lengt
From: dpdklab@iol.unh.edu
To: Test Report <test-report@dpdk.org>
Cc: dpdk-test-reports@iol.unh.edu,
 Tyler Retzlaff <roretzla@linux.microsoft.com>
In-Reply-To: <1709078215-20292-7-git-send-email-roretzla@linux.microsoft.com>
References: <1709078215-20292-7-git-send-email-roretzla@linux.microsoft.com>
Content-Type: text/plain
X-BeenThere: test-report@dpdk.org
X-Mailman-Version: 2.1.29
Precedence: list
List-Id: automatic DPDK test reports <test-report.dpdk.org>
List-Unsubscribe: <https://mails.dpdk.org/options/test-report>,
 <mailto:test-report-request@dpdk.org?subject=unsubscribe>
List-Archive: <http://mails.dpdk.org/archives/test-report/>
List-Post: <mailto:test-report@dpdk.org>
List-Help: <mailto:test-report-request@dpdk.org?subject=help>
List-Subscribe: <https://mails.dpdk.org/listinfo/test-report>,
 <mailto:test-report-request@dpdk.org?subject=subscribe>
Errors-To: test-report-bounces@dpdk.org

Test-Label: iol-abi-testing
Test-Status: WARNING
http://dpdk.org/patch/137409

_Testing issues_

Submitter: Tyler Retzlaff <roretzla@linux.microsoft.com>
Date: Tuesday, February 27 2024 23:56:55 
DPDK git baseline: Repo:dpdk
  Branch: master
  CommitID:92c0ad70caf3ed6f4b93de6ddaf7bc369737c049

137407-137409 --> testing fail

Test environment and result as below:

+------------------+----------+
|   Environment    | abi_test |
+==================+==========+
| CentOS Stream 9  | FAIL     |
+------------------+----------+
| CentOS Stream 8  | PASS     |
+------------------+----------+
| Debian Bullseye  | PASS     |
+------------------+----------+
| Fedora 38        | FAIL     |
+------------------+----------+
| RHEL8            | PASS     |
+------------------+----------+
| Fedora 37        | FAIL     |
+------------------+----------+
| openSUSE Leap 15 | PASS     |
+------------------+----------+
| Debian 12 (arm)  | PASS     |
+------------------+----------+
| Ubuntu 22.04     | FAIL     |
+------------------+----------+

==== 20 line log output for Ubuntu 22.04 (abi_test): ====
1 data member change:
type of 'rte_cryptodev_qpdata qp' changed:
type size hasn't changed
1 data member changes (1 filtered):
type of 'rte_cryptodev_cb_rcu* enq_cb' changed:
in pointed to type 'struct rte_cryptodev_cb_rcu' at rte_cryptodev.h:989:1:
type size hasn't changed
1 data member change:
type of 'rte_rcu_qsbr* qsbr' changed:
in pointed to type 'struct rte_rcu_qsbr' at rte_rcu_qsbr.h:94:1:
type size hasn't changed
1 data member change:
'rte_rcu_qsbr_cnt qsbr_cnt[]' has *some* difference - please report as a bug
type size hasn't changed

Error: ABI issue reported for abidiff --suppr /home-local/jenkins-local/jenkins-agent/workspace/Generic-DPDK-Compile-ABI@2/dpdk/devtools/libabigail.abignore --no-added-syms --headers-dir1 reference/usr/local/include --headers-dir2 build_install/usr/local/include reference/usr/local/lib/x86_64-linux-gnu/librte_cryptodev.so.24.0 build_install/usr/local/lib/x86_64-linux-gnu/librte_cryptodev.so.24.1
ABIDIFF_ABI_CHANGE, this change requires a review (abidiff flagged this as a potential issue).
Functions changes summary: 0 Removed, 0 Changed, 0 Added (2 filtered out) functions
Variables changes summary: 0 Removed, 0 Changed, 0 Added variable

==== End log output ====

CentOS Stream 9
	Kernel: 4.18.0-240.10.1.el8_3.x86_64
	Compiler: gcc 11.3.1 20220421

CentOS Stream 8
	Kernel: 4.18.0-240.10.1.el8_3.x86_64
	Compiler: gcc 8.4.1 20200928

Debian Bullseye
	Kernel: 5.4.0-122-generic
	Compiler: gcc 10.2.1-6

Fedora 38
	Kernel: Depends on container host
	Compiler: clang 16.0.3

RHEL8
	Kernel: 4.18.0-240.10.1.el8_3.x86_64
	Compiler: gcc 8.3.1 20191121 (Red Hat 8.3.1-5)

Fedora 37
	Kernel: Depends on container host system
	Compiler: gcc 12.3.1

openSUSE Leap 15
	Kernel: 4.18.0-240.10.1.el8_3.x86_64
	Compiler: gcc 7.5.0

Debian 12 (arm)
	Kernel: Container Host Kernel
	Compiler: gcc 11

Ubuntu 22.04
	Kernel: 4.18.0-240.10.1.el8_3.x86_64
	Compiler: gcc 11.3.0

To view detailed results, visit:
https://lab.dpdk.org/results/dashboard/patchsets/29306/

UNH-IOL DPDK Community Lab

To manage your email subscriptions, visit: 
https://lab.dpdk.org/results/dashboard/preferences/subscriptions/