From mboxrd@z Thu Jan  1 00:00:00 1970
Return-Path: <test-report-bounces@dpdk.org>
Received: from mails.dpdk.org (mails.dpdk.org [217.70.189.124])
	by inbox.dpdk.org (Postfix) with ESMTP id 3DC3343C20
	for <public@inbox.dpdk.org>; Wed, 28 Feb 2024 13:27:01 +0100 (CET)
Received: from mails.dpdk.org (localhost [127.0.0.1])
	by mails.dpdk.org (Postfix) with ESMTP id 39FD840A70;
	Wed, 28 Feb 2024 13:27:01 +0100 (CET)
Received: from mail-pg1-f226.google.com (mail-pg1-f226.google.com
 [209.85.215.226])
 by mails.dpdk.org (Postfix) with ESMTP id 9B50C4003C
 for <test-report@dpdk.org>; Wed, 28 Feb 2024 13:26:55 +0100 (CET)
Received: by mail-pg1-f226.google.com with SMTP id
 41be03b00d2f7-5cdbc4334edso3961583a12.3
 for <test-report@dpdk.org>; Wed, 28 Feb 2024 04:26:55 -0800 (PST)
DKIM-Signature: v=1; a=rsa-sha256; c=relaxed/relaxed;
 d=iol.unh.edu; s=unh-iol; t=1709123215; x=1709728015; darn=dpdk.org;
 h=references:in-reply-to:cc:to:from:subject:message-id:date:from:to
 :cc:subject:date:message-id:reply-to;
 bh=+IDXcq1dGH2XPCVQr10m0cTnOm7P5+Er7BHTwQR3V20=;
 b=NJRoPkX+gaN5fNRe2HbDGkHbTxVCA67Sw4c6qzpCB5mSh/UQWNc9QTBb6r74ogaR53
 tj+IDl6yJ8eOgTyDY74KPTLyGDVfypdX6R2kGM+UQ9csUe1WWwXd8yis3JHE20u6/B+1
 YPoGHfSgU3hj8J4K9C2AGFQshzBt0nyo9HMhI=
X-Google-DKIM-Signature: v=1; a=rsa-sha256; c=relaxed/relaxed;
 d=1e100.net; s=20230601; t=1709123215; x=1709728015;
 h=references:in-reply-to:cc:to:from:subject:message-id:date
 :x-gm-message-state:from:to:cc:subject:date:message-id:reply-to;
 bh=+IDXcq1dGH2XPCVQr10m0cTnOm7P5+Er7BHTwQR3V20=;
 b=BWplWsUre7ce+hhvUZq54PkmEFiYvqHWWKWa6FyBH7WHyMgGl2muvOA6PAfmal2ErR
 K0FCI2+Vvi1p1JvD6DecQOvJJDMarbd1wBwpeANXWJJ79DqS2fq1o6V1D1PaiHUyLr9E
 YMRwDFkPokIEdnjXSBM1P67SPlTu+b+WsMHNNS1CqDZtRfKdlNxqhoyd2TT2xP5aJbX7
 9qn4ROrN9utB1P3k7fsgX5uTI34dlnWMyLdY3j3gL0SneYCFRA6jrg0Ow5+1doE86fiY
 Axqjv+w72LinhI/WNEg/SKd6XDw+RuljztZWiUpbZg8twIQ5kfKFzNzMvmf/lkjUyBVn
 WNqQ==
X-Gm-Message-State: AOJu0YxqHT9SwD4wI4IfzzvcP3ZDsyOVECvIBOsOePlL7MRAd3cQPfTw
 4pNyoY6x9IM7r0jsLwCmRN7CFhXK7FpZVDcAY/tGoLAmkoA+OXazWKq9du5JruT87URZk479hXD
 UZC8Gw2h1S8vJ+c+yL44nzZxihu6v4/TD0M6wQlARnKeZOjnVlsb0YIge
X-Google-Smtp-Source: AGHT+IGaLTPu/wyuBoF8C8Een+StA0iE98G+X7BUQumvpVdS5EWJcTgmJbpJbguuppOxpPf5vHxv1/6rFPwR
X-Received: by 2002:a05:6a21:3401:b0:19e:ce71:bb4d with SMTP id
 yn1-20020a056a21340100b0019ece71bb4dmr5885971pzb.38.1709123214971; 
 Wed, 28 Feb 2024 04:26:54 -0800 (PST)
Received: from postal.iol.unh.edu (postal.iol.unh.edu.
 [2606:4100:3880:1234::84]) by smtp-relay.gmail.com with ESMTPS id
 ke5-20020a170903340500b001da342d1376sm124556plb.23.2024.02.28.04.26.54
 (version=TLS1_2 cipher=ECDHE-ECDSA-AES128-GCM-SHA256 bits=128/128);
 Wed, 28 Feb 2024 04:26:54 -0800 (PST)
X-Relaying-Domain: iol.unh.edu
Date: Wed, 28 Feb 2024 04:26:54 -0800 (PST)
Message-ID: <65df268e.170a0220.b07bc.7e57SMTPIN_ADDED_MISSING@mx.google.com>
Received: from [172.21.0.6] (unknown [172.18.0.240])
 by postal.iol.unh.edu (Postfix) with ESMTP id 6E52B6052510;
 Wed, 28 Feb 2024 07:26:54 -0500 (EST)
Subject: |FAILURE| pw137415-137419 [PATCH] [RFC,v5,6/6] eal: keep per-lcore p
From: dpdklab@iol.unh.edu
To: Test Report <test-report@dpdk.org>
Cc: dpdk-test-reports@iol.unh.edu,
 Mattias Ronnblom <mattias.ronnblom@ericsson.com>
In-Reply-To: <20240228100928.524277-7-mattias.ronnblom@ericsson.com>
References: <20240228100928.524277-7-mattias.ronnblom@ericsson.com>
Content-Type: text/plain
X-BeenThere: test-report@dpdk.org
X-Mailman-Version: 2.1.29
Precedence: list
List-Id: automatic DPDK test reports <test-report.dpdk.org>
List-Unsubscribe: <https://mails.dpdk.org/options/test-report>,
 <mailto:test-report-request@dpdk.org?subject=unsubscribe>
List-Archive: <http://mails.dpdk.org/archives/test-report/>
List-Post: <mailto:test-report@dpdk.org>
List-Help: <mailto:test-report-request@dpdk.org?subject=help>
List-Subscribe: <https://mails.dpdk.org/listinfo/test-report>,
 <mailto:test-report-request@dpdk.org?subject=subscribe>
Errors-To: test-report-bounces@dpdk.org

Test-Label: iol-unit-arm64-testing
Test-Status: FAILURE
http://dpdk.org/patch/137419

_Testing issues_

Submitter: Mattias Ronnblom <mattias.ronnblom@ericsson.com>
Date: Wednesday, February 28 2024 10:09:28 
DPDK git baseline: Repo:dpdk
  Branch: master
  CommitID:92c0ad70caf3ed6f4b93de6ddaf7bc369737c049

137415-137419 --> testing fail

Test environment and result as below:

+--------------------------+----------------+------------------------------+---------------------------+--------------+
|       Environment        | dpdk_unit_test | cryptodev_sw_snow3g_autotest | cryptodev_sw_zuc_autotest | lpm_autotest |
+==========================+================+==============================+===========================+==============+
| Debian 12 (arm)          | FAIL           | FAIL                         | FAIL                      | SKIPPED      |
+--------------------------+----------------+------------------------------+---------------------------+--------------+
| CentOS Stream 9 (ARM)    | FAIL           | SKIPPED                      | SKIPPED                   | SKIPPED      |
+--------------------------+----------------+------------------------------+---------------------------+--------------+
| Debian 11 (Buster) (ARM) | FAIL           | SKIPPED                      | SKIPPED                   | SKIPPED      |
+--------------------------+----------------+------------------------------+---------------------------+--------------+
| Fedora 37 (ARM)          | FAIL           | SKIPPED                      | SKIPPED                   | SKIPPED      |
+--------------------------+----------------+------------------------------+---------------------------+--------------+
| Fedora 38 (ARM Clang)    | FAIL           | SKIPPED                      | SKIPPED                   | SKIPPED      |
+--------------------------+----------------+------------------------------+---------------------------+--------------+
| Fedora 38 (ARM)          | FAIL           | SKIPPED                      | SKIPPED                   | SKIPPED      |
+--------------------------+----------------+------------------------------+---------------------------+--------------+
| Ubuntu 20.04 (ARM)       | FAIL           | SKIPPED                      | SKIPPED                   | SKIPPED      |
+--------------------------+----------------+------------------------------+---------------------------+--------------+
| Ubuntu 20.04 ARM SVE     | SKIPPED        | SKIPPED                      | SKIPPED                   | FAIL         |
+--------------------------+----------------+------------------------------+---------------------------+--------------+

==== 20 line log output for Ubuntu 20.04 ARM SVE (lpm_autotest): ====
[26/369] Compiling C object 'lib/76b5a35@@rte_eal@sta/eal_common_eal_common_hexdump.c.o'.
[27/369] Compiling C object 'lib/76b5a35@@rte_eal@sta/eal_common_eal_common_launch.c.o'.
[28/369] Compiling C object 'lib/76b5a35@@rte_eal@sta/eal_common_eal_common_interrupts.c.o'.
[29/369] Compiling C object 'lib/76b5a35@@rte_eal@sta/eal_common_eal_common_lcore_var.c.o'.
FAILED: lib/76b5a35@@rte_eal@sta/eal_common_eal_common_lcore_var.c.o
gcc-10 -Ilib/76b5a35@@rte_eal@sta -Ilib -I../lib -I. -I../ -Iconfig -I../config -Ilib/eal/include -I../lib/eal/include -Ilib/eal/linux/include -I../lib/eal/linux/include -Ilib/eal/arm/include -I../lib/eal/arm/include -Ilib/eal/common -I../lib/eal/common -Ilib/eal -I../lib/eal -Ilib/kvargs -I../lib/kvargs -Ilib/log -I../lib/log -I../lib/telemetry/../metrics -Ilib/telemetry -I../lib/telemetry -fdiagnostics-color=always -pipe -D_FILE_OFFSET_BITS=64 -Wall -Winvalid-pch -Wextra -Werror -std=c11 -O3 -include rte_config.h -Wcast-qual -Wdeprecated -Wformat -Wformat-nonliteral -Wformat-security -Wmissing-declarations -Wmissing-prototypes -Wnested-externs -Wold-style-definition -Wpointer-arith -Wsign-compare -Wstrict-prototypes -Wundef -Wwrite-strings -Wno-address-of-packed-member -Wno-packed-not-aligned -Wno-missing-field-initializers -Wno-zero-length-bounds -D_GNU_SOURCE -fPIC -march=armv8.2-a+crypto+sve -DALLOW_EXPERIMENTAL_API -DALLOW_INTERNAL_API -Wno-format-truncation '-DABI_VERSION="24.
 1"' -DRTE_LOG_DEFAULT_LOGTYPE=lib.eal -MD -MQ 'lib/76b5a35@@rte_eal@sta/eal_common_eal_common_lcore_var.c.o' -MF 'lib/76b5a35@@rte_eal@sta/eal_common_eal_common_lcore_var.c.o.d' -o 'lib/76b5a35@@rte_eal@sta/eal_common_eal_common_lcore_var.c.o' -c ../lib/eal/common/eal_common_lcore_var.c
../lib/eal/common/eal_common_lcore_var.c: In function 'lcore_var_alloc':
../lib/eal/common/eal_common_lcore_var.c:29:18: error: implicit declaration of function 'aligned_alloc' [-Werror=implicit-function-declaration]
29 |   lcore_buffer = aligned_alloc(RTE_CACHE_LINE_SIZE,
|                  ^~~~~~~~~~~~~
../lib/eal/common/eal_common_lcore_var.c:29:18: error: incompatible implicit declaration of built-in function 'aligned_alloc' [-Werror]
../lib/eal/common/eal_common_lcore_var.c:14:1: note: include '<stdlib.h>' or provide a declaration of 'aligned_alloc'
13 | #include "eal_private.h"
+++ |+#include <stdlib.h>
14 |
cc1: all warnings being treated as errors
[30/369] Compiling C object 'lib/76b5a35@@rte_eal@sta/eal_common_eal_common_mcfg.c.o'.
[31/369] Compiling C object 'lib/76b5a35@@rte_eal@sta/eal_common_eal_common_lcore.c.o'.
[32/369] Compiling C object 'lib/76b5a35@@rte_eal@sta/eal_common_eal_common_fbarray.c.o'.
ninja: build stopped: subcommand failed.
==== End log output ====

Debian 12 (arm)
	Kernel: Container Host Kernel
	Compiler: gcc 11

CentOS Stream 9 (ARM)
	Kernel: Container Host Kernel
	Compiler: gcc 11.3.1

Debian 11 (Buster) (ARM)
	Kernel: Container Host Kernel
	Compiler: gcc 10.2.1

Fedora 37 (ARM)
	Kernel: Depends on container host
	Compiler: gcc 12.3.1

Fedora 38 (ARM Clang)
	Kernel: Depends on container host
	Compiler: clang 16.0.3

Fedora 38 (ARM)
	Kernel: Depends on container host
	Compiler: gcc 13.1.1

Ubuntu 20.04 (ARM)
	Kernel: Container Host Kernel
	Compiler: gcc 9.4.0

Ubuntu 20.04 ARM SVE
	Kernel: 5.4.0-80-generic
	Compiler: gcc 10.3.0 (Ubuntu 10.3.0-1ubuntu1~20.04)

To view detailed results, visit:
https://lab.dpdk.org/results/dashboard/patchsets/29312/

UNH-IOL DPDK Community Lab

To manage your email subscriptions, visit: 
https://lab.dpdk.org/results/dashboard/preferences/subscriptions/