From mboxrd@z Thu Jan  1 00:00:00 1970
Return-Path: <test-report-bounces@dpdk.org>
Received: from mails.dpdk.org (mails.dpdk.org [217.70.189.124])
	by inbox.dpdk.org (Postfix) with ESMTP id 984BD43C3A
	for <public@inbox.dpdk.org>; Thu, 29 Feb 2024 12:34:39 +0100 (CET)
Received: from mails.dpdk.org (localhost [127.0.0.1])
	by mails.dpdk.org (Postfix) with ESMTP id 914B7402E0;
	Thu, 29 Feb 2024 12:34:39 +0100 (CET)
Received: from mail-io1-f98.google.com (mail-io1-f98.google.com
 [209.85.166.98]) by mails.dpdk.org (Postfix) with ESMTP id 34089402BB
 for <test-report@dpdk.org>; Thu, 29 Feb 2024 12:34:39 +0100 (CET)
Received: by mail-io1-f98.google.com with SMTP id
 ca18e2360f4ac-7c78b520bc3so26269339f.0
 for <test-report@dpdk.org>; Thu, 29 Feb 2024 03:34:39 -0800 (PST)
DKIM-Signature: v=1; a=rsa-sha256; c=relaxed/relaxed;
 d=iol.unh.edu; s=unh-iol; t=1709206478; x=1709811278; darn=dpdk.org;
 h=references:in-reply-to:cc:to:from:subject:message-id:date:from:to
 :cc:subject:date:message-id:reply-to;
 bh=/zz+cvTQrd27pU4DuWMJpcr/oBsbHPB8Kmh94wOBg7s=;
 b=JdMIGPTC2c04iTEMZTDaPuKefUqnmlqh55B0DgdNQOXrF04dI1+isGL2FQ7Zovh9kX
 jMfCALGpXfLm3J18hiHAuVnAzDqVQ3FEuAYa1jcy1ox0sAyTPUjVUd/l+XPzhcjAFkRM
 FOnPtszIoDuvOHwp/CQwsBFSqKJpsBvHEFj/A=
X-Google-DKIM-Signature: v=1; a=rsa-sha256; c=relaxed/relaxed;
 d=1e100.net; s=20230601; t=1709206478; x=1709811278;
 h=references:in-reply-to:cc:to:from:subject:message-id:date
 :x-gm-message-state:from:to:cc:subject:date:message-id:reply-to;
 bh=/zz+cvTQrd27pU4DuWMJpcr/oBsbHPB8Kmh94wOBg7s=;
 b=hKqBdsdURZAofspo1HxZGdIRCd+DJx3Pjfu5NPU7rP671kpAYEDXmq6yQLSRW9iqcD
 OxCQQRru/PlrRs4WBFEQm2Zc6QOpD/T3m3tWiecglhabN/k4b2oGzF07RmlLQwXw5rRc
 QYd89SOmUmIjfo1ncyoCsP7vAuQ/hQgU/9vaVn1nXARJOGEatXuY7+xVQ5clCouXHzgz
 yWplKmKtUTn9jSLBWrkXIL+xPWWds2FTKLbWOJIWmEa/HBCFgDgAH9bm1wdbvwD0v7BA
 KIlAqaQ7MxnIItao9gP81JNleW/zI02vcI0PDO4fnlIinVUQsCAS8AyemXj06I67z/dr
 8G4A==
X-Gm-Message-State: AOJu0YyD+QcOvmyGhhaYS1jH3j/vO+pYhot3y0I3Gdo9Pd9tB8/JgiIm
 lCY0PDA7QUkrG2SVwj+SQ8SJ0Tx+VgcoSsJBkcs9TZM+VUrep00A8f8Owk/EDZCoO1iwopchzOs
 oWwHrdPq23uk/WQyTFKd/mHi71U2mT0aohLGbLzWiEjOde07C8eK41L3Y
X-Google-Smtp-Source: AGHT+IHwpqAgmq0YnpuW8muM6eUnxqcmm8gXcYSi0wDB1L9MC+RRxCR49WAi8IeWiR9idYz08ESVOMvW3Kdc
X-Received: by 2002:a5e:c246:0:b0:7c4:4ea4:316 with SMTP id
 w6-20020a5ec246000000b007c44ea40316mr2359221iop.7.1709206478596; 
 Thu, 29 Feb 2024 03:34:38 -0800 (PST)
Received: from postal.iol.unh.edu (postal.iol.unh.edu.
 [2606:4100:3880:1234::84]) by smtp-relay.gmail.com with ESMTPS id
 q18-20020a056a00085200b006e59688b7dfsm29866pfk.14.2024.02.29.03.34.38
 (version=TLS1_2 cipher=ECDHE-ECDSA-AES128-GCM-SHA256 bits=128/128);
 Thu, 29 Feb 2024 03:34:38 -0800 (PST)
X-Relaying-Domain: iol.unh.edu
Date: Thu, 29 Feb 2024 03:34:38 -0800 (PST)
Message-ID: <65e06bce.050a0220.8b984.1c9bSMTPIN_ADDED_MISSING@mx.google.com>
Received: from [172.17.0.6] (unknown [172.18.0.217])
 by postal.iol.unh.edu (Postfix) with ESMTP id BB8ED605250F;
 Thu, 29 Feb 2024 06:34:37 -0500 (EST)
Subject: |FAILURE| pw137467 [PATCH] net/mlx5: fix sync meter processing in HW
From: dpdklab@iol.unh.edu
To: Test Report <test-report@dpdk.org>
Cc: dpdk-test-reports@iol.unh.edu, Gregory Etelson <getelson@nvidia.com>
In-Reply-To: <20240229105614.593391-1-getelson@nvidia.com>
References: <20240229105614.593391-1-getelson@nvidia.com>
Content-Type: text/plain
X-BeenThere: test-report@dpdk.org
X-Mailman-Version: 2.1.29
Precedence: list
List-Id: automatic DPDK test reports <test-report.dpdk.org>
List-Unsubscribe: <https://mails.dpdk.org/options/test-report>,
 <mailto:test-report-request@dpdk.org?subject=unsubscribe>
List-Archive: <http://mails.dpdk.org/archives/test-report/>
List-Post: <mailto:test-report@dpdk.org>
List-Help: <mailto:test-report-request@dpdk.org?subject=help>
List-Subscribe: <https://mails.dpdk.org/listinfo/test-report>,
 <mailto:test-report-request@dpdk.org?subject=subscribe>
Errors-To: test-report-bounces@dpdk.org

Test-Label: iol-compile-amd64-testing
Test-Status: FAILURE
http://dpdk.org/patch/137467

_Testing issues_

Submitter: Gregory Etelson <getelson@nvidia.com>
Date: Thursday, February 29 2024 10:56:14 
DPDK git baseline: Repo:dpdk
  Branch: master
  CommitID:45d2195f9ea6ead7242af856c799c6f084d874bc

137467 --> testing fail

Test environment and result as below:

+---------------------+--------------------+----------------------+
|     Environment     | dpdk_meson_compile | dpdk_mingw64_compile |
+=====================+====================+======================+
| Windows Server 2022 | PASS               | SKIPPED              |
+---------------------+--------------------+----------------------+
| FreeBSD 13.2        | PASS               | SKIPPED              |
+---------------------+--------------------+----------------------+
| Windows Server 2019 | FAIL               | PASS                 |
+---------------------+--------------------+----------------------+
| CentOS Stream 8     | PASS               | SKIPPED              |
+---------------------+--------------------+----------------------+
| openSUSE Leap 15    | PASS               | SKIPPED              |
+---------------------+--------------------+----------------------+
| Ubuntu 20.04        | PASS               | SKIPPED              |
+---------------------+--------------------+----------------------+
| RHEL8               | PASS               | SKIPPED              |
+---------------------+--------------------+----------------------+
| Fedora 37           | PASS               | SKIPPED              |
+---------------------+--------------------+----------------------+
| CentOS Stream 9     | PASS               | SKIPPED              |
+---------------------+--------------------+----------------------+
| Ubuntu 22.04        | PASS               | SKIPPED              |
+---------------------+--------------------+----------------------+
| Debian 12 (arm)     | PASS               | SKIPPED              |
+---------------------+--------------------+----------------------+
| Fedora 38           | PASS               | SKIPPED              |
+---------------------+--------------------+----------------------+

==== 20 line log output for Windows Server 2019 (dpdk_meson_compile): ====
[593/827] Compiling C object drivers/net/i40e/libi40e_avx512_lib.a.p/i40e_rxtx_vec_avx512.c.obj
[594/827] Generating symbol file drivers/rte_common_mlx5-24.dll.p/rte_common_mlx5-24.dll.symbols
[595/827] Generating rte_net_iavf_def with a custom command
[596/827] Compiling C object drivers/net/iavf/libiavf_avx512_lib.a.p/iavf_rxtx_vec_avx512.c.obj
[597/827] Linking static target drivers/net/iavf/libiavf_avx512_lib.a
[598/827] Linking target drivers/rte_crypto_mlx5-24.dll
Creating library drivers\rte_crypto_mlx5.lib and object drivers\rte_crypto_mlx5.exp
[599/827] Linking target drivers/rte_net_mlx5-24.dll
FAILED: drivers/rte_net_mlx5-24.dll
"clang" @drivers/rte_net_mlx5-24.dll.rsp
Creating library drivers\rte_net_mlx5.lib and object drivers\rte_net_mlx5.exp
net_mlx5_mlx5_flow_meter.c.obj : error LNK2019: unresolved external symbol mlx5_flow_action_job_init referenced in function mlx5_flow_meter_hws_create
drivers\rte_net_mlx5-24.dll : fatal error LNK1120: 1 unresolved externals
clang: error: linker command failed with exit code 1120 (use -v to see invocation)
[600/827] Linking static target drivers/net/i40e/libi40e_avx512_lib.a
[601/827] Compiling C object drivers/libtmp_rte_net_iavf.a.p/net_iavf_iavf_tm.c.obj
[602/827] Compiling C object drivers/libtmp_rte_net_iavf.a.p/net_iavf_iavf_rxtx_vec_sse.c.obj
[603/827] Compiling C object drivers/libtmp_rte_net_iavf.a.p/net_iavf_iavf_fdir.c.obj
[604/827] Compiling C object drivers/net/ice/base/libice_base.a.p/ice_controlq.c.obj
ninja: build stopped: subcommand failed.
==== End log output ====

Windows Server 2022
	Kernel: OS Build 20348.2031
	Compiler: MSVC VS-Preview

FreeBSD 13.2
	Kernel: 13.2
	Compiler: clang 11.3.0

Windows Server 2019
	Kernel: 10.0
	Compiler: clang 14.0 and gcc 8.1.0 (MinGW)

CentOS Stream 8
	Kernel: 4.18.0-240.10.1.el8_3.x86_64
	Compiler: gcc 8.4.1 20200928

openSUSE Leap 15
	Kernel: 4.18.0-240.10.1.el8_3.x86_64
	Compiler: gcc 7.5.0

Ubuntu 20.04
	Kernel: 5.4.0-153-generic
	Compiler: gcc 9.4.0-1ubuntu1~20.04.1

RHEL8
	Kernel: 4.18.0-240.10.1.el8_3.x86_64
	Compiler: gcc 8.3.1 20191121 (Red Hat 8.3.1-5)

Fedora 37
	Kernel: Depends on container host system
	Compiler: gcc 12.3.1

CentOS Stream 9
	Kernel: 4.18.0-240.10.1.el8_3.x86_64
	Compiler: gcc 11.3.1 20220421

Ubuntu 22.04
	Kernel: 4.18.0-240.10.1.el8_3.x86_64
	Compiler: gcc 11.3.0

Debian 12 (arm)
	Kernel: Container Host Kernel
	Compiler: gcc 11

Fedora 38
	Kernel: Depends on container host
	Compiler: gcc 13.1.1

To view detailed results, visit:
https://lab.dpdk.org/results/dashboard/patchsets/29330/

UNH-IOL DPDK Community Lab

To manage your email subscriptions, visit: 
https://lab.dpdk.org/results/dashboard/preferences/subscriptions/