From mboxrd@z Thu Jan  1 00:00:00 1970
Return-Path: <test-report-bounces@dpdk.org>
Received: from mails.dpdk.org (mails.dpdk.org [217.70.189.124])
	by inbox.dpdk.org (Postfix) with ESMTP id 6688043B94
	for <public@inbox.dpdk.org>; Sat,  2 Mar 2024 19:49:21 +0100 (CET)
Received: from mails.dpdk.org (localhost [127.0.0.1])
	by mails.dpdk.org (Postfix) with ESMTP id 6267E40144;
	Sat,  2 Mar 2024 19:49:21 +0100 (CET)
Received: from mail-io1-f99.google.com (mail-io1-f99.google.com
 [209.85.166.99]) by mails.dpdk.org (Postfix) with ESMTP id 5CEDC400D5
 for <test-report@dpdk.org>; Sat,  2 Mar 2024 19:49:20 +0100 (CET)
Received: by mail-io1-f99.google.com with SMTP id
 ca18e2360f4ac-7c40863de70so193698539f.0
 for <test-report@dpdk.org>; Sat, 02 Mar 2024 10:49:20 -0800 (PST)
DKIM-Signature: v=1; a=rsa-sha256; c=relaxed/relaxed;
 d=iol.unh.edu; s=unh-iol; t=1709405359; x=1710010159; darn=dpdk.org;
 h=references:in-reply-to:cc:to:from:subject:message-id:date:from:to
 :cc:subject:date:message-id:reply-to;
 bh=W4R+hhmupe0UvBmato9NBeHUegNvGcnUspJfAKHW3nw=;
 b=cEm6pPQZDQ8ReMWHazc/jslOQ58KExzBfRoe5jjVH562Sg7vVb13MPyvzhUlI3e3Md
 nhAp4qtjKOoHlYap8WjyySVOkWMyLzZU4cK1CnvabPlOwn+LsqBxukkuw8ktr6rUXO5I
 Fr2cVvVtiseqir/FGAHsb9SxceN+gkg+CpEAw=
X-Google-DKIM-Signature: v=1; a=rsa-sha256; c=relaxed/relaxed;
 d=1e100.net; s=20230601; t=1709405359; x=1710010159;
 h=references:in-reply-to:cc:to:from:subject:message-id:date
 :x-gm-message-state:from:to:cc:subject:date:message-id:reply-to;
 bh=W4R+hhmupe0UvBmato9NBeHUegNvGcnUspJfAKHW3nw=;
 b=FicifnDcIPyXKBP5GWNH8ZglaRTrjiA3fCn2zuBPY4L8rSICw4Nte/wGLEGmrED2/b
 RUuP63gBHJg4uUc5kxN88Y67c1Dt47DONjHP1ziqGrOEbNKlz1pM1wrrRcFkOgQ7n0ak
 rvjB+QQwZ/IIDxlLpxFcVuBjuv5cRpQ1AmXK3JDR1tJDEyuw1Xua/jQNwewuIMy8Kf/S
 5ZWKGXCccbtZfcaYHotjp6BgwdTxtB7nmBnqlTsmmEV+IVUbdMOi0xlNxzPwgPPF5JT8
 Zu1drUby3vXEKrH8ZkEJ9KpVtnu1DB18uT7LLoYpz5V7ZQ5oAPYVDBA8dhcA1vTmDT7B
 kLXA==
X-Gm-Message-State: AOJu0YxHbl/tVDVXk19aTlXc4nrNUFwkSCaqBr0FWXfNKQYjuqYDPKLi
 iXzceK3eVVZMgblmi7Jc2Jx12fxRjslTE6wj+dn+ejent+aP2dytdC81VlcrEXHw84TcysyhfNB
 y+JbX4IJIlXPxESezwieSQgWDHo1600aRGEv5cmw05aP9ynbmZ3TLKdu6
X-Google-Smtp-Source: AGHT+IHCFpSXSQW7fvQKNljakceurIPmQXEt6yVsH5hc79G+V4vRrGg+dJjPNH/EGCWNHkHu6kkQIKgxHBxQ
X-Received: by 2002:a05:6e02:170d:b0:365:1d33:3d1e with SMTP id
 u13-20020a056e02170d00b003651d333d1emr4727905ill.31.1709405359837; 
 Sat, 02 Mar 2024 10:49:19 -0800 (PST)
Received: from postal.iol.unh.edu (postal.iol.unh.edu.
 [2606:4100:3880:1234::84]) by smtp-relay.gmail.com with ESMTPS id
 a36-20020a029427000000b0047465419be3sm287196jai.79.2024.03.02.10.49.19
 (version=TLS1_2 cipher=ECDHE-ECDSA-AES128-GCM-SHA256 bits=128/128);
 Sat, 02 Mar 2024 10:49:19 -0800 (PST)
X-Relaying-Domain: iol.unh.edu
Date: Sat, 02 Mar 2024 10:49:19 -0800 (PST)
Message-ID: <65e374af.020a0220.4e7ba.36a8SMTPIN_ADDED_MISSING@mx.google.com>
Received: from [172.21.0.8] (unknown [172.18.0.240])
 by postal.iol.unh.edu (Postfix) with ESMTP id 6183C6052713;
 Sat,  2 Mar 2024 13:49:19 -0500 (EST)
Subject: |FAILURE| pw137801-137807 [PATCH] [RFC,7/7] eal: deprecate relaxed f
From: dpdklab@iol.unh.edu
To: Test Report <test-report@dpdk.org>
Cc: dpdk-test-reports@iol.unh.edu,
 Mattias Ronnblom <mattias.ronnblom@ericsson.com>
In-Reply-To: <20240302135328.531940-8-mattias.ronnblom@ericsson.com>
References: <20240302135328.531940-8-mattias.ronnblom@ericsson.com>
Content-Type: text/plain
X-BeenThere: test-report@dpdk.org
X-Mailman-Version: 2.1.29
Precedence: list
List-Id: automatic DPDK test reports <test-report.dpdk.org>
List-Unsubscribe: <https://mails.dpdk.org/options/test-report>,
 <mailto:test-report-request@dpdk.org?subject=unsubscribe>
List-Archive: <http://mails.dpdk.org/archives/test-report/>
List-Post: <mailto:test-report@dpdk.org>
List-Help: <mailto:test-report-request@dpdk.org?subject=help>
List-Subscribe: <https://mails.dpdk.org/listinfo/test-report>,
 <mailto:test-report-request@dpdk.org?subject=subscribe>
Errors-To: test-report-bounces@dpdk.org

Test-Label: iol-compile-amd64-testing
Test-Status: FAILURE
http://dpdk.org/patch/137807

_Testing issues_

Submitter: Mattias Ronnblom <mattias.ronnblom@ericsson.com>
Date: Saturday, March 02 2024 13:53:28 
DPDK git baseline: Repo:dpdk
  Branch: master
  CommitID:5df34de5808a7b826b8bc035d6ee3161a12be364

137801-137807 --> testing fail

Test environment and result as below:

+---------------------+--------------------+----------------------+
|     Environment     | dpdk_meson_compile | dpdk_mingw64_compile |
+=====================+====================+======================+
| Windows Server 2022 | PASS               | SKIPPED              |
+---------------------+--------------------+----------------------+
| FreeBSD 13.2        | FAIL               | SKIPPED              |
+---------------------+--------------------+----------------------+
| Windows Server 2019 | FAIL               | PASS                 |
+---------------------+--------------------+----------------------+

==== 20 line log output for Windows Server 2019 (dpdk_meson_compile): ====
__RTE_GEN_BIT_ATOMIC_OPS(64)
^~~~~~~~~~~~~~~~~~~~~~~~~~~~
..\lib\eal\include\rte_bitops.h:1166:2: note: expanded from macro '__RTE_GEN_BIT_ATOMIC_OPS'
__RTE_GEN_BIT_ATOMIC_TEST_AND_ASSIGN(size)
^~~~~~~~~~~~~~~~~~~~~~~~~~~~~~~~~~~~~~~~~~
..\lib\eal\include\rte_bitops.h:1151:55: note: expanded from macro '__RTE_GEN_BIT_ATOMIC_TEST_AND_ASSIGN'
} while(!__atomic_compare_exchange_n(addr, &before, after, \
^~~~~
..\lib\eal\include\rte_bitops.h:1169:1: note: variable 'after' is declared here
..\lib\eal\include\rte_bitops.h:1166:2: note: expanded from macro '__RTE_GEN_BIT_ATOMIC_OPS'
__RTE_GEN_BIT_ATOMIC_TEST_AND_ASSIGN(size)
^
..\lib\eal\include\rte_bitops.h:1145:3: note: expanded from macro '__RTE_GEN_BIT_ATOMIC_TEST_AND_ASSIGN'
uint ## size ## _t after;                               \
^
<scratch space>:13:1: note: expanded from here
uint64_t
^
2 errors generated.
ninja: build stopped: subcommand failed.
==== End log output ====

Windows Server 2022
	Kernel: OS Build 20348.2031
	Compiler: MSVC VS-Preview

FreeBSD 13.2
	Kernel: 13.2
	Compiler: clang 11.3.0

Windows Server 2019
	Kernel: 10.0
	Compiler: clang 14.0 and gcc 8.1.0 (MinGW)

To view detailed results, visit:
https://lab.dpdk.org/results/dashboard/patchsets/29385/

UNH-IOL DPDK Community Lab

To manage your email subscriptions, visit: 
https://lab.dpdk.org/results/dashboard/preferences/subscriptions/