From mboxrd@z Thu Jan  1 00:00:00 1970
Return-Path: <test-report-bounces@dpdk.org>
Received: from mails.dpdk.org (mails.dpdk.org [217.70.189.124])
	by inbox.dpdk.org (Postfix) with ESMTP id 4C2FB43B97
	for <public@inbox.dpdk.org>; Sat,  2 Mar 2024 19:56:07 +0100 (CET)
Received: from mails.dpdk.org (localhost [127.0.0.1])
	by mails.dpdk.org (Postfix) with ESMTP id 2C39140144;
	Sat,  2 Mar 2024 19:56:07 +0100 (CET)
Received: from mail-qv1-f99.google.com (mail-qv1-f99.google.com
 [209.85.219.99]) by mails.dpdk.org (Postfix) with ESMTP id 84649400D5
 for <test-report@dpdk.org>; Sat,  2 Mar 2024 19:56:05 +0100 (CET)
Received: by mail-qv1-f99.google.com with SMTP id
 6a1803df08f44-68f41af71ebso26832716d6.1
 for <test-report@dpdk.org>; Sat, 02 Mar 2024 10:56:05 -0800 (PST)
DKIM-Signature: v=1; a=rsa-sha256; c=relaxed/relaxed;
 d=iol.unh.edu; s=unh-iol; t=1709405765; x=1710010565; darn=dpdk.org;
 h=references:in-reply-to:cc:to:from:subject:message-id:date:from:to
 :cc:subject:date:message-id:reply-to;
 bh=1guXT7g5R0amu+W2QFMKlf93GgPRGhOAmlluxXTs3kc=;
 b=c7R5+5I8IhCLkXgBjbtXuwp7epvSSmZg+X79xI3B6vEoa+IdKNs8ELKAMvIKDstotY
 pQJOQ/5TJfHkzKglc1mrvI8jsF4I+AhQesJYgNOW9V2wPWu0hYI/1yVGYvdFjqrb3YeS
 IBfsy+RcO0ZMDtK4NxuidTpN1h698DGQwIUG4=
X-Google-DKIM-Signature: v=1; a=rsa-sha256; c=relaxed/relaxed;
 d=1e100.net; s=20230601; t=1709405765; x=1710010565;
 h=references:in-reply-to:cc:to:from:subject:message-id:date
 :x-gm-message-state:from:to:cc:subject:date:message-id:reply-to;
 bh=1guXT7g5R0amu+W2QFMKlf93GgPRGhOAmlluxXTs3kc=;
 b=Mzv6/u+Zc86iVFfugqVUKWag4HZDmCNq9Ev3ARei1olRvUSQD168l0h5wThyhL8VCv
 g9k8guauqQ9R3jleu2QbKDx6XaieC/9cfAVTNSD/WASv7gxjTotdx6/9HSyoU5OgE/Tz
 NTP+Dfl1NJwMXbm8eCuRU7hhzjMUoUlrjZ3AafFmNL5r300lgIJx9QKVovrVU5pZ/OUH
 ixRewhOZDpZ3BnUQF9Ox43z9tV3JamDbwZ/5I9haEQ03L1AxZnvj5XH6Fjy5S8h1SccL
 fk2rJUKLG/tQzH+lVTLbfVMtaYxztbMmE/FpGsNCvs3FRdDpRdPVJAsGPVJyd6gIYfNJ
 D//g==
X-Gm-Message-State: AOJu0YzLCzW1cJSTrO+J0COE9pdP3yuD27igSi1+yKRgXCEqPaCVHo6Q
 5jHVcepjY6r8AwqnfcUnkEiR/pfAr7/m6DDIpmT9yDbH/c4ytiZrRT50OxdaHr2/TVWi8ZDY64Z
 fRJqGBwLQgSRisIc/6yPAGQ4XvSNIb2OcTUd7rVVZ
X-Google-Smtp-Source: AGHT+IFoTgYndtb2DDXFAkeJ3gIPl2m0RrqUfMB7XrGJ5SEe5BQx8rUF4kIb9JQY9ZNI+b6+0cSwEizxRhBE
X-Received: by 2002:ad4:5a0e:0:b0:68f:e353:3a81 with SMTP id
 ei14-20020ad45a0e000000b0068fe3533a81mr5150825qvb.43.1709405764911; 
 Sat, 02 Mar 2024 10:56:04 -0800 (PST)
Received: from postal.iol.unh.edu (postal.iol.unh.edu. [132.177.123.84])
 by smtp-relay.gmail.com with ESMTPS id
 r3-20020a0562140c8300b0068f10413517sm296006qvr.72.2024.03.02.10.56.04
 (version=TLS1_2 cipher=ECDHE-ECDSA-AES128-GCM-SHA256 bits=128/128);
 Sat, 02 Mar 2024 10:56:04 -0800 (PST)
X-Relaying-Domain: iol.unh.edu
Date: Sat, 02 Mar 2024 10:56:04 -0800 (PST)
Message-ID: <65e37644.050a0220.dd001.4aecSMTPIN_ADDED_MISSING@mx.google.com>
Received: from [172.21.0.6] (unknown [172.18.0.240])
 by postal.iol.unh.edu (Postfix) with ESMTP id 8AD4E6052712;
 Sat,  2 Mar 2024 13:56:04 -0500 (EST)
Subject: |FAILURE| pw137801-137807 [PATCH] [RFC,7/7] eal: deprecate relaxed f
From: dpdklab@iol.unh.edu
To: Test Report <test-report@dpdk.org>
Cc: dpdk-test-reports@iol.unh.edu,
 Mattias Ronnblom <mattias.ronnblom@ericsson.com>
In-Reply-To: <20240302135328.531940-8-mattias.ronnblom@ericsson.com>
References: <20240302135328.531940-8-mattias.ronnblom@ericsson.com>
Content-Type: text/plain
X-BeenThere: test-report@dpdk.org
X-Mailman-Version: 2.1.29
Precedence: list
List-Id: automatic DPDK test reports <test-report.dpdk.org>
List-Unsubscribe: <https://mails.dpdk.org/options/test-report>,
 <mailto:test-report-request@dpdk.org?subject=unsubscribe>
List-Archive: <http://mails.dpdk.org/archives/test-report/>
List-Post: <mailto:test-report@dpdk.org>
List-Help: <mailto:test-report-request@dpdk.org?subject=help>
List-Subscribe: <https://mails.dpdk.org/listinfo/test-report>,
 <mailto:test-report-request@dpdk.org?subject=subscribe>
Errors-To: test-report-bounces@dpdk.org

Test-Label: iol-compile-amd64-testing
Test-Status: FAILURE
http://dpdk.org/patch/137807

_Testing issues_

Submitter: Mattias Ronnblom <mattias.ronnblom@ericsson.com>
Date: Saturday, March 02 2024 13:53:28 
DPDK git baseline: Repo:dpdk
  Branch: master
  CommitID:5df34de5808a7b826b8bc035d6ee3161a12be364

137801-137807 --> testing fail

Test environment and result as below:

+---------------------+--------------------+----------------------+
|     Environment     | dpdk_meson_compile | dpdk_mingw64_compile |
+=====================+====================+======================+
| Windows Server 2022 | PASS               | SKIPPED              |
+---------------------+--------------------+----------------------+
| FreeBSD 13.2        | FAIL               | SKIPPED              |
+---------------------+--------------------+----------------------+
| Windows Server 2019 | FAIL               | PASS                 |
+---------------------+--------------------+----------------------+
| CentOS Stream 8     | PASS               | SKIPPED              |
+---------------------+--------------------+----------------------+

==== 20 line log output for Windows Server 2019 (dpdk_meson_compile): ====
__RTE_GEN_BIT_ATOMIC_OPS(64)
^~~~~~~~~~~~~~~~~~~~~~~~~~~~
..\lib\eal\include\rte_bitops.h:1166:2: note: expanded from macro '__RTE_GEN_BIT_ATOMIC_OPS'
__RTE_GEN_BIT_ATOMIC_TEST_AND_ASSIGN(size)
^~~~~~~~~~~~~~~~~~~~~~~~~~~~~~~~~~~~~~~~~~
..\lib\eal\include\rte_bitops.h:1151:55: note: expanded from macro '__RTE_GEN_BIT_ATOMIC_TEST_AND_ASSIGN'
} while(!__atomic_compare_exchange_n(addr, &before, after, \
^~~~~
..\lib\eal\include\rte_bitops.h:1169:1: note: variable 'after' is declared here
..\lib\eal\include\rte_bitops.h:1166:2: note: expanded from macro '__RTE_GEN_BIT_ATOMIC_OPS'
__RTE_GEN_BIT_ATOMIC_TEST_AND_ASSIGN(size)
^
..\lib\eal\include\rte_bitops.h:1145:3: note: expanded from macro '__RTE_GEN_BIT_ATOMIC_TEST_AND_ASSIGN'
uint ## size ## _t after;                               \
^
<scratch space>:13:1: note: expanded from here
uint64_t
^
2 errors generated.
ninja: build stopped: subcommand failed.
==== End log output ====

Windows Server 2022
	Kernel: OS Build 20348.2031
	Compiler: MSVC VS-Preview

FreeBSD 13.2
	Kernel: 13.2
	Compiler: clang 11.3.0

Windows Server 2019
	Kernel: 10.0
	Compiler: clang 14.0 and gcc 8.1.0 (MinGW)

CentOS Stream 8
	Kernel: 4.18.0-240.10.1.el8_3.x86_64
	Compiler: gcc 8.4.1 20200928

To view detailed results, visit:
https://lab.dpdk.org/results/dashboard/patchsets/29385/

UNH-IOL DPDK Community Lab

To manage your email subscriptions, visit: 
https://lab.dpdk.org/results/dashboard/preferences/subscriptions/