From mboxrd@z Thu Jan  1 00:00:00 1970
Return-Path: <test-report-bounces@dpdk.org>
Received: from mails.dpdk.org (mails.dpdk.org [217.70.189.124])
	by inbox.dpdk.org (Postfix) with ESMTP id 20F3843BB2
	for <public@inbox.dpdk.org>; Sat,  2 Mar 2024 20:19:08 +0100 (CET)
Received: from mails.dpdk.org (localhost [127.0.0.1])
	by mails.dpdk.org (Postfix) with ESMTP id 1D68240144;
	Sat,  2 Mar 2024 20:19:08 +0100 (CET)
Received: from mail-yb1-f226.google.com (mail-yb1-f226.google.com
 [209.85.219.226])
 by mails.dpdk.org (Postfix) with ESMTP id 2CECF400D5
 for <test-report@dpdk.org>; Sat,  2 Mar 2024 20:19:06 +0100 (CET)
Received: by mail-yb1-f226.google.com with SMTP id
 3f1490d57ef6-dd014003277so336298276.2
 for <test-report@dpdk.org>; Sat, 02 Mar 2024 11:19:06 -0800 (PST)
DKIM-Signature: v=1; a=rsa-sha256; c=relaxed/relaxed;
 d=iol.unh.edu; s=unh-iol; t=1709407145; x=1710011945; darn=dpdk.org;
 h=references:in-reply-to:cc:to:from:subject:message-id:date:from:to
 :cc:subject:date:message-id:reply-to;
 bh=/A9nv//kO19W2QU/YKC5wPyBiSvpMJz/bFTcu3ZINRw=;
 b=Pdh7GqL5cDdoNEkUlurMOW7ovwGVE6C2JeGFBe3Ff2i46HPY34u70jFASceDYFB7+y
 qaSfxnOJF9l0srpUcH7ifw3ToJ5mqFH70xQiZf0fwDmmBXaVBBn0ooxo2LuSQD0nms97
 yuYLl/1ap2mp7VNPqO4XI95+0KofyHkvOlK+A=
X-Google-DKIM-Signature: v=1; a=rsa-sha256; c=relaxed/relaxed;
 d=1e100.net; s=20230601; t=1709407145; x=1710011945;
 h=references:in-reply-to:cc:to:from:subject:message-id:date
 :x-gm-message-state:from:to:cc:subject:date:message-id:reply-to;
 bh=/A9nv//kO19W2QU/YKC5wPyBiSvpMJz/bFTcu3ZINRw=;
 b=W2sAayNl86BzBv7vMB/rhgAgDF7KASeone2wiDSvBTC7ilnqPhUfaAqlEXirsWSe1c
 nfLSQ4uO+4RH29hlWP1HJ7Cl38WwxPkgtMgYiGmUi0wkUalQBWF2k94B7z0SrcR6/jR3
 3Dir6u58pPMLhW/DoBGN1tB0Q1QtcWAJXLO0Mf0MuvtQ7WTOQv8jRPNS9jOySbWRTJVi
 Cs03quSQWVdHzZADJWUZ9gDaElGmCa+nffhki64CwvtPI+A29ao3ZL6GjTm1OwrmAOE1
 z3daikx/fzakHPe1tKAQxXhvUAknYiyqp3ypTmJ660njpjpZEunQoy0sIjca3dF5W+MH
 Oaxg==
X-Gm-Message-State: AOJu0YzdlOTo7yJbKeV8C55a9tX65V5TDQKoLlT0QQ3e+WzdhMqpYYgT
 kr+MoqLZoegj/POz3/7SWSg3W91bjKknvgXmrTzmgBYDTL+eVtV878M+cyyThbNedMUKO0JUKGF
 A2KljhPKY3dQYowF3A32QwAbyXvQlRTWvlRhDGEZM
X-Google-Smtp-Source: AGHT+IGWp1vzXWGoPj6IwH/iWHPC+Qmb0RRMxVlQdvHUMF+EZdLy6mD1/KyvCW5I3ti8nmfc/rKTh3TalCv6
X-Received: by 2002:a81:7208:0:b0:608:cd7b:7556 with SMTP id
 n8-20020a817208000000b00608cd7b7556mr5012456ywc.22.1709407145615; 
 Sat, 02 Mar 2024 11:19:05 -0800 (PST)
Received: from postal.iol.unh.edu (postal.iol.unh.edu. [132.177.123.84])
 by smtp-relay.gmail.com with ESMTPS id
 z204-20020a8165d5000000b00607791cd2afsm344808ywb.21.2024.03.02.11.19.05
 (version=TLS1_2 cipher=ECDHE-ECDSA-AES128-GCM-SHA256 bits=128/128);
 Sat, 02 Mar 2024 11:19:05 -0800 (PST)
X-Relaying-Domain: iol.unh.edu
Date: Sat, 02 Mar 2024 11:19:05 -0800 (PST)
Message-ID: <65e37ba9.810a0220.711d5.7b22SMTPIN_ADDED_MISSING@mx.google.com>
Received: from [172.21.0.8] (unknown [172.18.0.240])
 by postal.iol.unh.edu (Postfix) with ESMTP id 401076052712;
 Sat,  2 Mar 2024 14:19:05 -0500 (EST)
Subject: |FAILURE| pw137801-137807 [PATCH] [RFC,7/7] eal: deprecate relaxed f
From: dpdklab@iol.unh.edu
To: Test Report <test-report@dpdk.org>
Cc: dpdk-test-reports@iol.unh.edu,
 Mattias Ronnblom <mattias.ronnblom@ericsson.com>
In-Reply-To: <20240302135328.531940-8-mattias.ronnblom@ericsson.com>
References: <20240302135328.531940-8-mattias.ronnblom@ericsson.com>
Content-Type: text/plain
X-BeenThere: test-report@dpdk.org
X-Mailman-Version: 2.1.29
Precedence: list
List-Id: automatic DPDK test reports <test-report.dpdk.org>
List-Unsubscribe: <https://mails.dpdk.org/options/test-report>,
 <mailto:test-report-request@dpdk.org?subject=unsubscribe>
List-Archive: <http://mails.dpdk.org/archives/test-report/>
List-Post: <mailto:test-report@dpdk.org>
List-Help: <mailto:test-report-request@dpdk.org?subject=help>
List-Subscribe: <https://mails.dpdk.org/listinfo/test-report>,
 <mailto:test-report-request@dpdk.org?subject=subscribe>
Errors-To: test-report-bounces@dpdk.org

Test-Label: iol-compile-amd64-testing
Test-Status: FAILURE
http://dpdk.org/patch/137807

_Testing issues_

Submitter: Mattias Ronnblom <mattias.ronnblom@ericsson.com>
Date: Saturday, March 02 2024 13:53:28 
DPDK git baseline: Repo:dpdk
  Branch: master
  CommitID:5df34de5808a7b826b8bc035d6ee3161a12be364

137801-137807 --> testing fail

Test environment and result as below:

+---------------------+--------------------+----------------------+
|     Environment     | dpdk_meson_compile | dpdk_mingw64_compile |
+=====================+====================+======================+
| Windows Server 2022 | PASS               | SKIPPED              |
+---------------------+--------------------+----------------------+
| FreeBSD 13.2        | FAIL               | SKIPPED              |
+---------------------+--------------------+----------------------+
| Windows Server 2019 | FAIL               | PASS                 |
+---------------------+--------------------+----------------------+
| CentOS Stream 8     | PASS               | SKIPPED              |
+---------------------+--------------------+----------------------+
| Fedora 37           | PASS               | SKIPPED              |
+---------------------+--------------------+----------------------+
| Fedora 38           | FAIL               | SKIPPED              |
+---------------------+--------------------+----------------------+
| CentOS Stream 9     | PASS               | SKIPPED              |
+---------------------+--------------------+----------------------+
| Debian Bullseye     | PASS               | SKIPPED              |
+---------------------+--------------------+----------------------+
| Debian 12 (arm)     | PASS               | SKIPPED              |
+---------------------+--------------------+----------------------+
| openSUSE Leap 15    | PASS               | SKIPPED              |
+---------------------+--------------------+----------------------+

==== 20 line log output for Fedora 38 (dpdk_meson_compile): ====
__RTE_GEN_BIT_ATOMIC_OPS(64)
^~~~~~~~~~~~~~~~~~~~~~~~~~~~
../lib/eal/include/rte_bitops.h:1166:2: note: expanded from macro '__RTE_GEN_BIT_ATOMIC_OPS'
__RTE_GEN_BIT_ATOMIC_TEST_AND_ASSIGN(size)
^~~~~~~~~~~~~~~~~~~~~~~~~~~~~~~~~~~~~~~~~~
../lib/eal/include/rte_bitops.h:1151:55: note: expanded from macro '__RTE_GEN_BIT_ATOMIC_TEST_AND_ASSIGN'
} while(!__atomic_compare_exchange_n(addr, &before, after, \
^~~~~
../lib/eal/include/rte_bitops.h:1169:1: note: variable 'after' is declared here
../lib/eal/include/rte_bitops.h:1166:2: note: expanded from macro '__RTE_GEN_BIT_ATOMIC_OPS'
__RTE_GEN_BIT_ATOMIC_TEST_AND_ASSIGN(size)
^
../lib/eal/include/rte_bitops.h:1145:3: note: expanded from macro '__RTE_GEN_BIT_ATOMIC_TEST_AND_ASSIGN'
uint ## size ## _t after;                               \
^
<scratch space>:260:1: note: expanded from here
uint64_t
^
2 errors generated.
ninja: build stopped: subcommand failed.
==== End log output ====

Windows Server 2022
	Kernel: OS Build 20348.2031
	Compiler: MSVC VS-Preview

FreeBSD 13.2
	Kernel: 13.2
	Compiler: clang 11.3.0

Windows Server 2019
	Kernel: 10.0
	Compiler: clang 14.0 and gcc 8.1.0 (MinGW)

CentOS Stream 8
	Kernel: 4.18.0-240.10.1.el8_3.x86_64
	Compiler: gcc 8.4.1 20200928

Fedora 37
	Kernel: Depends on container host system
	Compiler: gcc 12.3.1

Fedora 38
	Kernel: Depends on container host
	Compiler: clang 16.0.3

CentOS Stream 9
	Kernel: 4.18.0-240.10.1.el8_3.x86_64
	Compiler: gcc 11.3.1 20220421

Debian Bullseye
	Kernel: 5.4.0-122-generic
	Compiler: gcc 10.2.1-6

Debian 12 (arm)
	Kernel: Container Host Kernel
	Compiler: gcc 11

openSUSE Leap 15
	Kernel: 4.18.0-240.10.1.el8_3.x86_64
	Compiler: gcc 7.5.0

To view detailed results, visit:
https://lab.dpdk.org/results/dashboard/patchsets/29385/

UNH-IOL DPDK Community Lab

To manage your email subscriptions, visit: 
https://lab.dpdk.org/results/dashboard/preferences/subscriptions/