From mboxrd@z Thu Jan  1 00:00:00 1970
Return-Path: <test-report-bounces@dpdk.org>
Received: from mails.dpdk.org (mails.dpdk.org [217.70.189.124])
	by inbox.dpdk.org (Postfix) with ESMTP id BABA743BCD
	for <public@inbox.dpdk.org>; Sat,  2 Mar 2024 20:37:32 +0100 (CET)
Received: from mails.dpdk.org (localhost [127.0.0.1])
	by mails.dpdk.org (Postfix) with ESMTP id B31A240284;
	Sat,  2 Mar 2024 20:37:32 +0100 (CET)
Received: from mail-io1-f97.google.com (mail-io1-f97.google.com
 [209.85.166.97]) by mails.dpdk.org (Postfix) with ESMTP id BD65340271
 for <test-report@dpdk.org>; Sat,  2 Mar 2024 20:37:30 +0100 (CET)
Received: by mail-io1-f97.google.com with SMTP id
 ca18e2360f4ac-7c7c984699fso131716539f.1
 for <test-report@dpdk.org>; Sat, 02 Mar 2024 11:37:30 -0800 (PST)
DKIM-Signature: v=1; a=rsa-sha256; c=relaxed/relaxed;
 d=iol.unh.edu; s=unh-iol; t=1709408250; x=1710013050; darn=dpdk.org;
 h=references:in-reply-to:cc:to:from:subject:message-id:date:from:to
 :cc:subject:date:message-id:reply-to;
 bh=Alq3HLOo8gRA5wH0fKZCkAiK2ukVNMhjLe83YPy5iKI=;
 b=GxMtjlMbvls/qLeHYJLjNP1FYn68PFE7szfjZbAZmIo7UB5wI7uDlDA2RstkSvgPBs
 tvAKgdz8xm/sI+FjidwLNYCvvBrVg+Jytu5FBVwGOjaihUB9m13G5KZYBI6KLCpfRQAk
 3NDyXRc0Hw88OasQM1w2K9TyWQ9tZIS3Y/1wA=
X-Google-DKIM-Signature: v=1; a=rsa-sha256; c=relaxed/relaxed;
 d=1e100.net; s=20230601; t=1709408250; x=1710013050;
 h=references:in-reply-to:cc:to:from:subject:message-id:date
 :x-gm-message-state:from:to:cc:subject:date:message-id:reply-to;
 bh=Alq3HLOo8gRA5wH0fKZCkAiK2ukVNMhjLe83YPy5iKI=;
 b=XCS+sRlKwewkwfpDvW3u3/OB04a537kSx/Gz7QP7lGGInsxt99Te75DWTpig/czOlZ
 xmS7Rsj5jtK8dEX7sgAMgWVSRsO979SKtU8YyuPvMnpnwywlFcw1SLRrPqlNVSkxUdnb
 HmiQWow/dX6MIJXBIMQ+G13EHxbNrdLFL4AEOvNVLo93XwsQQdR3o/U0mtM3Y9rYfOdZ
 6mcYd62fCLxaEkg9gzuITG//NMxHgIa6HYjKgIdLTRUcFgSfliwdFDY0FWki5MdunUJ4
 rBPIOSXUsFevDnLWr824nw5F8beLZTFVqUY8l6SfPo14U4y5kXldV8H0hbLqYbAkw+5p
 cGKQ==
X-Gm-Message-State: AOJu0Yzy6jPPRIeZCH9I65RrfbqxmP2htFcU7wOkcPnn6Fm51lgEbZQT
 EMdKiZl5zx3T99Y+ecF9eyN19QPjIRqWjyJQZtH42XSz6y+Y7Y1g1M7NBLe6Y0Y0jg8H4+XJXoM
 L7zT3uHwrXRlujeITZBVFARbWQItd+0wNvK+MifGuumzEhdmk5Wi3tYFa
X-Google-Smtp-Source: AGHT+IHcdQ3cPUNIxHi8Ggaj0V8TaXDRO7kxmPqGv1PE06WIHO8bkqvoxAdHiALN4/NxKPaF0nJDbtwJV/d2
X-Received: by 2002:a6b:db18:0:b0:7c8:25de:721f with SMTP id
 t24-20020a6bdb18000000b007c825de721fmr5306621ioc.16.1709408250208; 
 Sat, 02 Mar 2024 11:37:30 -0800 (PST)
Received: from postal.iol.unh.edu (postal.iol.unh.edu.
 [2606:4100:3880:1234::84]) by smtp-relay.gmail.com with ESMTPS id
 e23-20020a02a797000000b00474b3a7a9c5sm155831jaj.83.2024.03.02.11.37.30
 (version=TLS1_2 cipher=ECDHE-ECDSA-AES128-GCM-SHA256 bits=128/128);
 Sat, 02 Mar 2024 11:37:30 -0800 (PST)
X-Relaying-Domain: iol.unh.edu
Date: Sat, 02 Mar 2024 11:37:30 -0800 (PST)
Message-ID: <65e37ffa.020a0220.30c3d.a236SMTPIN_ADDED_MISSING@mx.google.com>
Received: from [172.21.0.6] (unknown [172.18.0.240])
 by postal.iol.unh.edu (Postfix) with ESMTP id B48ED6052712;
 Sat,  2 Mar 2024 14:37:29 -0500 (EST)
Subject: |FAILURE| pw137801-137807 [PATCH] [RFC,7/7] eal: deprecate relaxed f
From: dpdklab@iol.unh.edu
To: Test Report <test-report@dpdk.org>
Cc: dpdk-test-reports@iol.unh.edu,
 Mattias Ronnblom <mattias.ronnblom@ericsson.com>
In-Reply-To: <20240302135328.531940-8-mattias.ronnblom@ericsson.com>
References: <20240302135328.531940-8-mattias.ronnblom@ericsson.com>
Content-Type: text/plain
X-BeenThere: test-report@dpdk.org
X-Mailman-Version: 2.1.29
Precedence: list
List-Id: automatic DPDK test reports <test-report.dpdk.org>
List-Unsubscribe: <https://mails.dpdk.org/options/test-report>,
 <mailto:test-report-request@dpdk.org?subject=unsubscribe>
List-Archive: <http://mails.dpdk.org/archives/test-report/>
List-Post: <mailto:test-report@dpdk.org>
List-Help: <mailto:test-report-request@dpdk.org?subject=help>
List-Subscribe: <https://mails.dpdk.org/listinfo/test-report>,
 <mailto:test-report-request@dpdk.org?subject=subscribe>
Errors-To: test-report-bounces@dpdk.org

Test-Label: iol-compile-amd64-testing
Test-Status: FAILURE
http://dpdk.org/patch/137807

_Testing issues_

Submitter: Mattias Ronnblom <mattias.ronnblom@ericsson.com>
Date: Saturday, March 02 2024 13:53:28 
DPDK git baseline: Repo:dpdk
  Branch: master
  CommitID:5df34de5808a7b826b8bc035d6ee3161a12be364

137801-137807 --> testing fail

Test environment and result as below:

+---------------------+--------------------+----------------------+
|     Environment     | dpdk_meson_compile | dpdk_mingw64_compile |
+=====================+====================+======================+
| Windows Server 2022 | PASS               | SKIPPED              |
+---------------------+--------------------+----------------------+
| FreeBSD 13.2        | FAIL               | SKIPPED              |
+---------------------+--------------------+----------------------+
| Windows Server 2019 | FAIL               | PASS                 |
+---------------------+--------------------+----------------------+
| CentOS Stream 8     | PASS               | SKIPPED              |
+---------------------+--------------------+----------------------+
| Fedora 37           | PASS               | SKIPPED              |
+---------------------+--------------------+----------------------+
| Fedora 38           | PASS               | SKIPPED              |
+---------------------+--------------------+----------------------+
| CentOS Stream 9     | PASS               | SKIPPED              |
+---------------------+--------------------+----------------------+
| Debian Bullseye     | PASS               | SKIPPED              |
+---------------------+--------------------+----------------------+
| Debian 12 (arm)     | PASS               | SKIPPED              |
+---------------------+--------------------+----------------------+
| openSUSE Leap 15    | PASS               | SKIPPED              |
+---------------------+--------------------+----------------------+
| Ubuntu 20.04        | PASS               | SKIPPED              |
+---------------------+--------------------+----------------------+
| Ubuntu 22.04        | PASS               | SKIPPED              |
+---------------------+--------------------+----------------------+
| RHEL8               | PASS               | SKIPPED              |
+---------------------+--------------------+----------------------+
| Alpine              | PASS               | SKIPPED              |
+---------------------+--------------------+----------------------+

==== 20 line log output for Windows Server 2019 (dpdk_meson_compile): ====
__RTE_GEN_BIT_ATOMIC_OPS(64)
^~~~~~~~~~~~~~~~~~~~~~~~~~~~
..\lib\eal\include\rte_bitops.h:1166:2: note: expanded from macro '__RTE_GEN_BIT_ATOMIC_OPS'
__RTE_GEN_BIT_ATOMIC_TEST_AND_ASSIGN(size)
^~~~~~~~~~~~~~~~~~~~~~~~~~~~~~~~~~~~~~~~~~
..\lib\eal\include\rte_bitops.h:1151:55: note: expanded from macro '__RTE_GEN_BIT_ATOMIC_TEST_AND_ASSIGN'
} while(!__atomic_compare_exchange_n(addr, &before, after, \
^~~~~
..\lib\eal\include\rte_bitops.h:1169:1: note: variable 'after' is declared here
..\lib\eal\include\rte_bitops.h:1166:2: note: expanded from macro '__RTE_GEN_BIT_ATOMIC_OPS'
__RTE_GEN_BIT_ATOMIC_TEST_AND_ASSIGN(size)
^
..\lib\eal\include\rte_bitops.h:1145:3: note: expanded from macro '__RTE_GEN_BIT_ATOMIC_TEST_AND_ASSIGN'
uint ## size ## _t after;                               \
^
<scratch space>:13:1: note: expanded from here
uint64_t
^
2 errors generated.
ninja: build stopped: subcommand failed.
==== End log output ====

Windows Server 2022
	Kernel: OS Build 20348.2031
	Compiler: MSVC VS-Preview

FreeBSD 13.2
	Kernel: 13.2
	Compiler: clang 11.3.0

Windows Server 2019
	Kernel: 10.0
	Compiler: clang 14.0 and gcc 8.1.0 (MinGW)

CentOS Stream 8
	Kernel: 4.18.0-240.10.1.el8_3.x86_64
	Compiler: gcc 8.4.1 20200928

Fedora 37
	Kernel: Depends on container host system
	Compiler: gcc 12.3.1

Fedora 38
	Kernel: Depends on container host
	Compiler: clang 16.0.3

CentOS Stream 9
	Kernel: 4.18.0-240.10.1.el8_3.x86_64
	Compiler: gcc 11.3.1 20220421

Debian Bullseye
	Kernel: 5.4.0-122-generic
	Compiler: gcc 10.2.1-6

Debian 12 (arm)
	Kernel: Container Host Kernel
	Compiler: gcc 11

openSUSE Leap 15
	Kernel: 4.18.0-240.10.1.el8_3.x86_64
	Compiler: gcc 7.5.0

Ubuntu 20.04
	Kernel: 5.4.0-153-generic
	Compiler: gcc 9.4.0-1ubuntu1~20.04.1

Ubuntu 22.04
	Kernel: 4.18.0-240.10.1.el8_3.x86_64
	Compiler: gcc 11.3.0

RHEL8
	Kernel: 4.18.0-240.10.1.el8_3.x86_64
	Compiler: gcc 8.3.1 20191121 (Red Hat 8.3.1-5)

Alpine
	Kernel: 5.4.0-73-generic
	Compiler: gcc (Alpine 10.3.1_git20210424) 10.3.1 20210424

To view detailed results, visit:
https://lab.dpdk.org/results/dashboard/patchsets/29385/

UNH-IOL DPDK Community Lab

To manage your email subscriptions, visit: 
https://lab.dpdk.org/results/dashboard/preferences/subscriptions/