From mboxrd@z Thu Jan  1 00:00:00 1970
Return-Path: <test-report-bounces@dpdk.org>
Received: from mails.dpdk.org (mails.dpdk.org [217.70.189.124])
	by inbox.dpdk.org (Postfix) with ESMTP id 35FEB43C46
	for <public@inbox.dpdk.org>; Wed,  6 Mar 2024 18:56:12 +0100 (CET)
Received: from mails.dpdk.org (localhost [127.0.0.1])
	by mails.dpdk.org (Postfix) with ESMTP id 2BE2840647;
	Wed,  6 Mar 2024 18:56:12 +0100 (CET)
Received: from mail-io1-f98.google.com (mail-io1-f98.google.com
 [209.85.166.98]) by mails.dpdk.org (Postfix) with ESMTP id 683D3402EA
 for <test-report@dpdk.org>; Wed,  6 Mar 2024 18:56:11 +0100 (CET)
Received: by mail-io1-f98.google.com with SMTP id
 ca18e2360f4ac-7c8406e4745so974039f.3
 for <test-report@dpdk.org>; Wed, 06 Mar 2024 09:56:11 -0800 (PST)
DKIM-Signature: v=1; a=rsa-sha256; c=relaxed/relaxed;
 d=iol.unh.edu; s=unh-iol; t=1709747771; x=1710352571; darn=dpdk.org;
 h=references:in-reply-to:cc:to:from:subject:message-id:date:from:to
 :cc:subject:date:message-id:reply-to;
 bh=l5HND4YuYgg4UIQoxB3D19Xfzzo/9uYSPqgTdpihaqw=;
 b=DRb6FqYz4nnUdjayrvrNOtZrtNvbEVzFcH0E34VxPCnmClMTNCtmdTDwMS0HdqzBuM
 uMU+v9M98h0fxx/T1EA1V3bkg/kb4IyNZZmUCKm0KxZLlEKMtDlG2sdj3U951Yn4voja
 T0jCyYbRH0dUwr5praYm5yXG0uaHeFIyHsvZI=
X-Google-DKIM-Signature: v=1; a=rsa-sha256; c=relaxed/relaxed;
 d=1e100.net; s=20230601; t=1709747771; x=1710352571;
 h=references:in-reply-to:cc:to:from:subject:message-id:date
 :x-gm-message-state:from:to:cc:subject:date:message-id:reply-to;
 bh=l5HND4YuYgg4UIQoxB3D19Xfzzo/9uYSPqgTdpihaqw=;
 b=FA5Hrh49yxfFT/tJH1Xxcy/i2HWAzu+G0kAS7ChTnR/V64lGH+lx1Xh2CFc3f/x3ga
 PlD9dsX+kbM9hA4LzakoHAxUgi3qqQApIrD8kGSQvOqpgKPkUOLFjPLUbDPki8NJY3JK
 K9z8NZsqza2tr14utiMxrgxChy+NUPL4fdIYPU1YZ6vYQMuZBLPP9lGk6UyviFifi9uU
 vywUgz/u7h/3i4GmFkTMxOJWOHJ7dP56GCHvQddLw6MP45pqGIB9cLTmx/GbWsFr6C4M
 lln12LCz4ZctM5IRY/zOfTsSqug/Eq3ZnSduPrfhQoaLCiPTCW2nXgAJBB9fKRjbDJy0
 cb+w==
X-Gm-Message-State: AOJu0YxqAMqksSsjOVbfsjqGPXLHgf9x6tgDqLFUs9M8ViQ5GhPk6P7/
 xlJNm8ThRijFVSCLl+8ZoeRAotQnXSyqHoUK/bSqQlT/FdkkCkcULkMaAMiCH/cYKV8S0GBCYRb
 RYT4QXauUPd/gQ3biMb917caUl2M4yXfNb5q1an38eITljdwr56R7cv2J
X-Google-Smtp-Source: AGHT+IHkh9a5rRJtnrRf55w9n1/VmPqi9fk8weI9dZCAtiBQd9SK82Z46PeqL44VCGwtgk+b6HO2FBUYIqz/
X-Received: by 2002:a6b:6309:0:b0:7c8:22c3:2e81 with SMTP id
 p9-20020a6b6309000000b007c822c32e81mr17458430iog.4.1709747770872; 
 Wed, 06 Mar 2024 09:56:10 -0800 (PST)
Received: from postal.iol.unh.edu (postal.iol.unh.edu.
 [2606:4100:3880:1234::84]) by smtp-relay.gmail.com with ESMTPS id
 l9-20020a6b7009000000b007c846bf42c6sm200799ioc.10.2024.03.06.09.56.10
 (version=TLS1_2 cipher=ECDHE-ECDSA-AES128-GCM-SHA256 bits=128/128);
 Wed, 06 Mar 2024 09:56:10 -0800 (PST)
X-Relaying-Domain: iol.unh.edu
Date: Wed, 06 Mar 2024 09:56:10 -0800 (PST)
Message-ID: <65e8ae3a.6b0a0220.6fa08.b58cSMTPIN_ADDED_MISSING@mx.google.com>
Received: from [172.21.0.8] (unknown [172.18.0.240])
 by postal.iol.unh.edu (Postfix) with ESMTP id 0422C6043300;
 Wed,  6 Mar 2024 12:56:10 -0500 (EST)
Subject: |FAILURE| pw138051-138053 [PATCH] [v7,3/3] config/arm: allow WFE to 
From: dpdklab@iol.unh.edu
To: Test Report <test-report@dpdk.org>
Cc: dpdk-test-reports@iol.unh.edu,
 Pavan Nikhilesh Bhagavatula <pbhagavatula@marvell.com>
In-Reply-To: <20240306154957.750-3-pbhagavatula@marvell.com>
References: <20240306154957.750-3-pbhagavatula@marvell.com>
Content-Type: text/plain
X-BeenThere: test-report@dpdk.org
X-Mailman-Version: 2.1.29
Precedence: list
List-Id: automatic DPDK test reports <test-report.dpdk.org>
List-Unsubscribe: <https://mails.dpdk.org/options/test-report>,
 <mailto:test-report-request@dpdk.org?subject=unsubscribe>
List-Archive: <http://mails.dpdk.org/archives/test-report/>
List-Post: <mailto:test-report@dpdk.org>
List-Help: <mailto:test-report-request@dpdk.org?subject=help>
List-Subscribe: <https://mails.dpdk.org/listinfo/test-report>,
 <mailto:test-report-request@dpdk.org?subject=subscribe>
Errors-To: test-report-bounces@dpdk.org

Test-Label: iol-unit-amd64-testing
Test-Status: FAILURE
http://dpdk.org/patch/138053

_Testing issues_

Submitter: Pavan Nikhilesh Bhagavatula <pbhagavatula@marvell.com>
Date: Wednesday, March 06 2024 15:49:57 
DPDK git baseline: Repo:dpdk
  Branch: master
  CommitID:362b11d129cbd0c262baab748631622c0570c34e

138051-138053 --> testing fail

Test environment and result as below:

+------------------+----------------+
|   Environment    | dpdk_unit_test |
+==================+================+
| CentOS Stream 8  | PASS           |
+------------------+----------------+
| CentOS Stream 9  | PASS           |
+------------------+----------------+
| Debian 12 (arm)  | FAIL           |
+------------------+----------------+
| Fedora 37        | PASS           |
+------------------+----------------+
| Fedora 38        | PASS           |
+------------------+----------------+
| Ubuntu 22.04     | PASS           |
+------------------+----------------+
| RHEL8            | PASS           |
+------------------+----------------+
| Debian Bullseye  | PASS           |
+------------------+----------------+
| openSUSE Leap 15 | PASS           |
+------------------+----------------+
| Ubuntu 20.04     | PASS           |
+------------------+----------------+

==== 20 line log output for Debian 12 (arm) (dpdk_unit_test): ====
Installing symlink pointing to librte_event_opdl.so.24 to /usr/local/lib/x86_64-linux-gnu/dpdk/pmds-24.1/librte_event_opdl.so
Installing symlink pointing to librte_event_skeleton.so.24.1 to /usr/local/lib/x86_64-linux-gnu/dpdk/pmds-24.1/librte_event_skeleton.so.24
Installing symlink pointing to librte_event_skeleton.so.24 to /usr/local/lib/x86_64-linux-gnu/dpdk/pmds-24.1/librte_event_skeleton.so
Installing symlink pointing to librte_event_sw.so.24.1 to /usr/local/lib/x86_64-linux-gnu/dpdk/pmds-24.1/librte_event_sw.so.24
Installing symlink pointing to librte_event_sw.so.24 to /usr/local/lib/x86_64-linux-gnu/dpdk/pmds-24.1/librte_event_sw.so
Installing symlink pointing to librte_event_octeontx.so.24.1 to /usr/local/lib/x86_64-linux-gnu/dpdk/pmds-24.1/librte_event_octeontx.so.24
Installing symlink pointing to librte_event_octeontx.so.24 to /usr/local/lib/x86_64-linux-gnu/dpdk/pmds-24.1/librte_event_octeontx.so
Installing symlink pointing to librte_baseband_acc.so.24.1 to /usr/local/lib/x86_64-linux-gnu/dpdk/pmds-24.1/librte_baseband_acc.so.24
Installing symlink pointing to librte_baseband_acc.so.24 to /usr/local/lib/x86_64-linux-gnu/dpdk/pmds-24.1/librte_baseband_acc.so
Installing symlink pointing to librte_baseband_fpga_5gnr_fec.so.24.1 to /usr/local/lib/x86_64-linux-gnu/dpdk/pmds-24.1/librte_baseband_fpga_5gnr_fec.so.24
Installing symlink pointing to librte_baseband_fpga_5gnr_fec.so.24 to /usr/local/lib/x86_64-linux-gnu/dpdk/pmds-24.1/librte_baseband_fpga_5gnr_fec.so
Installing symlink pointing to librte_baseband_fpga_lte_fec.so.24.1 to /usr/local/lib/x86_64-linux-gnu/dpdk/pmds-24.1/librte_baseband_fpga_lte_fec.so.24
Installing symlink pointing to librte_baseband_fpga_lte_fec.so.24 to /usr/local/lib/x86_64-linux-gnu/dpdk/pmds-24.1/librte_baseband_fpga_lte_fec.so
Installing symlink pointing to librte_baseband_la12xx.so.24.1 to /usr/local/lib/x86_64-linux-gnu/dpdk/pmds-24.1/librte_baseband_la12xx.so.24
Installing symlink pointing to librte_baseband_la12xx.so.24 to /usr/local/lib/x86_64-linux-gnu/dpdk/pmds-24.1/librte_baseband_la12xx.so
Installing symlink pointing to librte_baseband_null.so.24.1 to /usr/local/lib/x86_64-linux-gnu/dpdk/pmds-24.1/librte_baseband_null.so.24
Installing symlink pointing to librte_baseband_null.so.24 to /usr/local/lib/x86_64-linux-gnu/dpdk/pmds-24.1/librte_baseband_null.so
Installing symlink pointing to librte_baseband_turbo_sw.so.24.1 to /usr/local/lib/x86_64-linux-gnu/dpdk/pmds-24.1/librte_baseband_turbo_sw.so.24
Installing symlink pointing to librte_baseband_turbo_sw.so.24 to /usr/local/lib/x86_64-linux-gnu/dpdk/pmds-24.1/librte_baseband_turbo_sw.so
Running custom install script '/bin/sh /home-local/jenkins-local/jenkins-agent/workspace/Generic-Unit-Test-DPDK/dpdk/config/../buildtools/symlink-drivers-solibs.sh lib/x86_64-linux-gnu dpdk/pmds-24.1'
==== End log output ====

CentOS Stream 8
	Kernel: 4.18.0-240.10.1.el8_3.x86_64
	Compiler: gcc 8.4.1 20200928

CentOS Stream 9
	Kernel: 4.18.0-240.10.1.el8_3.x86_64
	Compiler: gcc 11.3.1 20220421

Debian 12 (arm)
	Kernel: Container Host Kernel
	Compiler: gcc 11

Fedora 37
	Kernel: Depends on container host system
	Compiler: gcc 12.3.1

Fedora 38
	Kernel: Depends on container host
	Compiler: gcc 13.1.1

Ubuntu 22.04
	Kernel: 4.18.0-240.10.1.el8_3.x86_64
	Compiler: gcc 11.3.0

RHEL8
	Kernel: 4.18.0-240.10.1.el8_3.x86_64
	Compiler: gcc 8.3.1 20191121 (Red Hat 8.3.1-5)

Debian Bullseye
	Kernel: 5.4.0-122-generic
	Compiler: gcc 10.2.1-6

openSUSE Leap 15
	Kernel: 4.18.0-240.10.1.el8_3.x86_64
	Compiler: gcc 7.5.0

Ubuntu 20.04
	Kernel: 5.4.0-153-generic
	Compiler: gcc 9.4.0-1ubuntu1~20.04.1

To view detailed results, visit:
https://lab.dpdk.org/results/dashboard/patchsets/29441/

UNH-IOL DPDK Community Lab

To manage your email subscriptions, visit: 
https://lab.dpdk.org/results/dashboard/preferences/subscriptions/