From mboxrd@z Thu Jan  1 00:00:00 1970
Return-Path: <test-report-bounces@dpdk.org>
Received: from mails.dpdk.org (mails.dpdk.org [217.70.189.124])
	by inbox.dpdk.org (Postfix) with ESMTP id 7609543C21
	for <public@inbox.dpdk.org>; Thu,  7 Mar 2024 20:21:59 +0100 (CET)
Received: from mails.dpdk.org (localhost [127.0.0.1])
	by mails.dpdk.org (Postfix) with ESMTP id 6F5F8402BA;
	Thu,  7 Mar 2024 20:21:59 +0100 (CET)
Received: from mail-ot1-f97.google.com (mail-ot1-f97.google.com
 [209.85.210.97]) by mails.dpdk.org (Postfix) with ESMTP id 8116F42EF5
 for <test-report@dpdk.org>; Thu,  7 Mar 2024 20:21:54 +0100 (CET)
Received: by mail-ot1-f97.google.com with SMTP id
 46e09a7af769-6e4e8687a96so59325a34.1
 for <test-report@dpdk.org>; Thu, 07 Mar 2024 11:21:54 -0800 (PST)
DKIM-Signature: v=1; a=rsa-sha256; c=relaxed/relaxed;
 d=iol.unh.edu; s=unh-iol; t=1709839314; x=1710444114; darn=dpdk.org;
 h=references:in-reply-to:cc:to:from:subject:message-id:date:from:to
 :cc:subject:date:message-id:reply-to;
 bh=stlhUAq4wP0yKygB97Z5PdsAYdSRWmnmxniRl+kcA2I=;
 b=GuVASOppJwuAaCUTjHNTbzBlGqe7rpdRBaJEacZK5zKe8uoaqTKn0iEuv5EMLv6y+n
 CBfy41ndLfjCS+34sv8hP2Hfwd/iSHSwrtiAMfyPCuIr4zyu1hUQ3zQ+8oPIjeI4k6l4
 X0ufBHqrz+Ef3XU2+EV0/OCmTXte0gvNe2+1U=
X-Google-DKIM-Signature: v=1; a=rsa-sha256; c=relaxed/relaxed;
 d=1e100.net; s=20230601; t=1709839314; x=1710444114;
 h=references:in-reply-to:cc:to:from:subject:message-id:date
 :x-gm-message-state:from:to:cc:subject:date:message-id:reply-to;
 bh=stlhUAq4wP0yKygB97Z5PdsAYdSRWmnmxniRl+kcA2I=;
 b=atLjhrfv1FZEq1X3FOy07u85sEWG/ewNIo8pEY4r4q4/Ap0pGS6nEWVQCREphfa+Ys
 RsCVQaF1Ar2UGx06eQZMvCv5/2b3qK/UkS2rsMwcM8nOaQ/JEeXmfcnl+2lZJe98N/sD
 BmdPwD8c16NFBb/Zuq6ZsIunnraLxe6kczbvtSFb9xjCSb145nIH4MjXS2wl3NhkLQGC
 YRriaatHFAoW1QohP/gaHI9gBl4kkbiX/ybLPyIwTHQcbC/cjSXuqaNmdz9JfNdyQ/UX
 rq8iiVCVVrIgfrR2DQuVLU5+EL4izQyXKc/G7tj7RgVLGhcqUtzdFWXmzfhA0Rqus/Px
 919Q==
X-Gm-Message-State: AOJu0Yyi1byZA8zpBZ84ZM2tKOWAo0LbjAMH6UaVaXPEl0RpK3RrFBKf
 OGGYE28mDxnS6FN373DKuKOMdlezK7NN5h1A7t43O63eYFEl183KPKMToqv0O71vXw/POOS87x9
 p/PfqBGktMZXYcKf3jEofsWZ76Fy4bf1fDmc1GT6nc4YGMRvL+By6ByYD
X-Google-Smtp-Source: AGHT+IG/Bw7FyxZCYRkfv4MqoUzjkmxY8MHX3gxvniDIPMLQtfisxOBvBIw5dPZpizoechKZTT5Ql1FKaOuJ
X-Received: by 2002:a05:6830:12cb:b0:6e4:4393:8565 with SMTP id
 a11-20020a05683012cb00b006e443938565mr10041129otq.25.1709839313828; 
 Thu, 07 Mar 2024 11:21:53 -0800 (PST)
Received: from postal.iol.unh.edu (postal.iol.unh.edu.
 [2606:4100:3880:1234::84]) by smtp-relay.gmail.com with ESMTPS id
 l26-20020a65681a000000b005e485fc9c51sm318639pgt.35.2024.03.07.11.21.53
 (version=TLS1_2 cipher=ECDHE-ECDSA-AES128-GCM-SHA256 bits=128/128);
 Thu, 07 Mar 2024 11:21:53 -0800 (PST)
X-Relaying-Domain: iol.unh.edu
Date: Thu, 07 Mar 2024 11:21:53 -0800 (PST)
Message-ID: <65ea13d1.650a0220.85332.0004SMTPIN_ADDED_MISSING@mx.google.com>
Received: from [172.21.0.7] (unknown [172.18.0.240])
 by postal.iol.unh.edu (Postfix) with ESMTP id 47BB56043484;
 Thu,  7 Mar 2024 14:21:53 -0500 (EST)
Subject: |FAILURE| pw137497-137500 [PATCH] [v11,4/4] app/dma-perf: add SG cop
From: dpdklab@iol.unh.edu
To: Test Report <test-report@dpdk.org>
Cc: dpdk-test-reports@iol.unh.edu,
 Gowrishankar Muthukrishnan <gmuthukrishn@marvell.com>
In-Reply-To: <e4852ed5b0b2dbb6ad0355ea7517cf1638ba61a7.1709210551.git.gmuthukrishn@marvell.com>
References: <e4852ed5b0b2dbb6ad0355ea7517cf1638ba61a7.1709210551.git.gmuthukrishn@marvell.com>
Content-Type: text/plain
X-BeenThere: test-report@dpdk.org
X-Mailman-Version: 2.1.29
Precedence: list
List-Id: automatic DPDK test reports <test-report.dpdk.org>
List-Unsubscribe: <https://mails.dpdk.org/options/test-report>,
 <mailto:test-report-request@dpdk.org?subject=unsubscribe>
List-Archive: <http://mails.dpdk.org/archives/test-report/>
List-Post: <mailto:test-report@dpdk.org>
List-Help: <mailto:test-report-request@dpdk.org?subject=help>
List-Subscribe: <https://mails.dpdk.org/listinfo/test-report>,
 <mailto:test-report-request@dpdk.org?subject=subscribe>
Errors-To: test-report-bounces@dpdk.org

Test-Label: iol-unit-amd64-testing
Test-Status: FAILURE
http://dpdk.org/patch/137500

_Testing issues_

Submitter: Gowrishankar Muthukrishnan <gmuthukrishn@marvell.com>
Date: Thursday, February 29 2024 13:48:10 
DPDK git baseline: Repo:dpdk
  Branch: master
  CommitID:92c0ad70caf3ed6f4b93de6ddaf7bc369737c049

137497-137500 --> testing fail

Test environment and result as below:

+---------------------+----------------+
|     Environment     | dpdk_unit_test |
+=====================+================+
| CentOS Stream 8     | PASS           |
+---------------------+----------------+
| CentOS Stream 9     | PASS           |
+---------------------+----------------+
| Debian Bullseye     | PASS           |
+---------------------+----------------+
| Fedora 37           | PASS           |
+---------------------+----------------+
| openSUSE Leap 15    | PASS           |
+---------------------+----------------+
| Debian 12 (arm)     | PASS           |
+---------------------+----------------+
| Fedora 38           | PASS           |
+---------------------+----------------+
| RHEL8               | PASS           |
+---------------------+----------------+
| Ubuntu 22.04        | PASS           |
+---------------------+----------------+
| Ubuntu 20.04        | PASS           |
+---------------------+----------------+
| Windows Server 2019 | FAIL           |
+---------------------+----------------+

==== 20 line log output for Windows Server 2019 (dpdk_unit_test): ====
�7�7�/�8�5� �D�P�D�K�:�f�a�s�t�-�t�e�s�t�s� �/� �t�e�l�e�m�e�t�r�y�_�d�a�t�a�_�a�u�t�o�t�e�s�t� � � � � � � � �S�K�I�P� � � � � � � � � � � � � �0�.�1�4�s� � � �e�x�i�t� �s�t�a�t�u�s� �7�7�
�
�7�8�/�8�5� �D�P�D�K�:�f�a�s�t�-�t�e�s�t�s� �/� �t�e�l�e�m�e�t�r�y�_�j�s�o�n�_�a�u�t�o�t�e�s�t� � � � � � � � �O�K� � � � � � � � � � � � � � � �0�.�1�4�s�
�
�7�9�/�8�5� �D�P�D�K�:�f�a�s�t�-�t�e�s�t�s� �/� �t�h�a�s�h�_�a�u�t�o�t�e�s�t� � � � � � � � � � � � � � � � � �O�K� � � � � � � � � � � � � � � �0�.�1�5�s�
�
�8�0�/�8�5� �D�P�D�K�:�f�a�s�t�-�t�e�s�t�s� �/� �t�h�r�e�a�d�s�_�a�u�t�o�t�e�s�t� � � � � � � � � � � � � � � �O�K� � � � � � � � � � � � � � � �0�.�9�0�s�
�
�8�1�/�8�5� �D�P�D�K�:�f�a�s�t�-�t�e�s�t�s� �/� �t�i�c�k�e�t�l�o�c�k�_�a�u�t�o�t�e�s�t� � � � � � � � � � � � �O�K� � � � � � � � � � � � � � � �0�.�1�8�s�
�
�8�2�/�8�5� �D�P�D�K�:�f�a�s�t�-�t�e�s�t�s� �/� �t�i�m�e�r�_�a�u�t�o�t�e�s�t� � � � � � � � � � � � � � � � � �O�K� � � � � � � � � � � � � � � �2�.�7�0�s�
�
�8�3�/�8�5� �D�P�D�K�:�f�a�s�t�-�t�e�s�t�s� �/� �t�r�a�c�e�_�a�u�t�o�t�e�s�t� � � � � � � � � � � � � � � � � �S�K�I�P� � � � � � � � � � � � � �0�.�1�4�s� � � �e�x�i�t� �s�t�a�t�u�s� �7�7�
�
�8�4�/�8�5� �D�P�D�K�:�f�a�s�t�-�t�e�s�t�s� �/� �v�d�e�v�_�a�u�t�o�t�e�s�t� � � � � � � � � � � � � � � � � � �O�K� � � � � � � � � � � � � � � �0�.�1�4�s�
�
�8�5�/�8�5� �D�P�D�K�:�f�a�s�t�-�t�e�s�t�s� �/� �v�e�r�s�i�o�n�_�a�u�t�o�t�e�s�t� � � � � � � � � � � � � � � �O�K� � � � � � � � � � � � � � � �0�.�1�4�s�
�
�
�
�
�
�O�k�:� � � � � � � � � � � � � � � � � �6�5� � �
�
�E�x�p�e�c�t�e�d� �F�a�i�l�:� � � � � � �0� � � �
�
�F�a�i�l�:� � � � � � � � � � � � � � � �0� � � �
�
�U�n�e�x�p�e�c�t�e�d� �P�a�s�s�:� � � � �0� � � �
�
�S�k�i�p�p�e�d�:� � � � � � � � � � � � �1�9� � �
�
�T�i�m�e�o�u�t�:� � � � � � � � � � � � �1� � � �
�
�
�
�F�u�l�l� �l�o�g� �w�r�i�t�t�e�n� �t�o� �C�:�\�U�s�e�r�s�\�b�u�i�l�d�e�r�\�j�e�n�k�i�n�s�\�w�o�r�k�s�p�a�c�e�\�G�e�n�e�r�i�c�-�V�M�-�U�n�i�t�-�T�e�s�t�-�D�P�D�K�\�d�p�d�k�\�b�u�i�l�d�\�m�e�s�o�n�-�l�o�g�s�\�t�e�s�t�l�o�g�.�t�x�t�
�
�
==== End log output ====

CentOS Stream 8
	Kernel: 4.18.0-240.10.1.el8_3.x86_64
	Compiler: gcc 8.4.1 20200928

CentOS Stream 9
	Kernel: 4.18.0-240.10.1.el8_3.x86_64
	Compiler: gcc 11.3.1 20220421

Debian Bullseye
	Kernel: 5.4.0-122-generic
	Compiler: gcc 10.2.1-6

Fedora 37
	Kernel: Depends on container host system
	Compiler: gcc 12.3.1

openSUSE Leap 15
	Kernel: 4.18.0-240.10.1.el8_3.x86_64
	Compiler: gcc 7.5.0

Debian 12 (arm)
	Kernel: Container Host Kernel
	Compiler: gcc 11

Fedora 38
	Kernel: Depends on container host
	Compiler: gcc 13.1.1

RHEL8
	Kernel: 4.18.0-240.10.1.el8_3.x86_64
	Compiler: gcc 8.3.1 20191121 (Red Hat 8.3.1-5)

Ubuntu 22.04
	Kernel: 4.18.0-240.10.1.el8_3.x86_64
	Compiler: gcc 11.3.0

Ubuntu 20.04
	Kernel: 5.4.0-153-generic
	Compiler: gcc 9.4.0-1ubuntu1~20.04.1

Windows Server 2019
	Kernel: 10.0
	Compiler: clang 14.0 and gcc 8.1.0 (MinGW)

To view detailed results, visit:
https://lab.dpdk.org/results/dashboard/patchsets/29338/

UNH-IOL DPDK Community Lab

To manage your email subscriptions, visit: 
https://lab.dpdk.org/results/dashboard/preferences/subscriptions/