From mboxrd@z Thu Jan  1 00:00:00 1970
Return-Path: <test-report-bounces@dpdk.org>
Received: from mails.dpdk.org (mails.dpdk.org [217.70.189.124])
	by inbox.dpdk.org (Postfix) with ESMTP id E134643C21
	for <public@inbox.dpdk.org>; Thu,  7 Mar 2024 20:25:29 +0100 (CET)
Received: from mails.dpdk.org (localhost [127.0.0.1])
	by mails.dpdk.org (Postfix) with ESMTP id D9E46402BA;
	Thu,  7 Mar 2024 20:25:29 +0100 (CET)
Received: from mail-io1-f99.google.com (mail-io1-f99.google.com
 [209.85.166.99]) by mails.dpdk.org (Postfix) with ESMTP id 7028440272
 for <test-report@dpdk.org>; Thu,  7 Mar 2024 20:25:28 +0100 (CET)
Received: by mail-io1-f99.google.com with SMTP id
 ca18e2360f4ac-7c874fb2b1fso55710039f.0
 for <test-report@dpdk.org>; Thu, 07 Mar 2024 11:25:28 -0800 (PST)
DKIM-Signature: v=1; a=rsa-sha256; c=relaxed/relaxed;
 d=iol.unh.edu; s=unh-iol; t=1709839527; x=1710444327; darn=dpdk.org;
 h=references:in-reply-to:cc:to:from:subject:message-id:date:from:to
 :cc:subject:date:message-id:reply-to;
 bh=stlhUAq4wP0yKygB97Z5PdsAYdSRWmnmxniRl+kcA2I=;
 b=hhd2P4sn5p8bBpJDoy+2Uy4p/EeijpEjEwweaPdaWRzCr/+DkOOBdDt6PkwWgqZqtB
 64RpfPWf91R+kU3YhknjbI7YdKJHa2ZITM7CkSZbhVv7oUa7yZbCWbytOUfeRAk5H5Ic
 x9OM0XpbBGNCmOpx4nX/ZZsm7wijVm/wxUwmw=
X-Google-DKIM-Signature: v=1; a=rsa-sha256; c=relaxed/relaxed;
 d=1e100.net; s=20230601; t=1709839527; x=1710444327;
 h=references:in-reply-to:cc:to:from:subject:message-id:date
 :x-gm-message-state:from:to:cc:subject:date:message-id:reply-to;
 bh=stlhUAq4wP0yKygB97Z5PdsAYdSRWmnmxniRl+kcA2I=;
 b=JrfUBSwQdmlNzyMwZyO4gk2lOUvtY+qE7kxW841m2p09gUW81cub4XY/hsVt+YvGTI
 wFnLvyoAjKk34mGEpocGYWhKUFNCL8p1BRpANDC9Z2GG2R63YHlbCI56ucYPz4W3SxZF
 45kIAMnqYBP4rsDvRglXkX2EMYYCyil9HW67ArFxmT123P8NMllDog+h2oLKFV50ACOD
 97xYm2ri1hEaH+Te5CadBEWx3Y+0MSjVUPNIYv042lPAL7KsWsZICuPvygGTQLmeu0U0
 xN5XAtq2yACemR4dElMlvmmhZzwCG2zxMXHag2l4tyEnzVzw1clnBSrusvyU0ZxU8B/l
 HiNg==
X-Gm-Message-State: AOJu0YwnlitY2sgTjqlITweLod2fqBIgleKB3vEts4ezOqSc0fglcXzI
 0ME/TEOmUMfuA39GfMOvO8L4+EU0KwgjwGeiP0d+ZbHFcteyANWC1NVg/m4/Z7c3uVSFVF7U4Rh
 416D0vLSUEfeZEoA97z3oXXSGf9BIFVzxHIVA2RBm
X-Google-Smtp-Source: AGHT+IE+8p9km+N1Wx9LuFb4xuClpU3ZdWuf/pbEF5ZD3nclDD+izW7YTXuvSxYbOtSQ8533gd1q54lE/tH5
X-Received: by 2002:a6b:6c01:0:b0:7c7:96a3:554c with SMTP id
 a1-20020a6b6c01000000b007c796a3554cmr20537424ioh.10.1709839527785; 
 Thu, 07 Mar 2024 11:25:27 -0800 (PST)
Received: from postal.iol.unh.edu (postal.iol.unh.edu. [132.177.123.84])
 by smtp-relay.gmail.com with ESMTPS id
 e20-20020a056602159400b007c78f83cc44sm290936iow.26.2024.03.07.11.25.27
 (version=TLS1_2 cipher=ECDHE-ECDSA-AES128-GCM-SHA256 bits=128/128);
 Thu, 07 Mar 2024 11:25:27 -0800 (PST)
X-Relaying-Domain: iol.unh.edu
Date: Thu, 07 Mar 2024 11:25:27 -0800 (PST)
Message-ID: <65ea14a7.050a0220.6d716.089eSMTPIN_ADDED_MISSING@mx.google.com>
Received: from [172.17.0.6] (unknown [172.18.0.217])
 by postal.iol.unh.edu (Postfix) with ESMTP id 44B1D6043484;
 Thu,  7 Mar 2024 14:25:27 -0500 (EST)
Subject: |FAILURE| pw137497-137500 [PATCH] [v11,4/4] app/dma-perf: add SG cop
From: dpdklab@iol.unh.edu
To: Test Report <test-report@dpdk.org>
Cc: dpdk-test-reports@iol.unh.edu,
 Gowrishankar Muthukrishnan <gmuthukrishn@marvell.com>
In-Reply-To: <e4852ed5b0b2dbb6ad0355ea7517cf1638ba61a7.1709210551.git.gmuthukrishn@marvell.com>
References: <e4852ed5b0b2dbb6ad0355ea7517cf1638ba61a7.1709210551.git.gmuthukrishn@marvell.com>
Content-Type: text/plain
X-BeenThere: test-report@dpdk.org
X-Mailman-Version: 2.1.29
Precedence: list
List-Id: automatic DPDK test reports <test-report.dpdk.org>
List-Unsubscribe: <https://mails.dpdk.org/options/test-report>,
 <mailto:test-report-request@dpdk.org?subject=unsubscribe>
List-Archive: <http://mails.dpdk.org/archives/test-report/>
List-Post: <mailto:test-report@dpdk.org>
List-Help: <mailto:test-report-request@dpdk.org?subject=help>
List-Subscribe: <https://mails.dpdk.org/listinfo/test-report>,
 <mailto:test-report-request@dpdk.org?subject=subscribe>
Errors-To: test-report-bounces@dpdk.org

Test-Label: iol-unit-amd64-testing
Test-Status: FAILURE
http://dpdk.org/patch/137500

_Testing issues_

Submitter: Gowrishankar Muthukrishnan <gmuthukrishn@marvell.com>
Date: Thursday, February 29 2024 13:48:10 
DPDK git baseline: Repo:dpdk
  Branch: master
  CommitID:92c0ad70caf3ed6f4b93de6ddaf7bc369737c049

137497-137500 --> testing fail

Test environment and result as below:

+---------------------+----------------+
|     Environment     | dpdk_unit_test |
+=====================+================+
| CentOS Stream 8     | PASS           |
+---------------------+----------------+
| CentOS Stream 9     | PASS           |
+---------------------+----------------+
| Debian Bullseye     | PASS           |
+---------------------+----------------+
| Fedora 37           | PASS           |
+---------------------+----------------+
| openSUSE Leap 15    | PASS           |
+---------------------+----------------+
| Debian 12 (arm)     | PASS           |
+---------------------+----------------+
| Fedora 38           | PASS           |
+---------------------+----------------+
| RHEL8               | PASS           |
+---------------------+----------------+
| Ubuntu 22.04        | PASS           |
+---------------------+----------------+
| Ubuntu 20.04        | PASS           |
+---------------------+----------------+
| Windows Server 2019 | FAIL           |
+---------------------+----------------+

==== 20 line log output for Windows Server 2019 (dpdk_unit_test): ====
�7�7�/�8�5� �D�P�D�K�:�f�a�s�t�-�t�e�s�t�s� �/� �t�e�l�e�m�e�t�r�y�_�d�a�t�a�_�a�u�t�o�t�e�s�t� � � � � � � � �S�K�I�P� � � � � � � � � � � � � �0�.�1�4�s� � � �e�x�i�t� �s�t�a�t�u�s� �7�7�
�
�7�8�/�8�5� �D�P�D�K�:�f�a�s�t�-�t�e�s�t�s� �/� �t�e�l�e�m�e�t�r�y�_�j�s�o�n�_�a�u�t�o�t�e�s�t� � � � � � � � �O�K� � � � � � � � � � � � � � � �0�.�1�4�s�
�
�7�9�/�8�5� �D�P�D�K�:�f�a�s�t�-�t�e�s�t�s� �/� �t�h�a�s�h�_�a�u�t�o�t�e�s�t� � � � � � � � � � � � � � � � � �O�K� � � � � � � � � � � � � � � �0�.�1�5�s�
�
�8�0�/�8�5� �D�P�D�K�:�f�a�s�t�-�t�e�s�t�s� �/� �t�h�r�e�a�d�s�_�a�u�t�o�t�e�s�t� � � � � � � � � � � � � � � �O�K� � � � � � � � � � � � � � � �0�.�9�0�s�
�
�8�1�/�8�5� �D�P�D�K�:�f�a�s�t�-�t�e�s�t�s� �/� �t�i�c�k�e�t�l�o�c�k�_�a�u�t�o�t�e�s�t� � � � � � � � � � � � �O�K� � � � � � � � � � � � � � � �0�.�1�8�s�
�
�8�2�/�8�5� �D�P�D�K�:�f�a�s�t�-�t�e�s�t�s� �/� �t�i�m�e�r�_�a�u�t�o�t�e�s�t� � � � � � � � � � � � � � � � � �O�K� � � � � � � � � � � � � � � �2�.�7�0�s�
�
�8�3�/�8�5� �D�P�D�K�:�f�a�s�t�-�t�e�s�t�s� �/� �t�r�a�c�e�_�a�u�t�o�t�e�s�t� � � � � � � � � � � � � � � � � �S�K�I�P� � � � � � � � � � � � � �0�.�1�4�s� � � �e�x�i�t� �s�t�a�t�u�s� �7�7�
�
�8�4�/�8�5� �D�P�D�K�:�f�a�s�t�-�t�e�s�t�s� �/� �v�d�e�v�_�a�u�t�o�t�e�s�t� � � � � � � � � � � � � � � � � � �O�K� � � � � � � � � � � � � � � �0�.�1�4�s�
�
�8�5�/�8�5� �D�P�D�K�:�f�a�s�t�-�t�e�s�t�s� �/� �v�e�r�s�i�o�n�_�a�u�t�o�t�e�s�t� � � � � � � � � � � � � � � �O�K� � � � � � � � � � � � � � � �0�.�1�4�s�
�
�
�
�
�
�O�k�:� � � � � � � � � � � � � � � � � �6�5� � �
�
�E�x�p�e�c�t�e�d� �F�a�i�l�:� � � � � � �0� � � �
�
�F�a�i�l�:� � � � � � � � � � � � � � � �0� � � �
�
�U�n�e�x�p�e�c�t�e�d� �P�a�s�s�:� � � � �0� � � �
�
�S�k�i�p�p�e�d�:� � � � � � � � � � � � �1�9� � �
�
�T�i�m�e�o�u�t�:� � � � � � � � � � � � �1� � � �
�
�
�
�F�u�l�l� �l�o�g� �w�r�i�t�t�e�n� �t�o� �C�:�\�U�s�e�r�s�\�b�u�i�l�d�e�r�\�j�e�n�k�i�n�s�\�w�o�r�k�s�p�a�c�e�\�G�e�n�e�r�i�c�-�V�M�-�U�n�i�t�-�T�e�s�t�-�D�P�D�K�\�d�p�d�k�\�b�u�i�l�d�\�m�e�s�o�n�-�l�o�g�s�\�t�e�s�t�l�o�g�.�t�x�t�
�
�
==== End log output ====

CentOS Stream 8
	Kernel: 4.18.0-240.10.1.el8_3.x86_64
	Compiler: gcc 8.4.1 20200928

CentOS Stream 9
	Kernel: 4.18.0-240.10.1.el8_3.x86_64
	Compiler: gcc 11.3.1 20220421

Debian Bullseye
	Kernel: 5.4.0-122-generic
	Compiler: gcc 10.2.1-6

Fedora 37
	Kernel: Depends on container host system
	Compiler: gcc 12.3.1

openSUSE Leap 15
	Kernel: 4.18.0-240.10.1.el8_3.x86_64
	Compiler: gcc 7.5.0

Debian 12 (arm)
	Kernel: Container Host Kernel
	Compiler: gcc 11

Fedora 38
	Kernel: Depends on container host
	Compiler: gcc 13.1.1

RHEL8
	Kernel: 4.18.0-240.10.1.el8_3.x86_64
	Compiler: gcc 8.3.1 20191121 (Red Hat 8.3.1-5)

Ubuntu 22.04
	Kernel: 4.18.0-240.10.1.el8_3.x86_64
	Compiler: gcc 11.3.0

Ubuntu 20.04
	Kernel: 5.4.0-153-generic
	Compiler: gcc 9.4.0-1ubuntu1~20.04.1

Windows Server 2019
	Kernel: 10.0
	Compiler: clang 14.0 and gcc 8.1.0 (MinGW)

To view detailed results, visit:
https://lab.dpdk.org/results/dashboard/patchsets/29338/

UNH-IOL DPDK Community Lab

To manage your email subscriptions, visit: 
https://lab.dpdk.org/results/dashboard/preferences/subscriptions/