From mboxrd@z Thu Jan  1 00:00:00 1970
Return-Path: <test-report-bounces@dpdk.org>
Received: from mails.dpdk.org (mails.dpdk.org [217.70.189.124])
	by inbox.dpdk.org (Postfix) with ESMTP id 048B543B67
	for <public@inbox.dpdk.org>; Fri,  8 Mar 2024 14:54:34 +0100 (CET)
Received: from mails.dpdk.org (localhost [127.0.0.1])
	by mails.dpdk.org (Postfix) with ESMTP id DA2A140E2D;
	Fri,  8 Mar 2024 14:54:33 +0100 (CET)
Received: from mail-il1-f225.google.com (mail-il1-f225.google.com
 [209.85.166.225])
 by mails.dpdk.org (Postfix) with ESMTP id 7B9FB40291
 for <test-report@dpdk.org>; Fri,  8 Mar 2024 14:54:32 +0100 (CET)
Received: by mail-il1-f225.google.com with SMTP id
 e9e14a558f8ab-366302f9322so790655ab.1
 for <test-report@dpdk.org>; Fri, 08 Mar 2024 05:54:32 -0800 (PST)
DKIM-Signature: v=1; a=rsa-sha256; c=relaxed/relaxed;
 d=iol.unh.edu; s=unh-iol; t=1709906072; x=1710510872; darn=dpdk.org;
 h=references:in-reply-to:cc:to:from:subject:message-id:date:from:to
 :cc:subject:date:message-id:reply-to;
 bh=1BjWkoH+dPZErLdK9IH/3Ce/nqnGtAdDEuC0BteFEgs=;
 b=TLZQKKHjv0rd2oXozSisH5dWEyCgVkuAfnvPOci95uSpsVYZOnIX4FQd0qhHllH1CF
 AY5KKj9035gPtcCJ8HuCGWdVYI04mcIAr1VC1ea9eTaeiEWDhp9T/QH9CYhtW2yYHhVa
 /ld3S1pHbWI9t9nRzAYyICE+uWUdgk226LluM=
X-Google-DKIM-Signature: v=1; a=rsa-sha256; c=relaxed/relaxed;
 d=1e100.net; s=20230601; t=1709906072; x=1710510872;
 h=references:in-reply-to:cc:to:from:subject:message-id:date
 :x-gm-message-state:from:to:cc:subject:date:message-id:reply-to;
 bh=1BjWkoH+dPZErLdK9IH/3Ce/nqnGtAdDEuC0BteFEgs=;
 b=cZKrKkD2wttK7Aa7cmRHEABtfwHUvZkzvFabbLShSrnrR3gw5lIr39XATlPysgQQDa
 q8zWRmHLhzBqpNvbbR3oNEJYwLAZGpfJfG69HJMAhqUwOGu/Ka2s0PxAzc6Wxkh+KPxj
 UuSBJWYhIEYc4jyprQ8pa6S/+LXlas419qpsqFxk5Al+H5VWawxQ/geSSneo9G3WLxde
 59dVGVmzFuOOeLJs0YsuRZ+BjWfoIV4dfIplqAt9d2nsKYqLV6swVXajXT1JFgYJryam
 uiZXEa/PgLkC5ya+jvSd20Hu92lgeA76C9/54mjpRyTkCywqpPdvSCsKkojyIT5hFfO4
 6Wlw==
X-Gm-Message-State: AOJu0Yy7FTwyWppe/cCuTFNOskPtIGEPzU25Esb5EwrKRGDuJae2iT8Y
 eQ03lYBNxQcTOZ6pmP8MUnG4KBMfVWnOmKH5ESESM7j/O1gjl0sG2WMN5qRSW9SpmVcmYoV/feh
 AJokukw56q3P5jo/JYVudGsrN/za1+gJlxIhSQBeB
X-Google-Smtp-Source: AGHT+IER0UDbBYpJLyAz3ysezzL2lbyiHOuX0Q7omWd3s6I+2UEsPZrOJlDJ40kXFl2ZuJpIwF9Jzkazsrq1
X-Received: by 2002:a92:4a0a:0:b0:365:3a5:f6a4 with SMTP id
 m10-20020a924a0a000000b0036503a5f6a4mr165207ilf.16.1709906071925; 
 Fri, 08 Mar 2024 05:54:31 -0800 (PST)
Received: from postal.iol.unh.edu (postal.iol.unh.edu. [132.177.123.84])
 by smtp-relay.gmail.com with ESMTPS id
 b18-20020a92db12000000b00365ab0d225csm881504iln.69.2024.03.08.05.54.31
 (version=TLS1_2 cipher=ECDHE-ECDSA-AES128-GCM-SHA256 bits=128/128);
 Fri, 08 Mar 2024 05:54:31 -0800 (PST)
X-Relaying-Domain: iol.unh.edu
Date: Fri, 08 Mar 2024 05:54:31 -0800 (PST)
Message-ID: <65eb1897.920a0220.e34de.816fSMTPIN_ADDED_MISSING@mx.google.com>
Received: from [172.17.0.8] (unknown [172.18.0.217])
 by postal.iol.unh.edu (Postfix) with ESMTP id 4506B6052510;
 Fri,  8 Mar 2024 08:54:31 -0500 (EST)
Subject: |WARNING| pw137962-137982 [PATCH] [21/21] test/security: add out of 
From: dpdklab@iol.unh.edu
To: Test Report <test-report@dpdk.org>
Cc: dpdk-test-reports@iol.unh.edu, Aakash Sasidharan <asasidharan@marvell.com>
In-Reply-To: <20240305072213.283205-22-asasidharan@marvell.com>
References: <20240305072213.283205-22-asasidharan@marvell.com>
Content-Type: text/plain
X-BeenThere: test-report@dpdk.org
X-Mailman-Version: 2.1.29
Precedence: list
List-Id: automatic DPDK test reports <test-report.dpdk.org>
List-Unsubscribe: <https://mails.dpdk.org/options/test-report>,
 <mailto:test-report-request@dpdk.org?subject=unsubscribe>
List-Archive: <http://mails.dpdk.org/archives/test-report/>
List-Post: <mailto:test-report@dpdk.org>
List-Help: <mailto:test-report-request@dpdk.org?subject=help>
List-Subscribe: <https://mails.dpdk.org/listinfo/test-report>,
 <mailto:test-report-request@dpdk.org?subject=subscribe>
Errors-To: test-report-bounces@dpdk.org

Test-Label: iol-unit-arm64-testing
Test-Status: WARNING
http://dpdk.org/patch/137982

_Testing issues_

Submitter: Aakash Sasidharan <asasidharan@marvell.com>
Date: Tuesday, March 05 2024 07:22:13 
DPDK git baseline: Repo:dpdk
  Branch: master
  CommitID:be793709e7b044cd4f806d6103bf3c046311a3c7

137962-137982 --> testing fail

Test environment and result as below:

+--------------------------+----------------+---------------------------+------------------------------+--------------+
|       Environment        | dpdk_unit_test | cryptodev_sw_zuc_autotest | cryptodev_sw_snow3g_autotest | lpm_autotest |
+==========================+================+===========================+==============================+==============+
| Fedora 37 (ARM)          | PASS           | SKIPPED                   | SKIPPED                      | SKIPPED      |
+--------------------------+----------------+---------------------------+------------------------------+--------------+
| CentOS Stream 9 (ARM)    | PASS           | SKIPPED                   | SKIPPED                      | SKIPPED      |
+--------------------------+----------------+---------------------------+------------------------------+--------------+
| Debian 12 (arm)          | PASS           | FAIL                      | FAIL                         | SKIPPED      |
+--------------------------+----------------+---------------------------+------------------------------+--------------+
| Debian 11 (Buster) (ARM) | PASS           | SKIPPED                   | SKIPPED                      | SKIPPED      |
+--------------------------+----------------+---------------------------+------------------------------+--------------+
| Fedora 38 (ARM)          | PASS           | SKIPPED                   | SKIPPED                      | SKIPPED      |
+--------------------------+----------------+---------------------------+------------------------------+--------------+
| Ubuntu 20.04 (ARM)       | PASS           | SKIPPED                   | SKIPPED                      | SKIPPED      |
+--------------------------+----------------+---------------------------+------------------------------+--------------+
| Fedora 38 (ARM Clang)    | PASS           | SKIPPED                   | SKIPPED                      | SKIPPED      |
+--------------------------+----------------+---------------------------+------------------------------+--------------+
| Ubuntu 20.04 ARM SVE     | SKIPPED        | SKIPPED                   | SKIPPED                      | PASS         |
+--------------------------+----------------+---------------------------+------------------------------+--------------+

==== 20 line log output for Debian 12 (arm) (cryptodev_sw_snow3g_autotest): ====
[3151/3155] Compiling C object app/dpdk-test.p/test_test_vdev.c.o
[3152/3155] Compiling C object app/dpdk-test.p/test_test_version.c.o
[3153/3155] Compiling C object app/dpdk-test.p/test_test_security_inline_proto.c.o
[3154/3155] Compiling C object app/dpdk-test.p/test_test_cryptodev.c.o
[3155/3155] Linking target app/dpdk-test
ninja: no work to do.
ninja: Entering directory `/home-local/jenkins-local/jenkins-agent/workspace/Generic-Unit-Test-DPDK/dpdk/build'
ninja: no work to do.
1/1 DPDK:driver-tests / cryptodev_sw_snow3g_autotest FAIL             0.46s   (exit status 255 or signal 127 SIGinvalid)
>>> MALLOC_PERTURB_=176 DPDK_TEST=cryptodev_sw_snow3g_autotest /home-local/jenkins-local/jenkins-agent/workspace/Generic-Unit-Test-DPDK/dpdk/build/app/dpdk-test --no-huge --no-pci --vdev=crypto_snow3g


Ok:                 0
Expected Fail:      0
Fail:               1
Unexpected Pass:    0
Skipped:            0
Timeout:            0

Full log written to /home-local/jenkins-local/jenkins-agent/workspace/Generic-Unit-Test-DPDK/dpdk/build/meson-logs/testlog.txt
==== End log output ====

Fedora 37 (ARM)
	Kernel: Depends on container host
	Compiler: gcc 12.3.1

CentOS Stream 9 (ARM)
	Kernel: Container Host Kernel
	Compiler: gcc 11.3.1

Debian 12 (arm)
	Kernel: Container Host Kernel
	Compiler: gcc 11

Debian 11 (Buster) (ARM)
	Kernel: Container Host Kernel
	Compiler: gcc 10.2.1

Fedora 38 (ARM)
	Kernel: Depends on container host
	Compiler: gcc 13.1.1

Ubuntu 20.04 (ARM)
	Kernel: Container Host Kernel
	Compiler: gcc 9.4.0

Fedora 38 (ARM Clang)
	Kernel: Depends on container host
	Compiler: clang 16.0.3

Ubuntu 20.04 ARM SVE
	Kernel: 5.4.0-80-generic
	Compiler: gcc 10.3.0 (Ubuntu 10.3.0-1ubuntu1~20.04)

To view detailed results, visit:
https://lab.dpdk.org/results/dashboard/patchsets/29410/

UNH-IOL DPDK Community Lab

To manage your email subscriptions, visit: 
https://lab.dpdk.org/results/dashboard/preferences/subscriptions/