From mboxrd@z Thu Jan  1 00:00:00 1970
Return-Path: <test-report-bounces@dpdk.org>
Received: from mails.dpdk.org (mails.dpdk.org [217.70.189.124])
	by inbox.dpdk.org (Postfix) with ESMTP id DBD9043C4B
	for <public@inbox.dpdk.org>; Fri,  8 Mar 2024 23:10:27 +0100 (CET)
Received: from mails.dpdk.org (localhost [127.0.0.1])
	by mails.dpdk.org (Postfix) with ESMTP id D5948402E7;
	Fri,  8 Mar 2024 23:10:27 +0100 (CET)
Received: from mail-io1-f97.google.com (mail-io1-f97.google.com
 [209.85.166.97]) by mails.dpdk.org (Postfix) with ESMTP id 211EB402BB
 for <test-report@dpdk.org>; Fri,  8 Mar 2024 23:10:26 +0100 (CET)
Received: by mail-io1-f97.google.com with SMTP id
 ca18e2360f4ac-7c8395e24fbso110882839f.3
 for <test-report@dpdk.org>; Fri, 08 Mar 2024 14:10:26 -0800 (PST)
DKIM-Signature: v=1; a=rsa-sha256; c=relaxed/relaxed;
 d=iol.unh.edu; s=unh-iol; t=1709935825; x=1710540625; darn=dpdk.org;
 h=references:in-reply-to:cc:to:from:subject:message-id:date:from:to
 :cc:subject:date:message-id:reply-to;
 bh=EQ/c67p+YbMzocF7OxY72+c4vhilg6sXJmssbb++PCs=;
 b=Me3twW/0J5hep+vcsJGnP2ZXmpuaHl9zU65AUiWR0aBmxMJ6ntkN9zeAgIiMHx/maD
 eddcs0eMGOoHd5PAgB6HCHTMPNeqC48P6w6g0qZg7UNeBzKoEGOwJTi2prj39gzrTIjs
 9Bo0zbDydSe7tSzJ23H6dPxLD0M5hxAGNDC2E=
X-Google-DKIM-Signature: v=1; a=rsa-sha256; c=relaxed/relaxed;
 d=1e100.net; s=20230601; t=1709935825; x=1710540625;
 h=references:in-reply-to:cc:to:from:subject:message-id:date
 :x-gm-message-state:from:to:cc:subject:date:message-id:reply-to;
 bh=EQ/c67p+YbMzocF7OxY72+c4vhilg6sXJmssbb++PCs=;
 b=OHeh7WGisBzG2cKtt0Pa2TEXUFogR81a+1slhLPPB3aW4Vj6Tb6PROUJscZ9bP6o/D
 L46ZpZZjWaQsTHFNpUrowPrKwEvd2xl6CB62O4ZOjCSKjNBgb0vBd/2m8HhzoagCn94X
 SVDnY0aHLOqDHnSKYIHU2xqw69jyBfbPHKkgRDQCTbROx7oZV4T+oBtoR/txofRx/qVR
 2lbOwn8dY9lxsMsNiibTjWqPhKYtFy23UDLDD69X4OeAErMoLvOyPJ8o+M+AnrYoKdoo
 DtDFHCSd6jh53hYTlHprHtio8t3jwr8MdF0eLfcilhTco1s1KYtX16uKWukRSnWLld8H
 YBaA==
X-Gm-Message-State: AOJu0Yx1CqaVcYJTFKwphcK9g8Co6InnER9sadp4uqQrOLxEwhIZM/fm
 TxSesCq30XOP4iR5AIQ3H+wErZeAi50SqpocsDAo6i7QqyKpvYqw8jteWUiKuGn1Wfrnhi6MjAk
 Iw0Z9Mss5i+AtfMD2in+A2bG5lPWP4NhGTrrgRHOP
X-Google-Smtp-Source: AGHT+IF61b5lEqO2v+ozoFwNPoiC9VKB/H//1joJVFUmaPGwpfcL/+h00mwWyaYHVx4Vb+eMbxgfHxcbnjAB
X-Received: by 2002:a5e:c645:0:b0:7c8:8ee2:17f5 with SMTP id
 s5-20020a5ec645000000b007c88ee217f5mr270566ioo.1.1709935825507; 
 Fri, 08 Mar 2024 14:10:25 -0800 (PST)
Received: from postal.iol.unh.edu (postal.iol.unh.edu. [132.177.123.84])
 by smtp-relay.gmail.com with ESMTPS id
 hm21-20020a0566020f5500b007c84a7e4929sm12744iob.17.2024.03.08.14.10.25
 (version=TLS1_2 cipher=ECDHE-ECDSA-AES128-GCM-SHA256 bits=128/128);
 Fri, 08 Mar 2024 14:10:25 -0800 (PST)
X-Relaying-Domain: iol.unh.edu
Date: Fri, 08 Mar 2024 14:10:25 -0800 (PST)
Message-ID: <65eb8cd1.050a0220.5656a.0ad8SMTPIN_ADDED_MISSING@mx.google.com>
Received: from [172.21.0.7] (unknown [172.18.0.240])
 by postal.iol.unh.edu (Postfix) with ESMTP id 0FE3A6052712;
 Fri,  8 Mar 2024 17:10:25 -0500 (EST)
Subject: |WARNING| pw138136 [PATCH] [RFC,v2] eal: increase passed max multi-p
From: dpdklab@iol.unh.edu
To: Test Report <test-report@dpdk.org>
Cc: dpdk-test-reports@iol.unh.edu,
 Stephen Hemminger <stephen@networkplumber.org>
In-Reply-To: <20240308203737.208999-1-stephen@networkplumber.org>
References: <20240308203737.208999-1-stephen@networkplumber.org>
Content-Type: text/plain
X-BeenThere: test-report@dpdk.org
X-Mailman-Version: 2.1.29
Precedence: list
List-Id: automatic DPDK test reports <test-report.dpdk.org>
List-Unsubscribe: <https://mails.dpdk.org/options/test-report>,
 <mailto:test-report-request@dpdk.org?subject=unsubscribe>
List-Archive: <http://mails.dpdk.org/archives/test-report/>
List-Post: <mailto:test-report@dpdk.org>
List-Help: <mailto:test-report-request@dpdk.org?subject=help>
List-Subscribe: <https://mails.dpdk.org/listinfo/test-report>,
 <mailto:test-report-request@dpdk.org?subject=subscribe>
Errors-To: test-report-bounces@dpdk.org

Test-Label: iol-abi-testing
Test-Status: WARNING
http://dpdk.org/patch/138136

_Testing issues_

Submitter: Stephen Hemminger <stephen@networkplumber.org>
Date: Friday, March 08 2024 20:36:39 
DPDK git baseline: Repo:dpdk
  Branch: master
  CommitID:a86f381b826660e88794754c41d3aec79ce9b87c

138136 --> testing fail

Test environment and result as below:

+------------------+----------+
|   Environment    | abi_test |
+==================+==========+
| Fedora 38        | FAIL     |
+------------------+----------+
| openSUSE Leap 15 | FAIL     |
+------------------+----------+
| CentOS Stream 8  | FAIL     |
+------------------+----------+
| CentOS Stream 9  | FAIL     |
+------------------+----------+
| Debian Bullseye  | FAIL     |
+------------------+----------+
| Ubuntu 22.04     | FAIL     |
+------------------+----------+
| Fedora 37        | FAIL     |
+------------------+----------+
| Debian 12 (arm)  | FAIL     |
+------------------+----------+
| RHEL8            | FAIL     |
+------------------+----------+

==== 20 line log output for RHEL8 (abi_test): ====
Variables changes summary: 0 Removed, 0 Changed, 0 Added variable

Functions changes summary: 0 Removed, 0 Changed (1 filtered out), 0 Added function
Variables changes summary: 0 Removed, 0 Changed, 0 Added variable

Functions changes summary: 0 Removed, 0 Changed (3 filtered out), 0 Added functions
Variables changes summary: 0 Removed, 0 Changed, 0 Added variable

Functions changes summary: 0 Removed, 0 Changed, 0 Added function
Variables changes summary: 0 Removed, 0 Changed, 0 Added (1 filtered out) variable

Functions changes summary: 0 Removed, 0 Changed (2 filtered out), 0 Added functions
Variables changes summary: 0 Removed, 0 Changed, 0 Added variable

Functions changes summary: 0 Removed, 0 Changed (13 filtered out), 0 Added (1 filtered out) functions
Variables changes summary: 0 Removed, 0 Changed, 0 Added variable

Functions changes summary: 0 Removed, 0 Changed, 0 Added (2 filtered out) functions
Variables changes summary: 0 Removed, 0 Changed, 0 Added variable

==== End log output ====

Fedora 38
	Kernel: Depends on container host
	Compiler: clang 16.0.3

openSUSE Leap 15
	Kernel: 4.18.0-240.10.1.el8_3.x86_64
	Compiler: gcc 7.5.0

CentOS Stream 8
	Kernel: 4.18.0-240.10.1.el8_3.x86_64
	Compiler: gcc 8.4.1 20200928

CentOS Stream 9
	Kernel: 4.18.0-240.10.1.el8_3.x86_64
	Compiler: gcc 11.3.1 20220421

Debian Bullseye
	Kernel: 5.4.0-122-generic
	Compiler: gcc 10.2.1-6

Ubuntu 22.04
	Kernel: 4.18.0-240.10.1.el8_3.x86_64
	Compiler: gcc 11.3.0

Fedora 37
	Kernel: Depends on container host system
	Compiler: gcc 12.3.1

Debian 12 (arm)
	Kernel: Container Host Kernel
	Compiler: gcc 11

RHEL8
	Kernel: 4.18.0-240.10.1.el8_3.x86_64
	Compiler: gcc 8.3.1 20191121 (Red Hat 8.3.1-5)

To view detailed results, visit:
https://lab.dpdk.org/results/dashboard/patchsets/29486/

UNH-IOL DPDK Community Lab

To manage your email subscriptions, visit: 
https://lab.dpdk.org/results/dashboard/preferences/subscriptions/