From mboxrd@z Thu Jan  1 00:00:00 1970
Return-Path: <test-report-bounces@dpdk.org>
Received: from mails.dpdk.org (mails.dpdk.org [217.70.189.124])
	by inbox.dpdk.org (Postfix) with ESMTP id 1E1D443C7C
	for <public@inbox.dpdk.org>; Sun, 10 Mar 2024 19:33:18 +0100 (CET)
Received: from mails.dpdk.org (localhost [127.0.0.1])
	by mails.dpdk.org (Postfix) with ESMTP id 159BB4027A;
	Sun, 10 Mar 2024 19:33:18 +0100 (CET)
Received: from mail-il1-f228.google.com (mail-il1-f228.google.com
 [209.85.166.228])
 by mails.dpdk.org (Postfix) with ESMTP id 6A1F140266
 for <test-report@dpdk.org>; Sun, 10 Mar 2024 19:33:16 +0100 (CET)
Received: by mail-il1-f228.google.com with SMTP id
 e9e14a558f8ab-366407b9f5fso2303615ab.0
 for <test-report@dpdk.org>; Sun, 10 Mar 2024 11:33:16 -0700 (PDT)
DKIM-Signature: v=1; a=rsa-sha256; c=relaxed/relaxed;
 d=iol.unh.edu; s=unh-iol; t=1710095596; x=1710700396; darn=dpdk.org;
 h=references:in-reply-to:cc:to:from:subject:message-id:date:from:to
 :cc:subject:date:message-id:reply-to;
 bh=Jfylw9Btni+/jWW1K57ruFO8+kDO6Zv7eRG7sg7P19Q=;
 b=bTJjpHOyFmWZRxCe5zcdbVQMAy/XpHEAECe1GOksUGD/C+HvO1BHd7H1+FHxf60axX
 WGODnzi+rMD9MAoRE53GBp0mIdcH6JC3eZvui2ClVOKv0A8Tn4TakX1tx8vaLbUZ9Vkr
 lOf/vi5qbqq/8O0+hHo+nWn9iWYh0P5Wil1lc=
X-Google-DKIM-Signature: v=1; a=rsa-sha256; c=relaxed/relaxed;
 d=1e100.net; s=20230601; t=1710095596; x=1710700396;
 h=references:in-reply-to:cc:to:from:subject:message-id:date
 :x-gm-message-state:from:to:cc:subject:date:message-id:reply-to;
 bh=Jfylw9Btni+/jWW1K57ruFO8+kDO6Zv7eRG7sg7P19Q=;
 b=HgjbiMS9ZrxNT2PjXd2EiE4sURjI9Uh/RbW2FuLaOldOFw11WMXYdrOHBYs0Ac0al2
 Bz6Qv5wLthQM4G1b5UXEr7AMeYHtngDKpcK+6yttjuer47qjkJ6Np6JsmKtNxKeChTR/
 xI5esNY/x3OrpfXk9m17zBTNhkHpLqgI8jr2xbJmjaN7FFbxrqfWb1lpyopgNPbuEO1v
 8moBjDd6pTpkFRLWzb2YzJJ4PPwaTgnxtQvNpiHEUoxjnjta8XSa9UffFnC+WSlbttbt
 zE3ZKM7kB8ktjI0fIrSgT54QcX3mFtKazaIIMyFCIe6hU95MDRCUM5OCKh4wLoWAYh9I
 pndA==
X-Gm-Message-State: AOJu0Yxmljj3/c+Z7yuN6dCCekGR5TwMCmdiYJoEvKxPpwoxrVisDiiX
 uMSkAQCHgIMvrIt7WyDBYJjSYDWvyHlmP8ObEyxflvUK0urfFfcAAQ7NKbZSd3XuZZsKNZlReJt
 pR4io1PND3SgQGTKrm2Kku0BOhVy120HAQ7Gh+iHzxj1U4foAdZMQMeM9
X-Google-Smtp-Source: AGHT+IHcrWiaXZgZOrno0PMnWmXKHM/J+XC/5vug/+Mz8k5vZXo3EyN2g9BILEBteeOtSBJJduNipZLfWBc2
X-Received: by 2002:a05:6e02:1808:b0:365:4e45:7869 with SMTP id
 a8-20020a056e02180800b003654e457869mr4244137ilv.12.1710095595795; 
 Sun, 10 Mar 2024 11:33:15 -0700 (PDT)
Received: from postal.iol.unh.edu (postal.iol.unh.edu.
 [2606:4100:3880:1234::84]) by smtp-relay.gmail.com with ESMTPS id
 x6-20020a920606000000b00363d09a1729sm199074ilg.30.2024.03.10.11.33.15
 (version=TLS1_2 cipher=ECDHE-ECDSA-AES128-GCM-SHA256 bits=128/128);
 Sun, 10 Mar 2024 11:33:15 -0700 (PDT)
X-Relaying-Domain: iol.unh.edu
Date: Sun, 10 Mar 2024 11:33:15 -0700 (PDT)
Message-ID: <65edfceb.920a0220.c20fa.e540SMTPIN_ADDED_MISSING@mx.google.com>
Received: from [172.17.0.6] (unknown [172.18.0.217])
 by postal.iol.unh.edu (Postfix) with ESMTP id 53F50605250F;
 Sun, 10 Mar 2024 14:33:15 -0400 (EDT)
Subject: |FAILURE| pw138142 [PATCH] [RFC] eal: reduce size of internal config
From: dpdklab@iol.unh.edu
To: Test Report <test-report@dpdk.org>
Cc: dpdk-test-reports@iol.unh.edu,
 Stephen Hemminger <stephen@networkplumber.org>
In-Reply-To: <20240310172124.212792-1-stephen@networkplumber.org>
References: <20240310172124.212792-1-stephen@networkplumber.org>
Content-Type: text/plain
X-BeenThere: test-report@dpdk.org
X-Mailman-Version: 2.1.29
Precedence: list
List-Id: automatic DPDK test reports <test-report.dpdk.org>
List-Unsubscribe: <https://mails.dpdk.org/options/test-report>,
 <mailto:test-report-request@dpdk.org?subject=unsubscribe>
List-Archive: <http://mails.dpdk.org/archives/test-report/>
List-Post: <mailto:test-report@dpdk.org>
List-Help: <mailto:test-report-request@dpdk.org?subject=help>
List-Subscribe: <https://mails.dpdk.org/listinfo/test-report>,
 <mailto:test-report-request@dpdk.org?subject=subscribe>
Errors-To: test-report-bounces@dpdk.org

Test-Label: iol-unit-amd64-testing
Test-Status: FAILURE
http://dpdk.org/patch/138142

_Testing issues_

Submitter: Stephen Hemminger <stephen@networkplumber.org>
Date: Sunday, March 10 2024 17:21:24 
DPDK git baseline: Repo:dpdk
  Branch: master
  CommitID:a86f381b826660e88794754c41d3aec79ce9b87c

138142 --> testing fail

Test environment and result as below:

+---------------------+----------------+
|     Environment     | dpdk_unit_test |
+=====================+================+
| CentOS Stream 9     | FAIL           |
+---------------------+----------------+
| Windows Server 2019 | PASS           |
+---------------------+----------------+
| CentOS Stream 8     | FAIL           |
+---------------------+----------------+
| Debian Bullseye     | FAIL           |
+---------------------+----------------+
| Debian 12 (arm)     | FAIL           |
+---------------------+----------------+
| Fedora 37           | FAIL           |
+---------------------+----------------+
| Fedora 38           | FAIL           |
+---------------------+----------------+
| RHEL8               | FAIL           |
+---------------------+----------------+
| openSUSE Leap 15    | FAIL           |
+---------------------+----------------+
| Ubuntu 22.04        | FAIL           |
+---------------------+----------------+
| Ubuntu 20.04        | FAIL           |
+---------------------+----------------+

==== 20 line log output for Ubuntu 20.04 (dpdk_unit_test): ====
'./librte_vdpa_ifc.so.24' -> 'dpdk/pmds-24.1/librte_vdpa_ifc.so.24'
'./librte_vdpa_ifc.so.24.1' -> 'dpdk/pmds-24.1/librte_vdpa_ifc.so.24.1'
'./librte_vdpa_mlx5.so' -> 'dpdk/pmds-24.1/librte_vdpa_mlx5.so'
'./librte_vdpa_mlx5.so.24' -> 'dpdk/pmds-24.1/librte_vdpa_mlx5.so.24'
'./librte_vdpa_mlx5.so.24.1' -> 'dpdk/pmds-24.1/librte_vdpa_mlx5.so.24.1'
'./librte_vdpa_nfp.so' -> 'dpdk/pmds-24.1/librte_vdpa_nfp.so'
'./librte_vdpa_nfp.so.24' -> 'dpdk/pmds-24.1/librte_vdpa_nfp.so.24'
'./librte_vdpa_nfp.so.24.1' -> 'dpdk/pmds-24.1/librte_vdpa_nfp.so.24.1'
'./librte_vdpa_sfc.so' -> 'dpdk/pmds-24.1/librte_vdpa_sfc.so'
'./librte_vdpa_sfc.so.24' -> 'dpdk/pmds-24.1/librte_vdpa_sfc.so.24'
'./librte_vdpa_sfc.so.24.1' -> 'dpdk/pmds-24.1/librte_vdpa_sfc.so.24.1'
Installing /home-local/jenkins-local/jenkins-agent/workspace/Generic-Unit-Test-DPDK/dpdk/usertools/dpdk-devbind.py to /usr/local/bin
Installing /home-local/jenkins-local/jenkins-agent/workspace/Generic-Unit-Test-DPDK/dpdk/usertools/dpdk-pmdinfo.py to /usr/local/bin
Installing /home-local/jenkins-local/jenkins-agent/workspace/Generic-Unit-Test-DPDK/dpdk/usertools/dpdk-telemetry.py to /usr/local/bin
Installing /home-local/jenkins-local/jenkins-agent/workspace/Generic-Unit-Test-DPDK/dpdk/usertools/dpdk-hugepages.py to /usr/local/bin
Installing /home-local/jenkins-local/jenkins-agent/workspace/Generic-Unit-Test-DPDK/dpdk/usertools/dpdk-rss-flows.py to /usr/local/bin
Installing /home-local/jenkins-local/jenkins-agent/workspace/Generic-Unit-Test-DPDK/dpdk/build/rte_build_config.h to /usr/local/include
Installing /home-local/jenkins-local/jenkins-agent/workspace/Generic-Unit-Test-DPDK/dpdk/build/meson-private/libdpdk-libs.pc to /usr/local/lib/x86_64-linux-gnu/pkgconfig
Installing /home-local/jenkins-local/jenkins-agent/workspace/Generic-Unit-Test-DPDK/dpdk/build/meson-private/libdpdk.pc to /usr/local/lib/x86_64-linux-gnu/pkgconfig
Running custom install script '/bin/sh /home-local/jenkins-local/jenkins-agent/workspace/Generic-Unit-Test-DPDK/dpdk/config/../buildtools/symlink-drivers-solibs.sh lib/x86_64-linux-gnu dpdk/pmds-24.1'
==== End log output ====

CentOS Stream 9
	Kernel: 4.18.0-240.10.1.el8_3.x86_64
	Compiler: gcc 11.3.1 20220421

Windows Server 2019
	Kernel: 10.0
	Compiler: clang 14.0 and gcc 8.1.0 (MinGW)

CentOS Stream 8
	Kernel: 4.18.0-240.10.1.el8_3.x86_64
	Compiler: gcc 8.4.1 20200928

Debian Bullseye
	Kernel: 5.4.0-122-generic
	Compiler: gcc 10.2.1-6

Debian 12 (arm)
	Kernel: Container Host Kernel
	Compiler: gcc 11

Fedora 37
	Kernel: Depends on container host system
	Compiler: gcc 12.3.1

Fedora 38
	Kernel: Depends on container host
	Compiler: gcc 13.1.1

RHEL8
	Kernel: 4.18.0-240.10.1.el8_3.x86_64
	Compiler: gcc 8.3.1 20191121 (Red Hat 8.3.1-5)

openSUSE Leap 15
	Kernel: 4.18.0-240.10.1.el8_3.x86_64
	Compiler: gcc 7.5.0

Ubuntu 22.04
	Kernel: 4.18.0-240.10.1.el8_3.x86_64
	Compiler: gcc 11.3.0

Ubuntu 20.04
	Kernel: 5.4.0-153-generic
	Compiler: gcc 9.4.0-1ubuntu1~20.04.1

To view detailed results, visit:
https://lab.dpdk.org/results/dashboard/patchsets/29490/

UNH-IOL DPDK Community Lab

To manage your email subscriptions, visit: 
https://lab.dpdk.org/results/dashboard/preferences/subscriptions/