From mboxrd@z Thu Jan  1 00:00:00 1970
Return-Path: <test-report-bounces@dpdk.org>
Received: from mails.dpdk.org (mails.dpdk.org [217.70.189.124])
	by inbox.dpdk.org (Postfix) with ESMTP id ED6EB43C7C
	for <public@inbox.dpdk.org>; Sun, 10 Mar 2024 19:38:06 +0100 (CET)
Received: from mails.dpdk.org (localhost [127.0.0.1])
	by mails.dpdk.org (Postfix) with ESMTP id E86294027A;
	Sun, 10 Mar 2024 19:38:06 +0100 (CET)
Received: from mail-il1-f227.google.com (mail-il1-f227.google.com
 [209.85.166.227])
 by mails.dpdk.org (Postfix) with ESMTP id EF09340266
 for <test-report@dpdk.org>; Sun, 10 Mar 2024 19:38:05 +0100 (CET)
Received: by mail-il1-f227.google.com with SMTP id
 e9e14a558f8ab-364f794f237so17632105ab.1
 for <test-report@dpdk.org>; Sun, 10 Mar 2024 11:38:05 -0700 (PDT)
DKIM-Signature: v=1; a=rsa-sha256; c=relaxed/relaxed;
 d=iol.unh.edu; s=unh-iol; t=1710095885; x=1710700685; darn=dpdk.org;
 h=references:in-reply-to:cc:to:from:subject:message-id:date:from:to
 :cc:subject:date:message-id:reply-to;
 bh=80XpM0J4GUzF9mCDzBZHrOHb9ohaUk1flIRamVx/Ii4=;
 b=I+BxXZMvzS0+qaMmbteWshLmwuEOLFgQp5emOV1sqhiwtTqbxUfv4aCYNwBX4N/N1i
 3H+RvmRcLcfEHlVO7yiGk5w7FIKO7SOQ4dCNYatSR5VRI2+uOJKUqIX6u6axnqZhY58U
 qSX6rsDPcDtVDGAztYR3p7uowTvCXqxEDgrtQ=
X-Google-DKIM-Signature: v=1; a=rsa-sha256; c=relaxed/relaxed;
 d=1e100.net; s=20230601; t=1710095885; x=1710700685;
 h=references:in-reply-to:cc:to:from:subject:message-id:date
 :x-gm-message-state:from:to:cc:subject:date:message-id:reply-to;
 bh=80XpM0J4GUzF9mCDzBZHrOHb9ohaUk1flIRamVx/Ii4=;
 b=A5NTmjqkZdNh25fT9RoR4lq0RSuOZ35M6LYzwSUjq48451cQ9buGuQmpC6HVBQe+B4
 ynpB7pv9j3N/49+vvSURTKVylsrbAjNhSxZP+NmlUH6T/G1Pkvmf1g4GkuC+buXwUA3S
 keHvgW4NAfhRIc+OhWLYDlTKM83Kssm7KTkjjOQl0b1z2+Cf4GEwf2zPp6xML1hH0myd
 JuHfhE2Scx3q0yvvtMIoCGdJVgip+juGksV4JcI/gLW01yC849si9oz+lH5K32pfgp8X
 L7Lz02GqsFzWO5ge/umZ1zhphkzzjSUhSX38O3nhzJfiRXDixdcCpi+3xAMLVtS87AHO
 CKuw==
X-Gm-Message-State: AOJu0Yx3NeMVBI2/YBAy2i88+l9v2NelHX5bu5yCdP2e8UlR4BzT/Vmj
 xKw/JGnZNys0m04lFzCBGwFsR5kJz4+goqAJmYEE+mz6pxlmwzYOY5sQIFWHan+hlyApqkWMOtA
 ZFdseyT3DhlMHP7aqciMNP/H0etHM9KRIPyFIdun2cBR5wwAZ4kkZllZN
X-Google-Smtp-Source: AGHT+IGkDkf7cGH1dQ2K3P9xy+kUMaguJEr7zBhyRDz9hxk6Xpczf2kT4MI6REXvqkyAkShKss5IRzE4fB+C
X-Received: by 2002:a05:6e02:b47:b0:366:1e9d:7df6 with SMTP id
 f7-20020a056e020b4700b003661e9d7df6mr6666848ilu.2.1710095885336; 
 Sun, 10 Mar 2024 11:38:05 -0700 (PDT)
Received: from postal.iol.unh.edu (postal.iol.unh.edu.
 [2606:4100:3880:1234::84]) by smtp-relay.gmail.com with ESMTPS id
 cv8-20020a056e023b8800b0036654311b30sm3521ilb.49.2024.03.10.11.38.05
 (version=TLS1_2 cipher=ECDHE-ECDSA-AES128-GCM-SHA256 bits=128/128);
 Sun, 10 Mar 2024 11:38:05 -0700 (PDT)
X-Relaying-Domain: iol.unh.edu
Date: Sun, 10 Mar 2024 11:38:05 -0700 (PDT)
Message-ID: <65edfe0d.050a0220.b9473.0263SMTPIN_ADDED_MISSING@mx.google.com>
Received: from [172.17.0.6] (unknown [172.18.0.217])
 by postal.iol.unh.edu (Postfix) with ESMTP id F38FF605250F;
 Sun, 10 Mar 2024 14:38:04 -0400 (EDT)
Subject: |FAILURE| pw138142 [PATCH] [RFC] eal: reduce size of internal config
From: dpdklab@iol.unh.edu
To: Test Report <test-report@dpdk.org>
Cc: dpdk-test-reports@iol.unh.edu,
 Stephen Hemminger <stephen@networkplumber.org>
In-Reply-To: <20240310172124.212792-1-stephen@networkplumber.org>
References: <20240310172124.212792-1-stephen@networkplumber.org>
Content-Type: text/plain
X-BeenThere: test-report@dpdk.org
X-Mailman-Version: 2.1.29
Precedence: list
List-Id: automatic DPDK test reports <test-report.dpdk.org>
List-Unsubscribe: <https://mails.dpdk.org/options/test-report>,
 <mailto:test-report-request@dpdk.org?subject=unsubscribe>
List-Archive: <http://mails.dpdk.org/archives/test-report/>
List-Post: <mailto:test-report@dpdk.org>
List-Help: <mailto:test-report-request@dpdk.org?subject=help>
List-Subscribe: <https://mails.dpdk.org/listinfo/test-report>,
 <mailto:test-report-request@dpdk.org?subject=subscribe>
Errors-To: test-report-bounces@dpdk.org

Test-Label: iol-unit-arm64-testing
Test-Status: FAILURE
http://dpdk.org/patch/138142

_Testing issues_

Submitter: Stephen Hemminger <stephen@networkplumber.org>
Date: Sunday, March 10 2024 17:21:24 
DPDK git baseline: Repo:dpdk
  Branch: master
  CommitID:a86f381b826660e88794754c41d3aec79ce9b87c

138142 --> testing fail

Test environment and result as below:

+-----------------------+------------------------------+--------------+----------------+---------------------------+
|      Environment      | cryptodev_sw_snow3g_autotest | lpm_autotest | dpdk_unit_test | cryptodev_sw_zuc_autotest |
+=======================+==============================+==============+================+===========================+
| Debian 12 (arm)       | PASS                         | SKIPPED      | SKIPPED        | PASS                      |
+-----------------------+------------------------------+--------------+----------------+---------------------------+
| Ubuntu 20.04 ARM SVE  | SKIPPED                      | PASS         | SKIPPED        | SKIPPED                   |
+-----------------------+------------------------------+--------------+----------------+---------------------------+
| CentOS Stream 9 (ARM) | SKIPPED                      | SKIPPED      | FAIL           | SKIPPED                   |
+-----------------------+------------------------------+--------------+----------------+---------------------------+

==== 20 line log output for CentOS Stream 9 (ARM) (dpdk_unit_test): ====
Installing /home-local/jenkins-local/jenkins-agent/workspace/Generic-Unit-Test-DPDK/dpdk/drivers/raw/cnxk_bphy/rte_pmd_bphy.h to /usr/local/include
Installing /home-local/jenkins-local/jenkins-agent/workspace/Generic-Unit-Test-DPDK/dpdk/drivers/raw/cnxk_gpio/rte_pmd_cnxk_gpio.h to /usr/local/include
Installing /home-local/jenkins-local/jenkins-agent/workspace/Generic-Unit-Test-DPDK/dpdk/drivers/raw/dpaa2_cmdif/rte_pmd_dpaa2_cmdif.h to /usr/local/include
Installing /home-local/jenkins-local/jenkins-agent/workspace/Generic-Unit-Test-DPDK/dpdk/drivers/raw/ntb/rte_pmd_ntb.h to /usr/local/include
Installing /home-local/jenkins-local/jenkins-agent/workspace/Generic-Unit-Test-DPDK/dpdk/drivers/crypto/cnxk/rte_pmd_cnxk_crypto.h to /usr/local/include
Installing /home-local/jenkins-local/jenkins-agent/workspace/Generic-Unit-Test-DPDK/dpdk/drivers/crypto/scheduler/rte_cryptodev_scheduler.h to /usr/local/include
Installing /home-local/jenkins-local/jenkins-agent/workspace/Generic-Unit-Test-DPDK/dpdk/drivers/crypto/scheduler/rte_cryptodev_scheduler_operations.h to /usr/local/include
Installing /home-local/jenkins-local/jenkins-agent/workspace/Generic-Unit-Test-DPDK/dpdk/drivers/event/cnxk/rte_pmd_cnxk_eventdev.h to /usr/local/include
Installing /home-local/jenkins-local/jenkins-agent/workspace/Generic-Unit-Test-DPDK/dpdk/drivers/baseband/acc/rte_acc_cfg.h to /usr/local/include
Installing /home-local/jenkins-local/jenkins-agent/workspace/Generic-Unit-Test-DPDK/dpdk/drivers/baseband/fpga_5gnr_fec/rte_pmd_fpga_5gnr_fec.h to /usr/local/include
Installing /home-local/jenkins-local/jenkins-agent/workspace/Generic-Unit-Test-DPDK/dpdk/buildtools/dpdk-cmdline-gen.py to /usr/local/bin
Installing /home-local/jenkins-local/jenkins-agent/workspace/Generic-Unit-Test-DPDK/dpdk/usertools/dpdk-devbind.py to /usr/local/bin
Installing /home-local/jenkins-local/jenkins-agent/workspace/Generic-Unit-Test-DPDK/dpdk/usertools/dpdk-pmdinfo.py to /usr/local/bin
Installing /home-local/jenkins-local/jenkins-agent/workspace/Generic-Unit-Test-DPDK/dpdk/usertools/dpdk-telemetry.py to /usr/local/bin
Installing /home-local/jenkins-local/jenkins-agent/workspace/Generic-Unit-Test-DPDK/dpdk/usertools/dpdk-hugepages.py to /usr/local/bin
Installing /home-local/jenkins-local/jenkins-agent/workspace/Generic-Unit-Test-DPDK/dpdk/usertools/dpdk-rss-flows.py to /usr/local/bin
Installing /home-local/jenkins-local/jenkins-agent/workspace/Generic-Unit-Test-DPDK/dpdk/build/rte_build_config.h to /usr/local/include
Installing /home-local/jenkins-local/jenkins-agent/workspace/Generic-Unit-Test-DPDK/dpdk/build/meson-private/libdpdk-libs.pc to /usr/local/lib64/pkgconfig
Installing /home-local/jenkins-local/jenkins-agent/workspace/Generic-Unit-Test-DPDK/dpdk/build/meson-private/libdpdk.pc to /usr/local/lib64/pkgconfig
Running custom install script '/bin/sh /home-local/jenkins-local/jenkins-agent/workspace/Generic-Unit-Test-DPDK/dpdk/config/../buildtools/symlink-drivers-solibs.sh lib64 dpdk/pmds-24.1'
==== End log output ====

Debian 12 (arm)
	Kernel: Container Host Kernel
	Compiler: gcc 11

Ubuntu 20.04 ARM SVE
	Kernel: 5.4.0-80-generic
	Compiler: gcc 10.3.0 (Ubuntu 10.3.0-1ubuntu1~20.04)

CentOS Stream 9 (ARM)
	Kernel: Container Host Kernel
	Compiler: gcc 11.3.1

To view detailed results, visit:
https://lab.dpdk.org/results/dashboard/patchsets/29490/

UNH-IOL DPDK Community Lab

To manage your email subscriptions, visit: 
https://lab.dpdk.org/results/dashboard/preferences/subscriptions/