From mboxrd@z Thu Jan  1 00:00:00 1970
Return-Path: <test-report-bounces@dpdk.org>
Received: from mails.dpdk.org (mails.dpdk.org [217.70.189.124])
	by inbox.dpdk.org (Postfix) with ESMTP id 1B8B643C89
	for <public@inbox.dpdk.org>; Mon, 11 Mar 2024 16:34:16 +0100 (CET)
Received: from mails.dpdk.org (localhost [127.0.0.1])
	by mails.dpdk.org (Postfix) with ESMTP id 13D654027C;
	Mon, 11 Mar 2024 16:34:16 +0100 (CET)
Received: from mail-qv1-f97.google.com (mail-qv1-f97.google.com
 [209.85.219.97]) by mails.dpdk.org (Postfix) with ESMTP id B45844026B
 for <test-report@dpdk.org>; Mon, 11 Mar 2024 16:34:14 +0100 (CET)
Received: by mail-qv1-f97.google.com with SMTP id
 6a1803df08f44-690be84583fso18977226d6.1
 for <test-report@dpdk.org>; Mon, 11 Mar 2024 08:34:14 -0700 (PDT)
DKIM-Signature: v=1; a=rsa-sha256; c=relaxed/relaxed;
 d=iol.unh.edu; s=unh-iol; t=1710171254; x=1710776054; darn=dpdk.org;
 h=references:in-reply-to:cc:to:from:subject:message-id:date:from:to
 :cc:subject:date:message-id:reply-to;
 bh=TpC1RvVwr824jcX02p71RrsC7oq1bxoDtD9jqPSMV8o=;
 b=I/o3Zj98xVvg8GaWYqHnrFVY3uJHxb+1GT/o8eST1WrehYwgmGwCjw5aqzpjgeK4BO
 y2pw/yZJDAoIkoAE1pMCXatkYP+bg4cU8027mj1VI+EZjOoiF5N6LQexqc5zIX1WWpsm
 w3pw/fGD03EFvHNMuRC3DJaR1oMzyp5nAiWfs=
X-Google-DKIM-Signature: v=1; a=rsa-sha256; c=relaxed/relaxed;
 d=1e100.net; s=20230601; t=1710171254; x=1710776054;
 h=references:in-reply-to:cc:to:from:subject:message-id:date
 :x-gm-message-state:from:to:cc:subject:date:message-id:reply-to;
 bh=TpC1RvVwr824jcX02p71RrsC7oq1bxoDtD9jqPSMV8o=;
 b=fP36iMBMu9zR9UNSo+XELnZZ4L4LK6Hr6lBcU60TghoEz+qhasfXI1aEnHLeqNfbKm
 hDSE8hgtX+Kh9PPsXer7VnmRbkxo49r0A8zUAB9zk09wMOeh2FAbN3oG1I7N6W+qCEFo
 X5+ZDtl4f5bodO6sIPLZNFuNlWg9QduzAssWPQwK81Yi1IdlvgZozTe3Jtbl14FlSx0y
 tajewSRCBxaEy2HT1VxPZSWoA4H6P+rry6p1K8WcTF2ixJggr3U72WH5zkodGzaZ/fGd
 552Apm5jYS0bSjxFXuP1rJphY8qYYPPGWy3PdVVPuZugh0Jx9+TdmR01QgKk0NCjMO3A
 PIbQ==
X-Gm-Message-State: AOJu0Yx5EcrhSuPDuBH3D+6xBqoaFxM267pnBk/n2JpsxaCk8UpLMeDV
 48OtV0Ne7us+hKECH1f8x3wCGfw5CaF+2nWB19HRBXxWa90OJJPendhh7KhljB8FvDieEQhPslj
 0Vs9SR+i06iDdmXscP4o1D8QqOEWykNzDeghX6Qqrzg5IG/To
X-Google-Smtp-Source: AGHT+IFFMcCLyzmb8m8Rfkg13sOvRcewWpDD8ZqeUkdNOtxcSK+w5edIAdZDeZKt8ob1W3urLNwLAQkqfMVk
X-Received: by 2002:a0c:e2c1:0:b0:690:b45e:c21d with SMTP id
 t1-20020a0ce2c1000000b00690b45ec21dmr7273572qvl.47.1710171254224; 
 Mon, 11 Mar 2024 08:34:14 -0700 (PDT)
Received: from postal.iol.unh.edu (postal.iol.unh.edu.
 [2606:4100:3880:1234::84]) by smtp-relay.gmail.com with ESMTPS id
 p15-20020a05621421ef00b0068fda2db8b0sm251406qvj.10.2024.03.11.08.34.14
 (version=TLS1_2 cipher=ECDHE-ECDSA-AES128-GCM-SHA256 bits=128/128);
 Mon, 11 Mar 2024 08:34:14 -0700 (PDT)
X-Relaying-Domain: iol.unh.edu
Date: Mon, 11 Mar 2024 08:34:14 -0700 (PDT)
Message-ID: <65ef2476.050a0220.17ab0.fda3SMTPIN_ADDED_MISSING@mx.google.com>
Received: from [172.17.0.7] (unknown [172.18.0.217])
 by postal.iol.unh.edu (Postfix) with ESMTP id E3C736052471;
 Mon, 11 Mar 2024 11:34:13 -0400 (EDT)
Subject: |FAILURE| pw138153-138157 [PATCH] [v9,5/5] test: add unit test for p
From: dpdklab@iol.unh.edu
To: Test Report <test-report@dpdk.org>
Cc: dpdk-test-reports@iol.unh.edu, Paul Szczepanek <paul.szczepanek@arm.com>
In-Reply-To: <20240311144706.204831-6-paul.szczepanek@arm.com>
References: <20240311144706.204831-6-paul.szczepanek@arm.com>
Content-Type: text/plain
X-BeenThere: test-report@dpdk.org
X-Mailman-Version: 2.1.29
Precedence: list
List-Id: automatic DPDK test reports <test-report.dpdk.org>
List-Unsubscribe: <https://mails.dpdk.org/options/test-report>,
 <mailto:test-report-request@dpdk.org?subject=unsubscribe>
List-Archive: <http://mails.dpdk.org/archives/test-report/>
List-Post: <mailto:test-report@dpdk.org>
List-Help: <mailto:test-report-request@dpdk.org?subject=help>
List-Subscribe: <https://mails.dpdk.org/listinfo/test-report>,
 <mailto:test-report-request@dpdk.org?subject=subscribe>
Errors-To: test-report-bounces@dpdk.org

Test-Label: iol-unit-amd64-testing
Test-Status: FAILURE
http://dpdk.org/patch/138157

_Testing issues_

Submitter: Paul Szczepanek <paul.szczepanek@arm.com>
Date: Monday, March 11 2024 14:47:06 
DPDK git baseline: Repo:dpdk
  Branch: master
  CommitID:a86f381b826660e88794754c41d3aec79ce9b87c

138153-138157 --> testing fail

Test environment and result as below:

+---------------------+----------------+
|     Environment     | dpdk_unit_test |
+=====================+================+
| CentOS Stream 8     | FAIL           |
+---------------------+----------------+
| Debian Bullseye     | FAIL           |
+---------------------+----------------+
| Debian 12 (arm)     | FAIL           |
+---------------------+----------------+
| Fedora 37           | FAIL           |
+---------------------+----------------+
| Fedora 38           | FAIL           |
+---------------------+----------------+
| Windows Server 2019 | PASS           |
+---------------------+----------------+

==== 20 line log output for Fedora 38 (dpdk_unit_test): ====
Installing /home-local/jenkins-local/jenkins-agent/workspace/Generic-Unit-Test-DPDK/dpdk/drivers/raw/cnxk_gpio/rte_pmd_cnxk_gpio.h to /usr/local/include
Installing /home-local/jenkins-local/jenkins-agent/workspace/Generic-Unit-Test-DPDK/dpdk/drivers/raw/dpaa2_cmdif/rte_pmd_dpaa2_cmdif.h to /usr/local/include
Installing /home-local/jenkins-local/jenkins-agent/workspace/Generic-Unit-Test-DPDK/dpdk/drivers/raw/ntb/rte_pmd_ntb.h to /usr/local/include
Installing /home-local/jenkins-local/jenkins-agent/workspace/Generic-Unit-Test-DPDK/dpdk/drivers/crypto/cnxk/rte_pmd_cnxk_crypto.h to /usr/local/include
Installing /home-local/jenkins-local/jenkins-agent/workspace/Generic-Unit-Test-DPDK/dpdk/drivers/crypto/scheduler/rte_cryptodev_scheduler.h to /usr/local/include
Installing /home-local/jenkins-local/jenkins-agent/workspace/Generic-Unit-Test-DPDK/dpdk/drivers/crypto/scheduler/rte_cryptodev_scheduler_operations.h to /usr/local/include
Installing /home-local/jenkins-local/jenkins-agent/workspace/Generic-Unit-Test-DPDK/dpdk/drivers/event/cnxk/rte_pmd_cnxk_eventdev.h to /usr/local/include
Installing /home-local/jenkins-local/jenkins-agent/workspace/Generic-Unit-Test-DPDK/dpdk/drivers/event/dlb2/rte_pmd_dlb2.h to /usr/local/include
Installing /home-local/jenkins-local/jenkins-agent/workspace/Generic-Unit-Test-DPDK/dpdk/drivers/baseband/acc/rte_acc_cfg.h to /usr/local/include
Installing /home-local/jenkins-local/jenkins-agent/workspace/Generic-Unit-Test-DPDK/dpdk/drivers/baseband/fpga_5gnr_fec/rte_pmd_fpga_5gnr_fec.h to /usr/local/include
Installing /home-local/jenkins-local/jenkins-agent/workspace/Generic-Unit-Test-DPDK/dpdk/buildtools/dpdk-cmdline-gen.py to /usr/local/bin
Installing /home-local/jenkins-local/jenkins-agent/workspace/Generic-Unit-Test-DPDK/dpdk/usertools/dpdk-devbind.py to /usr/local/bin
Installing /home-local/jenkins-local/jenkins-agent/workspace/Generic-Unit-Test-DPDK/dpdk/usertools/dpdk-pmdinfo.py to /usr/local/bin
Installing /home-local/jenkins-local/jenkins-agent/workspace/Generic-Unit-Test-DPDK/dpdk/usertools/dpdk-telemetry.py to /usr/local/bin
Installing /home-local/jenkins-local/jenkins-agent/workspace/Generic-Unit-Test-DPDK/dpdk/usertools/dpdk-hugepages.py to /usr/local/bin
Installing /home-local/jenkins-local/jenkins-agent/workspace/Generic-Unit-Test-DPDK/dpdk/usertools/dpdk-rss-flows.py to /usr/local/bin
Installing /home-local/jenkins-local/jenkins-agent/workspace/Generic-Unit-Test-DPDK/dpdk/build/rte_build_config.h to /usr/local/include
Installing /home-local/jenkins-local/jenkins-agent/workspace/Generic-Unit-Test-DPDK/dpdk/build/meson-private/libdpdk-libs.pc to /usr/local/lib64/pkgconfig
Installing /home-local/jenkins-local/jenkins-agent/workspace/Generic-Unit-Test-DPDK/dpdk/build/meson-private/libdpdk.pc to /usr/local/lib64/pkgconfig
Running custom install script '/bin/sh /home-local/jenkins-local/jenkins-agent/workspace/Generic-Unit-Test-DPDK/dpdk/config/../buildtools/symlink-drivers-solibs.sh lib64 dpdk/pmds-24.1'
==== End log output ====

CentOS Stream 8
	Kernel: 4.18.0-240.10.1.el8_3.x86_64
	Compiler: gcc 8.4.1 20200928

Debian Bullseye
	Kernel: 5.4.0-122-generic
	Compiler: gcc 10.2.1-6

Debian 12 (arm)
	Kernel: Container Host Kernel
	Compiler: gcc 11

Fedora 37
	Kernel: Depends on container host system
	Compiler: gcc 12.3.1

Fedora 38
	Kernel: Depends on container host
	Compiler: gcc 13.1.1

Windows Server 2019
	Kernel: 10.0
	Compiler: clang 14.0 and gcc 8.1.0 (MinGW)

To view detailed results, visit:
https://lab.dpdk.org/results/dashboard/patchsets/29500/

UNH-IOL DPDK Community Lab

To manage your email subscriptions, visit: 
https://lab.dpdk.org/results/dashboard/preferences/subscriptions/