From mboxrd@z Thu Jan  1 00:00:00 1970
Return-Path: <test-report-bounces@dpdk.org>
Received: from mails.dpdk.org (mails.dpdk.org [217.70.189.124])
	by inbox.dpdk.org (Postfix) with ESMTP id 6681243C89
	for <public@inbox.dpdk.org>; Mon, 11 Mar 2024 16:37:07 +0100 (CET)
Received: from mails.dpdk.org (localhost [127.0.0.1])
	by mails.dpdk.org (Postfix) with ESMTP id 61DF74027C;
	Mon, 11 Mar 2024 16:37:07 +0100 (CET)
Received: from mail-qt1-f227.google.com (mail-qt1-f227.google.com
 [209.85.160.227])
 by mails.dpdk.org (Postfix) with ESMTP id 6CF674026B
 for <test-report@dpdk.org>; Mon, 11 Mar 2024 16:37:06 +0100 (CET)
Received: by mail-qt1-f227.google.com with SMTP id
 d75a77b69052e-42edf8325f6so24946501cf.0
 for <test-report@dpdk.org>; Mon, 11 Mar 2024 08:37:06 -0700 (PDT)
DKIM-Signature: v=1; a=rsa-sha256; c=relaxed/relaxed;
 d=iol.unh.edu; s=unh-iol; t=1710171426; x=1710776226; darn=dpdk.org;
 h=references:in-reply-to:cc:to:from:subject:message-id:date:from:to
 :cc:subject:date:message-id:reply-to;
 bh=1PJoHL9YCS9mlMoRM8LNNpQ1qwgE5bgWe+gX2aNcAxo=;
 b=J0VcFxVJvkdmgd7o1Ixm8UeaSeSHCOkUAbCbaxmE6HJOB1xbuxjNtMJLZFy7e5gBQQ
 Dr6PKLnDqPtnoFHe1rhbZdVb1kf75gumJ/nztgOEEXPIE8MlFG7tqLZpKCXhkz/lm7wh
 NeHXfVhQrRXm0QPQUGK9zJ/UAPg+A1n3CgDmk=
X-Google-DKIM-Signature: v=1; a=rsa-sha256; c=relaxed/relaxed;
 d=1e100.net; s=20230601; t=1710171426; x=1710776226;
 h=references:in-reply-to:cc:to:from:subject:message-id:date
 :x-gm-message-state:from:to:cc:subject:date:message-id:reply-to;
 bh=1PJoHL9YCS9mlMoRM8LNNpQ1qwgE5bgWe+gX2aNcAxo=;
 b=qTISvU7svozGRW7oNLIKsevSp8p34Cb0KH3ddB9Z7b1ht1rx3RRbbnZ0IwmnMt3cCL
 eybL/kPaQD9GZvuTjQHu3GBhqL3cbTOeVgtEelZXnVRVahzgPhH94Cs8qsOAX+Rdbm+z
 5tBbRvp592Ayxw78B7P4K+TpVLfK4JZROvhhcbA/M6bkqRPq3j1v5+IPi18r2d5s3dcN
 H1Rd4eLK0vNSus3g0mhyE9NGK79rj375P8wT8MRoH7kVihYWRrp5LvvsIjwusbpmFX8P
 LxJw1eLUGpjIki7YH/ytVQjyy0jaEo3Das/+dGgvKoV5Iaj5sI9Rdx50CRiB/gCG1jTW
 tjHw==
X-Gm-Message-State: AOJu0Yy+0ZUhnM1yiGt9dXeluZVElynOxxK0ro0Wm6ANxfcMsN8fzcgm
 egk2lLDRyTwSbiTTBxpnEjW8u3Bb43l8a8gIgy/iQJ9abAmN+OZ+hIrnWob4hp9HUSaQ9UWTDjS
 V5C2WDIQPxFnNngg8wTRfOY5ff5LBGqLM
X-Google-Smtp-Source: AGHT+IGM9wd722DGg9jG0DGE/chJMHhF/9os6ryueoRDo4CEZM9djGfGj0Mq+WeX/ZWMgOBXUCVAZU+LZenT
X-Received: by 2002:a05:622a:144e:b0:42e:f502:7fb7 with SMTP id
 v14-20020a05622a144e00b0042ef5027fb7mr856660qtx.64.1710171425870; 
 Mon, 11 Mar 2024 08:37:05 -0700 (PDT)
Received: from postal.iol.unh.edu (postal.iol.unh.edu. [132.177.123.84])
 by smtp-relay.gmail.com with ESMTPS id
 u3-20020a05622a010300b0042ee02f7b97sm272435qtw.7.2024.03.11.08.37.05
 (version=TLS1_2 cipher=ECDHE-ECDSA-AES128-GCM-SHA256 bits=128/128);
 Mon, 11 Mar 2024 08:37:05 -0700 (PDT)
X-Relaying-Domain: iol.unh.edu
Date: Mon, 11 Mar 2024 08:37:05 -0700 (PDT)
Message-ID: <65ef2521.050a0220.8ca6a.0700SMTPIN_ADDED_MISSING@mx.google.com>
Received: from [172.17.0.6] (unknown [172.18.0.217])
 by postal.iol.unh.edu (Postfix) with ESMTP id 8AE546052471;
 Mon, 11 Mar 2024 11:37:05 -0400 (EDT)
Subject: |FAILURE| pw138153-138157 [PATCH] [v9,5/5] test: add unit test for p
From: dpdklab@iol.unh.edu
To: Test Report <test-report@dpdk.org>
Cc: dpdk-test-reports@iol.unh.edu, Paul Szczepanek <paul.szczepanek@arm.com>
In-Reply-To: <20240311144706.204831-6-paul.szczepanek@arm.com>
References: <20240311144706.204831-6-paul.szczepanek@arm.com>
Content-Type: text/plain
X-BeenThere: test-report@dpdk.org
X-Mailman-Version: 2.1.29
Precedence: list
List-Id: automatic DPDK test reports <test-report.dpdk.org>
List-Unsubscribe: <https://mails.dpdk.org/options/test-report>,
 <mailto:test-report-request@dpdk.org?subject=unsubscribe>
List-Archive: <http://mails.dpdk.org/archives/test-report/>
List-Post: <mailto:test-report@dpdk.org>
List-Help: <mailto:test-report-request@dpdk.org?subject=help>
List-Subscribe: <https://mails.dpdk.org/listinfo/test-report>,
 <mailto:test-report-request@dpdk.org?subject=subscribe>
Errors-To: test-report-bounces@dpdk.org

Test-Label: iol-unit-amd64-testing
Test-Status: FAILURE
http://dpdk.org/patch/138157

_Testing issues_

Submitter: Paul Szczepanek <paul.szczepanek@arm.com>
Date: Monday, March 11 2024 14:47:06 
DPDK git baseline: Repo:dpdk
  Branch: master
  CommitID:a86f381b826660e88794754c41d3aec79ce9b87c

138153-138157 --> testing fail

Test environment and result as below:

+---------------------+----------------+
|     Environment     | dpdk_unit_test |
+=====================+================+
| CentOS Stream 8     | FAIL           |
+---------------------+----------------+
| Debian Bullseye     | FAIL           |
+---------------------+----------------+
| Debian 12 (arm)     | FAIL           |
+---------------------+----------------+
| Fedora 37           | FAIL           |
+---------------------+----------------+
| Fedora 38           | FAIL           |
+---------------------+----------------+
| Windows Server 2019 | PASS           |
+---------------------+----------------+
| RHEL8               | FAIL           |
+---------------------+----------------+
| CentOS Stream 9     | FAIL           |
+---------------------+----------------+

==== 20 line log output for CentOS Stream 9 (dpdk_unit_test): ====
Installing /home-local/jenkins-local/jenkins-agent/workspace/Generic-Unit-Test-DPDK/dpdk/drivers/raw/cnxk_gpio/rte_pmd_cnxk_gpio.h to /usr/local/include
Installing /home-local/jenkins-local/jenkins-agent/workspace/Generic-Unit-Test-DPDK/dpdk/drivers/raw/dpaa2_cmdif/rte_pmd_dpaa2_cmdif.h to /usr/local/include
Installing /home-local/jenkins-local/jenkins-agent/workspace/Generic-Unit-Test-DPDK/dpdk/drivers/raw/ntb/rte_pmd_ntb.h to /usr/local/include
Installing /home-local/jenkins-local/jenkins-agent/workspace/Generic-Unit-Test-DPDK/dpdk/drivers/crypto/cnxk/rte_pmd_cnxk_crypto.h to /usr/local/include
Installing /home-local/jenkins-local/jenkins-agent/workspace/Generic-Unit-Test-DPDK/dpdk/drivers/crypto/scheduler/rte_cryptodev_scheduler.h to /usr/local/include
Installing /home-local/jenkins-local/jenkins-agent/workspace/Generic-Unit-Test-DPDK/dpdk/drivers/crypto/scheduler/rte_cryptodev_scheduler_operations.h to /usr/local/include
Installing /home-local/jenkins-local/jenkins-agent/workspace/Generic-Unit-Test-DPDK/dpdk/drivers/event/cnxk/rte_pmd_cnxk_eventdev.h to /usr/local/include
Installing /home-local/jenkins-local/jenkins-agent/workspace/Generic-Unit-Test-DPDK/dpdk/drivers/event/dlb2/rte_pmd_dlb2.h to /usr/local/include
Installing /home-local/jenkins-local/jenkins-agent/workspace/Generic-Unit-Test-DPDK/dpdk/drivers/baseband/acc/rte_acc_cfg.h to /usr/local/include
Installing /home-local/jenkins-local/jenkins-agent/workspace/Generic-Unit-Test-DPDK/dpdk/drivers/baseband/fpga_5gnr_fec/rte_pmd_fpga_5gnr_fec.h to /usr/local/include
Installing /home-local/jenkins-local/jenkins-agent/workspace/Generic-Unit-Test-DPDK/dpdk/buildtools/dpdk-cmdline-gen.py to /usr/local/bin
Installing /home-local/jenkins-local/jenkins-agent/workspace/Generic-Unit-Test-DPDK/dpdk/usertools/dpdk-devbind.py to /usr/local/bin
Installing /home-local/jenkins-local/jenkins-agent/workspace/Generic-Unit-Test-DPDK/dpdk/usertools/dpdk-pmdinfo.py to /usr/local/bin
Installing /home-local/jenkins-local/jenkins-agent/workspace/Generic-Unit-Test-DPDK/dpdk/usertools/dpdk-telemetry.py to /usr/local/bin
Installing /home-local/jenkins-local/jenkins-agent/workspace/Generic-Unit-Test-DPDK/dpdk/usertools/dpdk-hugepages.py to /usr/local/bin
Installing /home-local/jenkins-local/jenkins-agent/workspace/Generic-Unit-Test-DPDK/dpdk/usertools/dpdk-rss-flows.py to /usr/local/bin
Installing /home-local/jenkins-local/jenkins-agent/workspace/Generic-Unit-Test-DPDK/dpdk/build/rte_build_config.h to /usr/local/include
Installing /home-local/jenkins-local/jenkins-agent/workspace/Generic-Unit-Test-DPDK/dpdk/build/meson-private/libdpdk-libs.pc to /usr/local/lib64/pkgconfig
Installing /home-local/jenkins-local/jenkins-agent/workspace/Generic-Unit-Test-DPDK/dpdk/build/meson-private/libdpdk.pc to /usr/local/lib64/pkgconfig
Running custom install script '/bin/sh /home-local/jenkins-local/jenkins-agent/workspace/Generic-Unit-Test-DPDK/dpdk/config/../buildtools/symlink-drivers-solibs.sh lib64 dpdk/pmds-24.1'
==== End log output ====

CentOS Stream 8
	Kernel: 4.18.0-240.10.1.el8_3.x86_64
	Compiler: gcc 8.4.1 20200928

Debian Bullseye
	Kernel: 5.4.0-122-generic
	Compiler: gcc 10.2.1-6

Debian 12 (arm)
	Kernel: Container Host Kernel
	Compiler: gcc 11

Fedora 37
	Kernel: Depends on container host system
	Compiler: gcc 12.3.1

Fedora 38
	Kernel: Depends on container host
	Compiler: gcc 13.1.1

Windows Server 2019
	Kernel: 10.0
	Compiler: clang 14.0 and gcc 8.1.0 (MinGW)

RHEL8
	Kernel: 4.18.0-240.10.1.el8_3.x86_64
	Compiler: gcc 8.3.1 20191121 (Red Hat 8.3.1-5)

CentOS Stream 9
	Kernel: 4.18.0-240.10.1.el8_3.x86_64
	Compiler: gcc 11.3.1 20220421

To view detailed results, visit:
https://lab.dpdk.org/results/dashboard/patchsets/29500/

UNH-IOL DPDK Community Lab

To manage your email subscriptions, visit: 
https://lab.dpdk.org/results/dashboard/preferences/subscriptions/