From mboxrd@z Thu Jan  1 00:00:00 1970
Return-Path: <test-report-bounces@dpdk.org>
Received: from mails.dpdk.org (mails.dpdk.org [217.70.189.124])
	by inbox.dpdk.org (Postfix) with ESMTP id 1DFEF43C8E
	for <public@inbox.dpdk.org>; Tue, 12 Mar 2024 09:34:19 +0100 (CET)
Received: from mails.dpdk.org (localhost [127.0.0.1])
	by mails.dpdk.org (Postfix) with ESMTP id 19B9B402D8;
	Tue, 12 Mar 2024 09:34:19 +0100 (CET)
Received: from mail-il1-f227.google.com (mail-il1-f227.google.com
 [209.85.166.227])
 by mails.dpdk.org (Postfix) with ESMTP id BD98340282
 for <test-report@dpdk.org>; Tue, 12 Mar 2024 09:34:17 +0100 (CET)
Received: by mail-il1-f227.google.com with SMTP id
 e9e14a558f8ab-36660d8547eso7047975ab.1
 for <test-report@dpdk.org>; Tue, 12 Mar 2024 01:34:17 -0700 (PDT)
DKIM-Signature: v=1; a=rsa-sha256; c=relaxed/relaxed;
 d=iol.unh.edu; s=unh-iol; t=1710232457; x=1710837257; darn=dpdk.org;
 h=references:in-reply-to:cc:to:from:subject:message-id:date:from:to
 :cc:subject:date:message-id:reply-to;
 bh=o3CyJxlQ3qYDEJ86n2LaY19Gx5ewx5ZVEML2suFql6w=;
 b=XAYF0h3xbCW3igXroaPfFmDY6s5INu/ASVTXH9KJoU7vX9VLy3Y+NtKbUwF1OtcP2I
 6VnGeh7ODJNDHVloZfHRDvY0Fjbd1m9875iKALjJ7lNOQwM1MM2exoB3kVCdjK2hZmdj
 k9CwP3vyA1yqjLH1sg0p3XCd0LzLznLKh9iWs=
X-Google-DKIM-Signature: v=1; a=rsa-sha256; c=relaxed/relaxed;
 d=1e100.net; s=20230601; t=1710232457; x=1710837257;
 h=references:in-reply-to:cc:to:from:subject:message-id:date
 :x-gm-message-state:from:to:cc:subject:date:message-id:reply-to;
 bh=o3CyJxlQ3qYDEJ86n2LaY19Gx5ewx5ZVEML2suFql6w=;
 b=vdD8pCDkGt6JSNcdEKgaQc2eaccXWtp+wBE6vn2Afs//lZ/vU4jl3x2+d8s141LkNJ
 5DctH2UidQcbuIaUeppSx2yE170nJ7PrtBuN8Objl9Lxfuj/6rxTLqaBqB7dr9os1AUs
 RAeWNcuMOoQ4MtFGOzUfvU+INr7x3UNF98ZEi/eNXIB+tFBpDtEJVk4bqBs/8CLOU3Ja
 itJk2V5CMskYMyuZCq8+R9ZXjrNOjhDv27uASiWGkC6cZT9y+Ai97M+0/ImE0YpP/d4h
 9+wyeT5z6bnfMvUMGMoTl/Csu3++FIvq47jf+DeMWQdogZGuyWWl/AB88QfCpwMchlIt
 jCIA==
X-Gm-Message-State: AOJu0YyO8y36UB+LJ1cXQQ1J0NLgQiBx56C0XoWD8b2hdHRU+tHlRIGr
 B7gbeshEGqZN0vw/+I0hbnVG1QohWdKSP5c2hjZORwLugBehsmYTRFP+9cNTNCdkyoj/zCM79hl
 vxyg7pdBtvQcXycFUKeCoxH26Iw6D/oZARaoCLUcVJ8AS4fQFr1E1y7jM
X-Google-Smtp-Source: AGHT+IGToJCD31e5q194y/myrTxNq0pf8wsHjMHLPwEwHXrBejX3K4EGdj0TSni+vtPpnSoz8AubdR10oW6d
X-Received: by 2002:a05:6e02:1a8c:b0:365:2390:931f with SMTP id
 k12-20020a056e021a8c00b003652390931fmr11739469ilv.4.1710232457244; 
 Tue, 12 Mar 2024 01:34:17 -0700 (PDT)
Received: from postal.iol.unh.edu (postal.iol.unh.edu.
 [2606:4100:3880:1234::84]) by smtp-relay.gmail.com with ESMTPS id
 bs10-20020a056e02240a00b0036659347571sm204123ilb.56.2024.03.12.01.34.17
 (version=TLS1_2 cipher=ECDHE-ECDSA-AES128-GCM-SHA256 bits=128/128);
 Tue, 12 Mar 2024 01:34:17 -0700 (PDT)
X-Relaying-Domain: iol.unh.edu
Date: Tue, 12 Mar 2024 01:34:17 -0700 (PDT)
Message-ID: <65f01389.050a0220.d3b9f.b7b5SMTPIN_ADDED_MISSING@mx.google.com>
Received: from [172.17.0.7] (unknown [172.18.0.217])
 by postal.iol.unh.edu (Postfix) with ESMTP id D9C376052471;
 Tue, 12 Mar 2024 04:34:16 -0400 (EDT)
Subject: |WARNING| pw138178-138198 [PATCH] [v2,21/21] test/security: add out 
From: dpdklab@iol.unh.edu
To: Test Report <test-report@dpdk.org>
Cc: dpdk-test-reports@iol.unh.edu, Aakash Sasidharan <asasidharan@marvell.com>
In-Reply-To: <20240312071805.1354530-22-asasidharan@marvell.com>
References: <20240312071805.1354530-22-asasidharan@marvell.com>
Content-Type: text/plain
X-BeenThere: test-report@dpdk.org
X-Mailman-Version: 2.1.29
Precedence: list
List-Id: automatic DPDK test reports <test-report.dpdk.org>
List-Unsubscribe: <https://mails.dpdk.org/options/test-report>,
 <mailto:test-report-request@dpdk.org?subject=unsubscribe>
List-Archive: <http://mails.dpdk.org/archives/test-report/>
List-Post: <mailto:test-report@dpdk.org>
List-Help: <mailto:test-report-request@dpdk.org?subject=help>
List-Subscribe: <https://mails.dpdk.org/listinfo/test-report>,
 <mailto:test-report-request@dpdk.org?subject=subscribe>
Errors-To: test-report-bounces@dpdk.org

Test-Label: iol-unit-arm64-testing
Test-Status: WARNING
http://dpdk.org/patch/138198

_Testing issues_

Submitter: Aakash Sasidharan <asasidharan@marvell.com>
Date: Tuesday, March 12 2024 07:18:05 
DPDK git baseline: Repo:dpdk
  Branch: master
  CommitID:a86f381b826660e88794754c41d3aec79ce9b87c

138178-138198 --> testing fail

Test environment and result as below:

+--------------------------+----------------+------------------------------+---------------------------+--------------+
|       Environment        | dpdk_unit_test | cryptodev_sw_snow3g_autotest | cryptodev_sw_zuc_autotest | lpm_autotest |
+==========================+================+==============================+===========================+==============+
| Debian 11 (Buster) (ARM) | PASS           | SKIPPED                      | SKIPPED                   | SKIPPED      |
+--------------------------+----------------+------------------------------+---------------------------+--------------+
| CentOS Stream 9 (ARM)    | PASS           | SKIPPED                      | SKIPPED                   | SKIPPED      |
+--------------------------+----------------+------------------------------+---------------------------+--------------+
| Debian 12 (arm)          | PASS           | FAIL                         | FAIL                      | SKIPPED      |
+--------------------------+----------------+------------------------------+---------------------------+--------------+
| Fedora 38 (ARM)          | PASS           | SKIPPED                      | SKIPPED                   | SKIPPED      |
+--------------------------+----------------+------------------------------+---------------------------+--------------+
| Fedora 37 (ARM)          | PASS           | SKIPPED                      | SKIPPED                   | SKIPPED      |
+--------------------------+----------------+------------------------------+---------------------------+--------------+
| Ubuntu 20.04 (ARM)       | PASS           | SKIPPED                      | SKIPPED                   | SKIPPED      |
+--------------------------+----------------+------------------------------+---------------------------+--------------+
| Ubuntu 20.04 ARM SVE     | SKIPPED        | SKIPPED                      | SKIPPED                   | PASS         |
+--------------------------+----------------+------------------------------+---------------------------+--------------+

==== 20 line log output for Debian 12 (arm) (cryptodev_sw_zuc_autotest): ====
[3173/3177] Compiling C object app/dpdk-test.p/test_test_version.c.o
[3174/3177] Compiling C object app/dpdk-test.p/test_test_vdev.c.o
[3175/3177] Compiling C object app/dpdk-test.p/test_test_security_inline_proto.c.o
[3176/3177] Compiling C object app/dpdk-test.p/test_test_cryptodev.c.o
[3177/3177] Linking target app/dpdk-test
ninja: no work to do.
ninja: Entering directory `/home-local/jenkins-local/jenkins-agent/workspace/Generic-Unit-Test-DPDK/dpdk/build'
ninja: no work to do.
1/1 DPDK:driver-tests / cryptodev_sw_zuc_autotest FAIL             0.52s   (exit status 255 or signal 127 SIGinvalid)
>>> DPDK_TEST=cryptodev_sw_zuc_autotest MALLOC_PERTURB_=3 /home-local/jenkins-local/jenkins-agent/workspace/Generic-Unit-Test-DPDK/dpdk/build/app/dpdk-test --no-huge --no-pci --vdev=crypto_zuc


Ok:                 0
Expected Fail:      0
Fail:               1
Unexpected Pass:    0
Skipped:            0
Timeout:            0

Full log written to /home-local/jenkins-local/jenkins-agent/workspace/Generic-Unit-Test-DPDK/dpdk/build/meson-logs/testlog.txt
==== End log output ====

Debian 11 (Buster) (ARM)
	Kernel: Container Host Kernel
	Compiler: gcc 10.2.1

CentOS Stream 9 (ARM)
	Kernel: Container Host Kernel
	Compiler: gcc 11.3.1

Debian 12 (arm)
	Kernel: Container Host Kernel
	Compiler: gcc 11

Fedora 38 (ARM)
	Kernel: Depends on container host
	Compiler: gcc 13.1.1

Fedora 37 (ARM)
	Kernel: Depends on container host
	Compiler: gcc 12.3.1

Ubuntu 20.04 (ARM)
	Kernel: Container Host Kernel
	Compiler: gcc 9.4.0

Ubuntu 20.04 ARM SVE
	Kernel: 5.4.0-80-generic
	Compiler: gcc 10.3.0 (Ubuntu 10.3.0-1ubuntu1~20.04)

To view detailed results, visit:
https://lab.dpdk.org/results/dashboard/patchsets/29508/

UNH-IOL DPDK Community Lab

To manage your email subscriptions, visit: 
https://lab.dpdk.org/results/dashboard/preferences/subscriptions/