From mboxrd@z Thu Jan  1 00:00:00 1970
Return-Path: <test-report-bounces@dpdk.org>
Received: from mails.dpdk.org (mails.dpdk.org [217.70.189.124])
	by inbox.dpdk.org (Postfix) with ESMTP id 1581543C90
	for <public@inbox.dpdk.org>; Tue, 12 Mar 2024 11:23:42 +0100 (CET)
Received: from mails.dpdk.org (localhost [127.0.0.1])
	by mails.dpdk.org (Postfix) with ESMTP id 11D72402D8;
	Tue, 12 Mar 2024 11:23:42 +0100 (CET)
Received: from mail-pl1-f227.google.com (mail-pl1-f227.google.com
 [209.85.214.227])
 by mails.dpdk.org (Postfix) with ESMTP id BFA3940282
 for <test-report@dpdk.org>; Tue, 12 Mar 2024 11:23:40 +0100 (CET)
Received: by mail-pl1-f227.google.com with SMTP id
 d9443c01a7336-1dc13fb0133so27541645ad.3
 for <test-report@dpdk.org>; Tue, 12 Mar 2024 03:23:40 -0700 (PDT)
DKIM-Signature: v=1; a=rsa-sha256; c=relaxed/relaxed;
 d=iol.unh.edu; s=unh-iol; t=1710239020; x=1710843820; darn=dpdk.org;
 h=references:in-reply-to:cc:to:from:subject:message-id:date:from:to
 :cc:subject:date:message-id:reply-to;
 bh=66oRWt1R388t4ELPqz0F7kkwAWRlwjV98az4Viv0O2Y=;
 b=V5Y0vTwg0U2iU6BUTngJ/u9uImhNA+tK/dxQVRfyIwHGzkP0s3N7tJTS/N9oIuGWQu
 onnC7HGbi3GQ9GyVPeCcF7CjUJ7bGiML4v+ODUoKPLHRroL5s/egjTJ1uzXPkjrqz0Nd
 bvCgfeI7gbhCO+zHav/NukK9iAI+NgdGzFKeg=
X-Google-DKIM-Signature: v=1; a=rsa-sha256; c=relaxed/relaxed;
 d=1e100.net; s=20230601; t=1710239020; x=1710843820;
 h=references:in-reply-to:cc:to:from:subject:message-id:date
 :x-gm-message-state:from:to:cc:subject:date:message-id:reply-to;
 bh=66oRWt1R388t4ELPqz0F7kkwAWRlwjV98az4Viv0O2Y=;
 b=MCk5Ivql4FamKcJTi/eEEPjdEzhyz3GST2UIqfjQ2UGWTYrxm6PZn/Vbdf8WshCdP4
 EvfPhInsOXbPb7ddVhji2+OtvnUn+jyJ3rFGuIVM/Z0ccZTEIJUC1ssT3rOC+wxTAiZN
 XN/+4wepUsjfdI9n/XGH0hk2csOc4fFxFQ4xXorzjniyq1i7t299YRHJZKU5+HQcfZ5t
 9Y2ueMtaQkEH58LkUfr3N74aWEk7rXJmj0P9Mrje3IMMkTCQZHf7lKCNjAjOL4NZIE4W
 n9gPlbATq97h6RyXNYLl7ldZpLkoqTv5WfDawL0V/9pgtYlrxJOqLlr/6h1qpFHOR2YO
 ycBg==
X-Gm-Message-State: AOJu0YxBlVqrqa8l5b9BZlVoIe60ubz5Ph/3mSrGnyNhBnr2XDe7iwZS
 4tBG5O8GjUwQWDA1wkHKkEAYbhc1mMDflKb20vR6T5f3QraE0Bskg+wz6VBsErTKmLGWIwLNwxl
 +Tig5Gfp1P3WCxTUowjptM+mDrdHT9VDY24N9amduMBiroYEQSwb3gTBS
X-Google-Smtp-Source: AGHT+IFxX5P+0nN2cqu5AsdQn/gd805OKPjR/bAEr5Hp+sjyDWH7nGaVOwciUc9FxQGjOsOqrzU3rbp4RGuC
X-Received: by 2002:a17:903:24e:b0:1dc:df24:e321 with SMTP id
 j14-20020a170903024e00b001dcdf24e321mr10558711plh.6.1710239020013; 
 Tue, 12 Mar 2024 03:23:40 -0700 (PDT)
Received: from postal.iol.unh.edu (postal.iol.unh.edu.
 [2606:4100:3880:1234::84]) by smtp-relay.gmail.com with ESMTPS id
 b5-20020a170902bd4500b001dd8347ac15sm124177plx.15.2024.03.12.03.23.39
 (version=TLS1_2 cipher=ECDHE-ECDSA-AES128-GCM-SHA256 bits=128/128);
 Tue, 12 Mar 2024 03:23:39 -0700 (PDT)
X-Relaying-Domain: iol.unh.edu
Date: Tue, 12 Mar 2024 03:23:39 -0700 (PDT)
Message-ID: <65f02d2b.170a0220.7083f.79e1SMTPIN_ADDED_MISSING@mx.google.com>
Received: from [172.17.0.9] (unknown [172.18.0.217])
 by postal.iol.unh.edu (Postfix) with ESMTP id 2DF576052471;
 Tue, 12 Mar 2024 06:23:39 -0400 (EDT)
Subject: |FAILURE| pw138202-138203 [PATCH] [3/3] app/testpmd: support setting
From: dpdklab@iol.unh.edu
To: Test Report <test-report@dpdk.org>
Cc: dpdk-test-reports@iol.unh.edu, Dengdui Huang <huangdengdui@huawei.com>
In-Reply-To: <20240312075238.3319480-4-huangdengdui@huawei.com>
References: <20240312075238.3319480-4-huangdengdui@huawei.com>
Content-Type: text/plain
X-BeenThere: test-report@dpdk.org
X-Mailman-Version: 2.1.29
Precedence: list
List-Id: automatic DPDK test reports <test-report.dpdk.org>
List-Unsubscribe: <https://mails.dpdk.org/options/test-report>,
 <mailto:test-report-request@dpdk.org?subject=unsubscribe>
List-Archive: <http://mails.dpdk.org/archives/test-report/>
List-Post: <mailto:test-report@dpdk.org>
List-Help: <mailto:test-report-request@dpdk.org?subject=help>
List-Subscribe: <https://mails.dpdk.org/listinfo/test-report>,
 <mailto:test-report-request@dpdk.org?subject=subscribe>
Errors-To: test-report-bounces@dpdk.org

Test-Label: iol-unit-amd64-testing
Test-Status: FAILURE
http://dpdk.org/patch/138203

_Testing issues_

Submitter: Dengdui Huang <huangdengdui@huawei.com>
Date: Tuesday, March 12 2024 07:52:38 
DPDK git baseline: Repo:dpdk
  Branch: master
  CommitID:e3faaed01e14ffdfe8f4190030540ed874184b55

138202-138203 --> testing fail

Test environment and result as below:

+---------------------+----------------+
|     Environment     | dpdk_unit_test |
+=====================+================+
| Windows Server 2019 | FAIL           |
+---------------------+----------------+
| CentOS Stream 8     | FAIL           |
+---------------------+----------------+
| CentOS Stream 9     | FAIL           |
+---------------------+----------------+

==== 20 line log output for CentOS Stream 9 (dpdk_unit_test): ====
Installing /home-local/jenkins-local/jenkins-agent/workspace/Generic-Unit-Test-DPDK/dpdk/drivers/raw/cnxk_gpio/rte_pmd_cnxk_gpio.h to /usr/local/include
Installing /home-local/jenkins-local/jenkins-agent/workspace/Generic-Unit-Test-DPDK/dpdk/drivers/raw/dpaa2_cmdif/rte_pmd_dpaa2_cmdif.h to /usr/local/include
Installing /home-local/jenkins-local/jenkins-agent/workspace/Generic-Unit-Test-DPDK/dpdk/drivers/raw/ntb/rte_pmd_ntb.h to /usr/local/include
Installing /home-local/jenkins-local/jenkins-agent/workspace/Generic-Unit-Test-DPDK/dpdk/drivers/crypto/cnxk/rte_pmd_cnxk_crypto.h to /usr/local/include
Installing /home-local/jenkins-local/jenkins-agent/workspace/Generic-Unit-Test-DPDK/dpdk/drivers/crypto/scheduler/rte_cryptodev_scheduler.h to /usr/local/include
Installing /home-local/jenkins-local/jenkins-agent/workspace/Generic-Unit-Test-DPDK/dpdk/drivers/crypto/scheduler/rte_cryptodev_scheduler_operations.h to /usr/local/include
Installing /home-local/jenkins-local/jenkins-agent/workspace/Generic-Unit-Test-DPDK/dpdk/drivers/event/cnxk/rte_pmd_cnxk_eventdev.h to /usr/local/include
Installing /home-local/jenkins-local/jenkins-agent/workspace/Generic-Unit-Test-DPDK/dpdk/drivers/event/dlb2/rte_pmd_dlb2.h to /usr/local/include
Installing /home-local/jenkins-local/jenkins-agent/workspace/Generic-Unit-Test-DPDK/dpdk/drivers/baseband/acc/rte_acc_cfg.h to /usr/local/include
Installing /home-local/jenkins-local/jenkins-agent/workspace/Generic-Unit-Test-DPDK/dpdk/drivers/baseband/fpga_5gnr_fec/rte_pmd_fpga_5gnr_fec.h to /usr/local/include
Installing /home-local/jenkins-local/jenkins-agent/workspace/Generic-Unit-Test-DPDK/dpdk/buildtools/dpdk-cmdline-gen.py to /usr/local/bin
Installing /home-local/jenkins-local/jenkins-agent/workspace/Generic-Unit-Test-DPDK/dpdk/usertools/dpdk-devbind.py to /usr/local/bin
Installing /home-local/jenkins-local/jenkins-agent/workspace/Generic-Unit-Test-DPDK/dpdk/usertools/dpdk-pmdinfo.py to /usr/local/bin
Installing /home-local/jenkins-local/jenkins-agent/workspace/Generic-Unit-Test-DPDK/dpdk/usertools/dpdk-telemetry.py to /usr/local/bin
Installing /home-local/jenkins-local/jenkins-agent/workspace/Generic-Unit-Test-DPDK/dpdk/usertools/dpdk-hugepages.py to /usr/local/bin
Installing /home-local/jenkins-local/jenkins-agent/workspace/Generic-Unit-Test-DPDK/dpdk/usertools/dpdk-rss-flows.py to /usr/local/bin
Installing /home-local/jenkins-local/jenkins-agent/workspace/Generic-Unit-Test-DPDK/dpdk/build/rte_build_config.h to /usr/local/include
Installing /home-local/jenkins-local/jenkins-agent/workspace/Generic-Unit-Test-DPDK/dpdk/build/meson-private/libdpdk-libs.pc to /usr/local/lib64/pkgconfig
Installing /home-local/jenkins-local/jenkins-agent/workspace/Generic-Unit-Test-DPDK/dpdk/build/meson-private/libdpdk.pc to /usr/local/lib64/pkgconfig
Running custom install script '/bin/sh /home-local/jenkins-local/jenkins-agent/workspace/Generic-Unit-Test-DPDK/dpdk/config/../buildtools/symlink-drivers-solibs.sh lib64 dpdk/pmds-24.1'
==== End log output ====

Windows Server 2019
	Kernel: 10.0
	Compiler: clang 14.0 and gcc 8.1.0 (MinGW)

CentOS Stream 8
	Kernel: 4.18.0-240.10.1.el8_3.x86_64
	Compiler: gcc 8.4.1 20200928

CentOS Stream 9
	Kernel: 4.18.0-240.10.1.el8_3.x86_64
	Compiler: gcc 11.3.1 20220421

To view detailed results, visit:
https://lab.dpdk.org/results/dashboard/patchsets/29510/

UNH-IOL DPDK Community Lab

To manage your email subscriptions, visit: 
https://lab.dpdk.org/results/dashboard/preferences/subscriptions/