From mboxrd@z Thu Jan  1 00:00:00 1970
Return-Path: <test-report-bounces@dpdk.org>
Received: from mails.dpdk.org (mails.dpdk.org [217.70.189.124])
	by inbox.dpdk.org (Postfix) with ESMTP id 789D243C90
	for <public@inbox.dpdk.org>; Tue, 12 Mar 2024 11:41:39 +0100 (CET)
Received: from mails.dpdk.org (localhost [127.0.0.1])
	by mails.dpdk.org (Postfix) with ESMTP id 738BF40A89;
	Tue, 12 Mar 2024 11:41:39 +0100 (CET)
Received: from mail-pf1-f227.google.com (mail-pf1-f227.google.com
 [209.85.210.227])
 by mails.dpdk.org (Postfix) with ESMTP id D53D6402D8
 for <test-report@dpdk.org>; Tue, 12 Mar 2024 11:41:38 +0100 (CET)
Received: by mail-pf1-f227.google.com with SMTP id
 d2e1a72fcca58-6e6a9fafacdso202723b3a.2
 for <test-report@dpdk.org>; Tue, 12 Mar 2024 03:41:38 -0700 (PDT)
DKIM-Signature: v=1; a=rsa-sha256; c=relaxed/relaxed;
 d=iol.unh.edu; s=unh-iol; t=1710240098; x=1710844898; darn=dpdk.org;
 h=references:in-reply-to:cc:to:from:subject:message-id:date:from:to
 :cc:subject:date:message-id:reply-to;
 bh=YfRgEknwOh4lQetmaDx+gMIbVkfD0I1AQTePZlreimM=;
 b=jDLc/8LZWxONQ6/l/0RASJC22p6mRXmk8m6E5Lr7yP+FniBKd6GNFZBtxFQtE+gcN8
 Lc6tCPzU2gCpwAy+0xFPRm7OZmtihxdn5Jwvl2CS2sx76qdET2l8+GMOUHQ33FVKRuIl
 wHb1YyJZ4ISXUf3hQeP0c9wwyCrHkuu+BBiqY=
X-Google-DKIM-Signature: v=1; a=rsa-sha256; c=relaxed/relaxed;
 d=1e100.net; s=20230601; t=1710240098; x=1710844898;
 h=references:in-reply-to:cc:to:from:subject:message-id:date
 :x-gm-message-state:from:to:cc:subject:date:message-id:reply-to;
 bh=YfRgEknwOh4lQetmaDx+gMIbVkfD0I1AQTePZlreimM=;
 b=JyUIv0+wK5EguWaQ4RX+3HKPIQA1SeQ3TnY9oRXVTRe4vK8AjiOTODM4zB3Pu78XuY
 MIlmhaBH5m4HkbMZJackz/Br60Ixl8SwMgMSo8/r8py9qXlr5Ku8zQEw7hW1RK2Ris6Q
 PTP30wjb46MY5lpeC0hvIEPEwDoa7DRRnIVLBEQU+EfVB5k2Joys92ptRMCCtrznNgSp
 klqTrRkbFohIIfFak7fjyRDuAQ/bnWP2P9VlmaIROqRZJxWGU9Nzxmg8CMX0IsxrO53n
 QwioZq3Y0yqpcfYlex/bpp/hsC/xgetKVb/bO8kuQ2o3SsirLWcWpx2Qs+IantIXUP4l
 697g==
X-Gm-Message-State: AOJu0YzZZQdfbGgXxs3LmrYh0h60IJlIBu6QF1GL6DhfpJHpcbwqEIwt
 kB1M7xORMG031BZBnGxgGmkl4fd4w358zgUuTuIG7btsjBWeMI/82RMEE97bFLIZDmCISn2LJJj
 8MTXj4snkobREr/8pRAfJJ5dL5lRSljrqxDVXR0Iw
X-Google-Smtp-Source: AGHT+IF3s98cHXbcGFowDmAgmDDkXkjVeODJhyRPgB8HRgB/AVesztOuSv1Cm4rJTCIrN3SWNgih2a95Hmse
X-Received: by 2002:a05:6a00:4b42:b0:6e6:5370:3195 with SMTP id
 kr2-20020a056a004b4200b006e653703195mr10421218pfb.33.1710240098022; 
 Tue, 12 Mar 2024 03:41:38 -0700 (PDT)
Received: from postal.iol.unh.edu (postal.iol.unh.edu. [132.177.123.84])
 by smtp-relay.gmail.com with ESMTPS id
 m6-20020a056a00080600b006e68b4631c7sm316619pfk.28.2024.03.12.03.41.37
 (version=TLS1_2 cipher=ECDHE-ECDSA-AES128-GCM-SHA256 bits=128/128);
 Tue, 12 Mar 2024 03:41:38 -0700 (PDT)
X-Relaying-Domain: iol.unh.edu
Date: Tue, 12 Mar 2024 03:41:38 -0700 (PDT)
Message-ID: <65f03162.050a0220.19a21.3391SMTPIN_ADDED_MISSING@mx.google.com>
Received: from [172.17.0.7] (unknown [172.18.0.217])
 by postal.iol.unh.edu (Postfix) with ESMTP id 7528C6052471;
 Tue, 12 Mar 2024 06:41:37 -0400 (EDT)
Subject: |FAILURE| pw138202-138203 [PATCH] [3/3] app/testpmd: support setting
From: dpdklab@iol.unh.edu
To: Test Report <test-report@dpdk.org>
Cc: dpdk-test-reports@iol.unh.edu, Dengdui Huang <huangdengdui@huawei.com>
In-Reply-To: <20240312075238.3319480-4-huangdengdui@huawei.com>
References: <20240312075238.3319480-4-huangdengdui@huawei.com>
Content-Type: text/plain
X-BeenThere: test-report@dpdk.org
X-Mailman-Version: 2.1.29
Precedence: list
List-Id: automatic DPDK test reports <test-report.dpdk.org>
List-Unsubscribe: <https://mails.dpdk.org/options/test-report>,
 <mailto:test-report-request@dpdk.org?subject=unsubscribe>
List-Archive: <http://mails.dpdk.org/archives/test-report/>
List-Post: <mailto:test-report@dpdk.org>
List-Help: <mailto:test-report-request@dpdk.org?subject=help>
List-Subscribe: <https://mails.dpdk.org/listinfo/test-report>,
 <mailto:test-report-request@dpdk.org?subject=subscribe>
Errors-To: test-report-bounces@dpdk.org

Test-Label: iol-unit-arm64-testing
Test-Status: FAILURE
http://dpdk.org/patch/138203

_Testing issues_

Submitter: Dengdui Huang <huangdengdui@huawei.com>
Date: Tuesday, March 12 2024 07:52:38 
DPDK git baseline: Repo:dpdk
  Branch: master
  CommitID:e3faaed01e14ffdfe8f4190030540ed874184b55

138202-138203 --> testing fail

Test environment and result as below:

+--------------------------+--------------+---------------------------+----------------+------------------------------+
|       Environment        | lpm_autotest | cryptodev_sw_zuc_autotest | dpdk_unit_test | cryptodev_sw_snow3g_autotest |
+==========================+==============+===========================+================+==============================+
| Ubuntu 20.04 ARM SVE     | PASS         | SKIPPED                   | SKIPPED        | SKIPPED                      |
+--------------------------+--------------+---------------------------+----------------+------------------------------+
| Debian 12 (arm)          | SKIPPED      | PASS                      | SKIPPED        | PASS                         |
+--------------------------+--------------+---------------------------+----------------+------------------------------+
| CentOS Stream 9 (ARM)    | SKIPPED      | SKIPPED                   | FAIL           | SKIPPED                      |
+--------------------------+--------------+---------------------------+----------------+------------------------------+
| Debian 11 (Buster) (ARM) | SKIPPED      | SKIPPED                   | FAIL           | SKIPPED                      |
+--------------------------+--------------+---------------------------+----------------+------------------------------+

==== 20 line log output for Debian 11 (Buster) (ARM) (dpdk_unit_test): ====
Installing /home-local/jenkins-local/jenkins-agent/workspace/Generic-Unit-Test-DPDK/dpdk/drivers/raw/cnxk_bphy/rte_pmd_bphy.h to /usr/local/include
Installing /home-local/jenkins-local/jenkins-agent/workspace/Generic-Unit-Test-DPDK/dpdk/drivers/raw/cnxk_gpio/rte_pmd_cnxk_gpio.h to /usr/local/include
Installing /home-local/jenkins-local/jenkins-agent/workspace/Generic-Unit-Test-DPDK/dpdk/drivers/raw/dpaa2_cmdif/rte_pmd_dpaa2_cmdif.h to /usr/local/include
Installing /home-local/jenkins-local/jenkins-agent/workspace/Generic-Unit-Test-DPDK/dpdk/drivers/raw/ntb/rte_pmd_ntb.h to /usr/local/include
Installing /home-local/jenkins-local/jenkins-agent/workspace/Generic-Unit-Test-DPDK/dpdk/drivers/crypto/cnxk/rte_pmd_cnxk_crypto.h to /usr/local/include
Installing /home-local/jenkins-local/jenkins-agent/workspace/Generic-Unit-Test-DPDK/dpdk/drivers/crypto/scheduler/rte_cryptodev_scheduler.h to /usr/local/include
Installing /home-local/jenkins-local/jenkins-agent/workspace/Generic-Unit-Test-DPDK/dpdk/drivers/crypto/scheduler/rte_cryptodev_scheduler_operations.h to /usr/local/include
Installing /home-local/jenkins-local/jenkins-agent/workspace/Generic-Unit-Test-DPDK/dpdk/drivers/event/cnxk/rte_pmd_cnxk_eventdev.h to /usr/local/include
Installing /home-local/jenkins-local/jenkins-agent/workspace/Generic-Unit-Test-DPDK/dpdk/drivers/baseband/acc/rte_acc_cfg.h to /usr/local/include
Installing /home-local/jenkins-local/jenkins-agent/workspace/Generic-Unit-Test-DPDK/dpdk/drivers/baseband/fpga_5gnr_fec/rte_pmd_fpga_5gnr_fec.h to /usr/local/include
Installing /home-local/jenkins-local/jenkins-agent/workspace/Generic-Unit-Test-DPDK/dpdk/buildtools/dpdk-cmdline-gen.py to /usr/local/bin
Installing /home-local/jenkins-local/jenkins-agent/workspace/Generic-Unit-Test-DPDK/dpdk/usertools/dpdk-devbind.py to /usr/local/bin
Installing /home-local/jenkins-local/jenkins-agent/workspace/Generic-Unit-Test-DPDK/dpdk/usertools/dpdk-pmdinfo.py to /usr/local/bin
Installing /home-local/jenkins-local/jenkins-agent/workspace/Generic-Unit-Test-DPDK/dpdk/usertools/dpdk-telemetry.py to /usr/local/bin
Installing /home-local/jenkins-local/jenkins-agent/workspace/Generic-Unit-Test-DPDK/dpdk/usertools/dpdk-hugepages.py to /usr/local/bin
Installing /home-local/jenkins-local/jenkins-agent/workspace/Generic-Unit-Test-DPDK/dpdk/usertools/dpdk-rss-flows.py to /usr/local/bin
Installing /home-local/jenkins-local/jenkins-agent/workspace/Generic-Unit-Test-DPDK/dpdk/build/rte_build_config.h to /usr/local/include
Installing /home-local/jenkins-local/jenkins-agent/workspace/Generic-Unit-Test-DPDK/dpdk/build/meson-private/libdpdk-libs.pc to /usr/local/lib/aarch64-linux-gnu/pkgconfig
Installing /home-local/jenkins-local/jenkins-agent/workspace/Generic-Unit-Test-DPDK/dpdk/build/meson-private/libdpdk.pc to /usr/local/lib/aarch64-linux-gnu/pkgconfig
Running custom install script '/bin/sh /home-local/jenkins-local/jenkins-agent/workspace/Generic-Unit-Test-DPDK/dpdk/config/../buildtools/symlink-drivers-solibs.sh lib/aarch64-linux-gnu dpdk/pmds-24.1'
==== End log output ====

Ubuntu 20.04 ARM SVE
	Kernel: 5.4.0-80-generic
	Compiler: gcc 10.3.0 (Ubuntu 10.3.0-1ubuntu1~20.04)

Debian 12 (arm)
	Kernel: Container Host Kernel
	Compiler: gcc 11

CentOS Stream 9 (ARM)
	Kernel: Container Host Kernel
	Compiler: gcc 11.3.1

Debian 11 (Buster) (ARM)
	Kernel: Container Host Kernel
	Compiler: gcc 10.2.1

To view detailed results, visit:
https://lab.dpdk.org/results/dashboard/patchsets/29510/

UNH-IOL DPDK Community Lab

To manage your email subscriptions, visit: 
https://lab.dpdk.org/results/dashboard/preferences/subscriptions/