From mboxrd@z Thu Jan  1 00:00:00 1970
Return-Path: <test-report-bounces@dpdk.org>
Received: from mails.dpdk.org (mails.dpdk.org [217.70.189.124])
	by inbox.dpdk.org (Postfix) with ESMTP id 3376843C90
	for <public@inbox.dpdk.org>; Tue, 12 Mar 2024 12:08:15 +0100 (CET)
Received: from mails.dpdk.org (localhost [127.0.0.1])
	by mails.dpdk.org (Postfix) with ESMTP id 2E1E9402D8;
	Tue, 12 Mar 2024 12:08:15 +0100 (CET)
Received: from mail-vk1-f226.google.com (mail-vk1-f226.google.com
 [209.85.221.226])
 by mails.dpdk.org (Postfix) with ESMTP id 0404C40282
 for <test-report@dpdk.org>; Tue, 12 Mar 2024 12:08:10 +0100 (CET)
Received: by mail-vk1-f226.google.com with SMTP id
 71dfb90a1353d-4d40b0d7223so83119e0c.0
 for <test-report@dpdk.org>; Tue, 12 Mar 2024 04:08:09 -0700 (PDT)
DKIM-Signature: v=1; a=rsa-sha256; c=relaxed/relaxed;
 d=iol.unh.edu; s=unh-iol; t=1710241689; x=1710846489; darn=dpdk.org;
 h=references:in-reply-to:cc:to:from:subject:message-id:date:from:to
 :cc:subject:date:message-id:reply-to;
 bh=jjonidiwhHvqDyJA0y3gpl944v3UkxRrdvZu2ZqzGjQ=;
 b=Z/jB3GUxaFMa9MVgaH2yxfsV1dYeAxYVMDBCxlKAT4YAFXlK7cdCoxLMQSTCz7pGqN
 RDBKl9uVRX5iQB0KNOz1JkE4UHZdEVdeKdb3f2cgv1GRibwA3pFNZuFNfS0oA7ChDCCJ
 BIQQafULY1PiRvi6Q5aA48aR6579/JE74GLA0=
X-Google-DKIM-Signature: v=1; a=rsa-sha256; c=relaxed/relaxed;
 d=1e100.net; s=20230601; t=1710241689; x=1710846489;
 h=references:in-reply-to:cc:to:from:subject:message-id:date
 :x-gm-message-state:from:to:cc:subject:date:message-id:reply-to;
 bh=jjonidiwhHvqDyJA0y3gpl944v3UkxRrdvZu2ZqzGjQ=;
 b=gvVBSBGDZbrBKhN+SJsXRDQPU1D94mxJDLvYFlYeldpNCiDDam9zKL84zf5STs9IOQ
 FnEddSNkU+3WsF7f6LVJ7CAlO5YerZlLWl+KxjrNNf6PKPDpaZqqINpu2mUAiug3VOjj
 8yEsRU0U85Fjh7rvljTlWYkIPchwkyHdmozywNjTr/4kLqLcyTl4sSg/foN/9bwWlF8v
 fWhHCMWv72HuOoYCjMl/arloXEhsZsnGc2wa3BF5TYAoR02ao/6Uh5qctwyoprfPMZ6+
 q/lrf/1Tb2b5bpunRLwBTpO186PA6XuUFT6IjIEy8Ue1SJy1641+15ngSKv9LvmTJNJq
 IwYw==
X-Gm-Message-State: AOJu0Yy983MtFPPFFB2feoWzo85zVESuwWmCVpB5cn5/O+A3gaXCC6nd
 sgl/gfjyaJOWiw8lz+JGeBHcuOIbELhCnPCyi4L/JflcDVfUCmcgUup7nSpmBtH/jQGoliaA9JE
 0Nd3/7nKt0Fnx/m3eqylQVsm12A8kxAgg7LtAqCH6VSmbjG4L/wIIWrid
X-Google-Smtp-Source: AGHT+IHpv7ZIvQEab+HKipFb+MZxAIlQJBReoTmRWtIfkDZXT6q3QdJha0w+zmjkPjHNEt/RcU2NssKRctAD
X-Received: by 2002:a05:6122:202a:b0:4cd:20ea:35b1 with SMTP id
 l42-20020a056122202a00b004cd20ea35b1mr5306789vkd.2.1710241689398; 
 Tue, 12 Mar 2024 04:08:09 -0700 (PDT)
Received: from postal.iol.unh.edu (postal.iol.unh.edu.
 [2606:4100:3880:1234::84]) by smtp-relay.gmail.com with ESMTPS id
 ba12-20020a0561220c8c00b004bd879e609dsm443028vkb.2.2024.03.12.04.08.09
 (version=TLS1_2 cipher=ECDHE-ECDSA-AES128-GCM-SHA256 bits=128/128);
 Tue, 12 Mar 2024 04:08:09 -0700 (PDT)
X-Relaying-Domain: iol.unh.edu
Date: Tue, 12 Mar 2024 04:08:09 -0700 (PDT)
Message-ID: <65f03799.050a0220.61be5.8cefSMTPIN_ADDED_MISSING@mx.google.com>
Received: from [172.21.0.6] (unknown [172.18.0.240])
 by postal.iol.unh.edu (Postfix) with ESMTP id 0B7DB6052471;
 Tue, 12 Mar 2024 07:08:09 -0400 (EDT)
Subject: |FAILURE| pw138202-138203 [PATCH] [3/3] app/testpmd: support setting
From: dpdklab@iol.unh.edu
To: Test Report <test-report@dpdk.org>
Cc: dpdk-test-reports@iol.unh.edu, Dengdui Huang <huangdengdui@huawei.com>
In-Reply-To: <20240312075238.3319480-4-huangdengdui@huawei.com>
References: <20240312075238.3319480-4-huangdengdui@huawei.com>
Content-Type: text/plain
X-BeenThere: test-report@dpdk.org
X-Mailman-Version: 2.1.29
Precedence: list
List-Id: automatic DPDK test reports <test-report.dpdk.org>
List-Unsubscribe: <https://mails.dpdk.org/options/test-report>,
 <mailto:test-report-request@dpdk.org?subject=unsubscribe>
List-Archive: <http://mails.dpdk.org/archives/test-report/>
List-Post: <mailto:test-report@dpdk.org>
List-Help: <mailto:test-report-request@dpdk.org?subject=help>
List-Subscribe: <https://mails.dpdk.org/listinfo/test-report>,
 <mailto:test-report-request@dpdk.org?subject=subscribe>
Errors-To: test-report-bounces@dpdk.org

Test-Label: iol-unit-arm64-testing
Test-Status: FAILURE
http://dpdk.org/patch/138203

_Testing issues_

Submitter: Dengdui Huang <huangdengdui@huawei.com>
Date: Tuesday, March 12 2024 07:52:38 
DPDK git baseline: Repo:dpdk
  Branch: master
  CommitID:e3faaed01e14ffdfe8f4190030540ed874184b55

138202-138203 --> testing fail

Test environment and result as below:

+--------------------------+--------------+---------------------------+----------------+------------------------------+
|       Environment        | lpm_autotest | cryptodev_sw_zuc_autotest | dpdk_unit_test | cryptodev_sw_snow3g_autotest |
+==========================+==============+===========================+================+==============================+
| Ubuntu 20.04 ARM SVE     | PASS         | SKIPPED                   | SKIPPED        | SKIPPED                      |
+--------------------------+--------------+---------------------------+----------------+------------------------------+
| Debian 12 (arm)          | SKIPPED      | PASS                      | SKIPPED        | PASS                         |
+--------------------------+--------------+---------------------------+----------------+------------------------------+
| CentOS Stream 9 (ARM)    | SKIPPED      | SKIPPED                   | FAIL           | SKIPPED                      |
+--------------------------+--------------+---------------------------+----------------+------------------------------+
| Debian 11 (Buster) (ARM) | SKIPPED      | SKIPPED                   | FAIL           | SKIPPED                      |
+--------------------------+--------------+---------------------------+----------------+------------------------------+
| Fedora 37 (ARM)          | SKIPPED      | SKIPPED                   | FAIL           | SKIPPED                      |
+--------------------------+--------------+---------------------------+----------------+------------------------------+
| Fedora 38 (ARM)          | SKIPPED      | SKIPPED                   | FAIL           | SKIPPED                      |
+--------------------------+--------------+---------------------------+----------------+------------------------------+
| Fedora 38 (ARM Clang)    | SKIPPED      | SKIPPED                   | FAIL           | SKIPPED                      |
+--------------------------+--------------+---------------------------+----------------+------------------------------+
| Ubuntu 20.04 (ARM)       | SKIPPED      | SKIPPED                   | FAIL           | SKIPPED                      |
+--------------------------+--------------+---------------------------+----------------+------------------------------+

==== 20 line log output for Ubuntu 20.04 (ARM) (dpdk_unit_test): ====
'./librte_vdpa_mlx5.so.24.1' -> 'dpdk/pmds-24.1/librte_vdpa_mlx5.so.24.1'
'./librte_vdpa_nfp.so' -> 'dpdk/pmds-24.1/librte_vdpa_nfp.so'
'./librte_vdpa_nfp.so.24' -> 'dpdk/pmds-24.1/librte_vdpa_nfp.so.24'
'./librte_vdpa_nfp.so.24.1' -> 'dpdk/pmds-24.1/librte_vdpa_nfp.so.24.1'
'./librte_vdpa_sfc.so' -> 'dpdk/pmds-24.1/librte_vdpa_sfc.so'
'./librte_vdpa_sfc.so.24' -> 'dpdk/pmds-24.1/librte_vdpa_sfc.so.24'
'./librte_vdpa_sfc.so.24.1' -> 'dpdk/pmds-24.1/librte_vdpa_sfc.so.24.1'
Installing /home-local/jenkins-local/jenkins-agent/workspace/Generic-Unit-Test-DPDK/dpdk/drivers/event/cnxk/rte_pmd_cnxk_eventdev.h to /usr/local/include
Installing /home-local/jenkins-local/jenkins-agent/workspace/Generic-Unit-Test-DPDK/dpdk/drivers/baseband/acc/rte_acc_cfg.h to /usr/local/include
Installing /home-local/jenkins-local/jenkins-agent/workspace/Generic-Unit-Test-DPDK/dpdk/drivers/baseband/fpga_5gnr_fec/rte_pmd_fpga_5gnr_fec.h to /usr/local/include
Installing /home-local/jenkins-local/jenkins-agent/workspace/Generic-Unit-Test-DPDK/dpdk/buildtools/dpdk-cmdline-gen.py to /usr/local/bin
Installing /home-local/jenkins-local/jenkins-agent/workspace/Generic-Unit-Test-DPDK/dpdk/usertools/dpdk-devbind.py to /usr/local/bin
Installing /home-local/jenkins-local/jenkins-agent/workspace/Generic-Unit-Test-DPDK/dpdk/usertools/dpdk-pmdinfo.py to /usr/local/bin
Installing /home-local/jenkins-local/jenkins-agent/workspace/Generic-Unit-Test-DPDK/dpdk/usertools/dpdk-telemetry.py to /usr/local/bin
Installing /home-local/jenkins-local/jenkins-agent/workspace/Generic-Unit-Test-DPDK/dpdk/usertools/dpdk-hugepages.py to /usr/local/bin
Installing /home-local/jenkins-local/jenkins-agent/workspace/Generic-Unit-Test-DPDK/dpdk/usertools/dpdk-rss-flows.py to /usr/local/bin
Installing /home-local/jenkins-local/jenkins-agent/workspace/Generic-Unit-Test-DPDK/dpdk/build/rte_build_config.h to /usr/local/include
Installing /home-local/jenkins-local/jenkins-agent/workspace/Generic-Unit-Test-DPDK/dpdk/build/meson-private/libdpdk-libs.pc to /usr/local/lib/aarch64-linux-gnu/pkgconfig
Installing /home-local/jenkins-local/jenkins-agent/workspace/Generic-Unit-Test-DPDK/dpdk/build/meson-private/libdpdk.pc to /usr/local/lib/aarch64-linux-gnu/pkgconfig
Running custom install script '/bin/sh /home-local/jenkins-local/jenkins-agent/workspace/Generic-Unit-Test-DPDK/dpdk/config/../buildtools/symlink-drivers-solibs.sh lib/aarch64-linux-gnu dpdk/pmds-24.1'
==== End log output ====

Ubuntu 20.04 ARM SVE
	Kernel: 5.4.0-80-generic
	Compiler: gcc 10.3.0 (Ubuntu 10.3.0-1ubuntu1~20.04)

Debian 12 (arm)
	Kernel: Container Host Kernel
	Compiler: gcc 11

CentOS Stream 9 (ARM)
	Kernel: Container Host Kernel
	Compiler: gcc 11.3.1

Debian 11 (Buster) (ARM)
	Kernel: Container Host Kernel
	Compiler: gcc 10.2.1

Fedora 37 (ARM)
	Kernel: Depends on container host
	Compiler: gcc 12.3.1

Fedora 38 (ARM)
	Kernel: Depends on container host
	Compiler: gcc 13.1.1

Fedora 38 (ARM Clang)
	Kernel: Depends on container host
	Compiler: clang 16.0.3

Ubuntu 20.04 (ARM)
	Kernel: Container Host Kernel
	Compiler: gcc 9.4.0

To view detailed results, visit:
https://lab.dpdk.org/results/dashboard/patchsets/29510/

UNH-IOL DPDK Community Lab

To manage your email subscriptions, visit: 
https://lab.dpdk.org/results/dashboard/preferences/subscriptions/