From mboxrd@z Thu Jan  1 00:00:00 1970
Return-Path: <test-report-bounces@dpdk.org>
Received: from mails.dpdk.org (mails.dpdk.org [217.70.189.124])
	by inbox.dpdk.org (Postfix) with ESMTP id AFEA043C90
	for <public@inbox.dpdk.org>; Tue, 12 Mar 2024 12:09:43 +0100 (CET)
Received: from mails.dpdk.org (localhost [127.0.0.1])
	by mails.dpdk.org (Postfix) with ESMTP id A5D2C402D8;
	Tue, 12 Mar 2024 12:09:43 +0100 (CET)
Received: from mail-yw1-f227.google.com (mail-yw1-f227.google.com
 [209.85.128.227])
 by mails.dpdk.org (Postfix) with ESMTP id 59D9E40282
 for <test-report@dpdk.org>; Tue, 12 Mar 2024 12:09:42 +0100 (CET)
Received: by mail-yw1-f227.google.com with SMTP id
 00721157ae682-60a0579a931so36478997b3.0
 for <test-report@dpdk.org>; Tue, 12 Mar 2024 04:09:42 -0700 (PDT)
DKIM-Signature: v=1; a=rsa-sha256; c=relaxed/relaxed;
 d=iol.unh.edu; s=unh-iol; t=1710241781; x=1710846581; darn=dpdk.org;
 h=references:in-reply-to:cc:to:from:subject:message-id:date:from:to
 :cc:subject:date:message-id:reply-to;
 bh=jjonidiwhHvqDyJA0y3gpl944v3UkxRrdvZu2ZqzGjQ=;
 b=hNfTR88tTEChtSfQMwUQw174PguEXj8C+hrm2zxevXV475Aqci0gDeYG+63FnPziZX
 nIY6sqLgMkt1/qhfnqi+jtjCDtKMK07mWyJmVomAmuhEkHJzA2ioPKFTLv3uKRMzqqT7
 D/ZulUyk9k6jomhtJ2GkWWu7zRQ5Fke9HeWrg=
X-Google-DKIM-Signature: v=1; a=rsa-sha256; c=relaxed/relaxed;
 d=1e100.net; s=20230601; t=1710241781; x=1710846581;
 h=references:in-reply-to:cc:to:from:subject:message-id:date
 :x-gm-message-state:from:to:cc:subject:date:message-id:reply-to;
 bh=jjonidiwhHvqDyJA0y3gpl944v3UkxRrdvZu2ZqzGjQ=;
 b=EhYP4sPNTrYb/8hgXLSsnC9TRpqMXZcDe4I5HCTKJLHMxAttTDPxlUjpsdg4Ley+Lo
 sfxsZu98Qr+gdtDFroYWZIPN2R/vklWWKvzCwz0rwtHT4vx8XOUQBvwNiKZaXNLRSqU0
 m+zH5yCRla1B25Jd77pYOpXnqZaVUweFM/5sUhTHt9IftzndKtXmdvLT5V7CN3bD7dAm
 uXMLMbllD11l9Bi/HibrhiUq427n3Be7Mt2rLoGp6aDFxPZ5kAdZR1GpH/D7f+k33yDI
 D3dt2l2J8KYveTaoiluc+mZmHOOoiqO7q/RvdR9C9wbWK7wAotRQp8pGHwgrHN16xdlc
 VLCw==
X-Gm-Message-State: AOJu0YxKIpAPq+mmKM2VUwbdTJvFPm8+twupf9Xi9DaGSE/LH6X1JUiT
 6neawyJxBEf1RNkPD1B0qXViLFMPckylOwcRb6WG0eKKioeqQ7xDqW/HPLz8ROMeIy23py4avA+
 8iqbb0kauPRlK/LIUzwfkECM5bNpzBsoHmRrb7MLHhOPYpfiWGZxWOBe5
X-Google-Smtp-Source: AGHT+IFGDVM4Nz/mKZbwmTc+GlKFa2zd5tYZCJmaNprS2C01MHme7z2dlL2eBjfhU3JNPkwTjq5GqbA7IiY6
X-Received: by 2002:a25:8f8c:0:b0:dc2:41de:b744 with SMTP id
 u12-20020a258f8c000000b00dc241deb744mr6563042ybl.32.1710241781784; 
 Tue, 12 Mar 2024 04:09:41 -0700 (PDT)
Received: from postal.iol.unh.edu (postal.iol.unh.edu.
 [2606:4100:3880:1234::84]) by smtp-relay.gmail.com with ESMTPS id
 13-20020ac8574d000000b0042ef16fd516sm357134qtx.21.2024.03.12.04.09.41
 (version=TLS1_2 cipher=ECDHE-ECDSA-AES128-GCM-SHA256 bits=128/128);
 Tue, 12 Mar 2024 04:09:41 -0700 (PDT)
X-Relaying-Domain: iol.unh.edu
Date: Tue, 12 Mar 2024 04:09:41 -0700 (PDT)
Message-ID: <65f037f5.c80a0220.ad796.6ad8SMTPIN_ADDED_MISSING@mx.google.com>
Received: from [172.17.0.7] (unknown [172.18.0.217])
 by postal.iol.unh.edu (Postfix) with ESMTP id 784886052471;
 Tue, 12 Mar 2024 07:09:41 -0400 (EDT)
Subject: |FAILURE| pw138202-138203 [PATCH] [3/3] app/testpmd: support setting
From: dpdklab@iol.unh.edu
To: Test Report <test-report@dpdk.org>
Cc: dpdk-test-reports@iol.unh.edu, Dengdui Huang <huangdengdui@huawei.com>
In-Reply-To: <20240312075238.3319480-4-huangdengdui@huawei.com>
References: <20240312075238.3319480-4-huangdengdui@huawei.com>
Content-Type: text/plain
X-BeenThere: test-report@dpdk.org
X-Mailman-Version: 2.1.29
Precedence: list
List-Id: automatic DPDK test reports <test-report.dpdk.org>
List-Unsubscribe: <https://mails.dpdk.org/options/test-report>,
 <mailto:test-report-request@dpdk.org?subject=unsubscribe>
List-Archive: <http://mails.dpdk.org/archives/test-report/>
List-Post: <mailto:test-report@dpdk.org>
List-Help: <mailto:test-report-request@dpdk.org?subject=help>
List-Subscribe: <https://mails.dpdk.org/listinfo/test-report>,
 <mailto:test-report-request@dpdk.org?subject=subscribe>
Errors-To: test-report-bounces@dpdk.org

Test-Label: iol-unit-arm64-testing
Test-Status: FAILURE
http://dpdk.org/patch/138203

_Testing issues_

Submitter: Dengdui Huang <huangdengdui@huawei.com>
Date: Tuesday, March 12 2024 07:52:38 
DPDK git baseline: Repo:dpdk
  Branch: master
  CommitID:e3faaed01e14ffdfe8f4190030540ed874184b55

138202-138203 --> testing fail

Test environment and result as below:

+--------------------------+--------------+---------------------------+----------------+------------------------------+
|       Environment        | lpm_autotest | cryptodev_sw_zuc_autotest | dpdk_unit_test | cryptodev_sw_snow3g_autotest |
+==========================+==============+===========================+================+==============================+
| Ubuntu 20.04 ARM SVE     | PASS         | SKIPPED                   | SKIPPED        | SKIPPED                      |
+--------------------------+--------------+---------------------------+----------------+------------------------------+
| Debian 12 (arm)          | SKIPPED      | PASS                      | SKIPPED        | PASS                         |
+--------------------------+--------------+---------------------------+----------------+------------------------------+
| CentOS Stream 9 (ARM)    | SKIPPED      | SKIPPED                   | FAIL           | SKIPPED                      |
+--------------------------+--------------+---------------------------+----------------+------------------------------+
| Debian 11 (Buster) (ARM) | SKIPPED      | SKIPPED                   | FAIL           | SKIPPED                      |
+--------------------------+--------------+---------------------------+----------------+------------------------------+
| Fedora 37 (ARM)          | SKIPPED      | SKIPPED                   | FAIL           | SKIPPED                      |
+--------------------------+--------------+---------------------------+----------------+------------------------------+
| Fedora 38 (ARM)          | SKIPPED      | SKIPPED                   | FAIL           | SKIPPED                      |
+--------------------------+--------------+---------------------------+----------------+------------------------------+
| Fedora 38 (ARM Clang)    | SKIPPED      | SKIPPED                   | FAIL           | SKIPPED                      |
+--------------------------+--------------+---------------------------+----------------+------------------------------+
| Ubuntu 20.04 (ARM)       | SKIPPED      | SKIPPED                   | FAIL           | SKIPPED                      |
+--------------------------+--------------+---------------------------+----------------+------------------------------+

==== 20 line log output for Ubuntu 20.04 (ARM) (dpdk_unit_test): ====
'./librte_vdpa_mlx5.so.24.1' -> 'dpdk/pmds-24.1/librte_vdpa_mlx5.so.24.1'
'./librte_vdpa_nfp.so' -> 'dpdk/pmds-24.1/librte_vdpa_nfp.so'
'./librte_vdpa_nfp.so.24' -> 'dpdk/pmds-24.1/librte_vdpa_nfp.so.24'
'./librte_vdpa_nfp.so.24.1' -> 'dpdk/pmds-24.1/librte_vdpa_nfp.so.24.1'
'./librte_vdpa_sfc.so' -> 'dpdk/pmds-24.1/librte_vdpa_sfc.so'
'./librte_vdpa_sfc.so.24' -> 'dpdk/pmds-24.1/librte_vdpa_sfc.so.24'
'./librte_vdpa_sfc.so.24.1' -> 'dpdk/pmds-24.1/librte_vdpa_sfc.so.24.1'
Installing /home-local/jenkins-local/jenkins-agent/workspace/Generic-Unit-Test-DPDK/dpdk/drivers/event/cnxk/rte_pmd_cnxk_eventdev.h to /usr/local/include
Installing /home-local/jenkins-local/jenkins-agent/workspace/Generic-Unit-Test-DPDK/dpdk/drivers/baseband/acc/rte_acc_cfg.h to /usr/local/include
Installing /home-local/jenkins-local/jenkins-agent/workspace/Generic-Unit-Test-DPDK/dpdk/drivers/baseband/fpga_5gnr_fec/rte_pmd_fpga_5gnr_fec.h to /usr/local/include
Installing /home-local/jenkins-local/jenkins-agent/workspace/Generic-Unit-Test-DPDK/dpdk/buildtools/dpdk-cmdline-gen.py to /usr/local/bin
Installing /home-local/jenkins-local/jenkins-agent/workspace/Generic-Unit-Test-DPDK/dpdk/usertools/dpdk-devbind.py to /usr/local/bin
Installing /home-local/jenkins-local/jenkins-agent/workspace/Generic-Unit-Test-DPDK/dpdk/usertools/dpdk-pmdinfo.py to /usr/local/bin
Installing /home-local/jenkins-local/jenkins-agent/workspace/Generic-Unit-Test-DPDK/dpdk/usertools/dpdk-telemetry.py to /usr/local/bin
Installing /home-local/jenkins-local/jenkins-agent/workspace/Generic-Unit-Test-DPDK/dpdk/usertools/dpdk-hugepages.py to /usr/local/bin
Installing /home-local/jenkins-local/jenkins-agent/workspace/Generic-Unit-Test-DPDK/dpdk/usertools/dpdk-rss-flows.py to /usr/local/bin
Installing /home-local/jenkins-local/jenkins-agent/workspace/Generic-Unit-Test-DPDK/dpdk/build/rte_build_config.h to /usr/local/include
Installing /home-local/jenkins-local/jenkins-agent/workspace/Generic-Unit-Test-DPDK/dpdk/build/meson-private/libdpdk-libs.pc to /usr/local/lib/aarch64-linux-gnu/pkgconfig
Installing /home-local/jenkins-local/jenkins-agent/workspace/Generic-Unit-Test-DPDK/dpdk/build/meson-private/libdpdk.pc to /usr/local/lib/aarch64-linux-gnu/pkgconfig
Running custom install script '/bin/sh /home-local/jenkins-local/jenkins-agent/workspace/Generic-Unit-Test-DPDK/dpdk/config/../buildtools/symlink-drivers-solibs.sh lib/aarch64-linux-gnu dpdk/pmds-24.1'
==== End log output ====

Ubuntu 20.04 ARM SVE
	Kernel: 5.4.0-80-generic
	Compiler: gcc 10.3.0 (Ubuntu 10.3.0-1ubuntu1~20.04)

Debian 12 (arm)
	Kernel: Container Host Kernel
	Compiler: gcc 11

CentOS Stream 9 (ARM)
	Kernel: Container Host Kernel
	Compiler: gcc 11.3.1

Debian 11 (Buster) (ARM)
	Kernel: Container Host Kernel
	Compiler: gcc 10.2.1

Fedora 37 (ARM)
	Kernel: Depends on container host
	Compiler: gcc 12.3.1

Fedora 38 (ARM)
	Kernel: Depends on container host
	Compiler: gcc 13.1.1

Fedora 38 (ARM Clang)
	Kernel: Depends on container host
	Compiler: clang 16.0.3

Ubuntu 20.04 (ARM)
	Kernel: Container Host Kernel
	Compiler: gcc 9.4.0

To view detailed results, visit:
https://lab.dpdk.org/results/dashboard/patchsets/29510/

UNH-IOL DPDK Community Lab

To manage your email subscriptions, visit: 
https://lab.dpdk.org/results/dashboard/preferences/subscriptions/