From mboxrd@z Thu Jan  1 00:00:00 1970
Return-Path: <test-report-bounces@dpdk.org>
Received: from mails.dpdk.org (mails.dpdk.org [217.70.189.124])
	by inbox.dpdk.org (Postfix) with ESMTP id 2918643C96
	for <public@inbox.dpdk.org>; Tue, 12 Mar 2024 22:07:12 +0100 (CET)
Received: from mails.dpdk.org (localhost [127.0.0.1])
	by mails.dpdk.org (Postfix) with ESMTP id 10C16402CD;
	Tue, 12 Mar 2024 22:07:12 +0100 (CET)
Received: from mail-pg1-f227.google.com (mail-pg1-f227.google.com
 [209.85.215.227])
 by mails.dpdk.org (Postfix) with ESMTP id B780B40272
 for <test-report@dpdk.org>; Tue, 12 Mar 2024 22:07:10 +0100 (CET)
Received: by mail-pg1-f227.google.com with SMTP id
 41be03b00d2f7-5ce9555d42eso4473642a12.2
 for <test-report@dpdk.org>; Tue, 12 Mar 2024 14:07:10 -0700 (PDT)
DKIM-Signature: v=1; a=rsa-sha256; c=relaxed/relaxed;
 d=iol.unh.edu; s=unh-iol; t=1710277630; x=1710882430; darn=dpdk.org;
 h=references:in-reply-to:cc:to:from:subject:message-id:date:from:to
 :cc:subject:date:message-id:reply-to;
 bh=sW8gWzmAvQUcuhcU89t4aArPbYgL/RIqrvgAk5goXFg=;
 b=RVkYSlE8OcPQfPK1l+Mtk7kX/SYcPKGdxX5OGIuFsG0b3qQJpeyeCmdyRzPDXNS97z
 WyHZSzVKcn+cx1FmQheUF8LqW7EkMRXhAxVbu8g92Q1PWQuYD/QyT5mXa42SjMa9S+C2
 5UCBp349szd3szdl1vCTkTfG9LYgJtD4tNC0o=
X-Google-DKIM-Signature: v=1; a=rsa-sha256; c=relaxed/relaxed;
 d=1e100.net; s=20230601; t=1710277630; x=1710882430;
 h=references:in-reply-to:cc:to:from:subject:message-id:date
 :x-gm-message-state:from:to:cc:subject:date:message-id:reply-to;
 bh=sW8gWzmAvQUcuhcU89t4aArPbYgL/RIqrvgAk5goXFg=;
 b=qOdH+Jg94+R6GqwJxj6rX6samE/e7H+viAxowrxtyc/weW4rYwRUlU1eNF2UFyqAmR
 QWoZzaabxnpagcNcpCvbBxEscVQ5xA+4Ynq/ht0QbYjynLaWRGL77kDjMd7QI6pGoU1w
 BDpBwsMjALIIzjQ5Q0KpFZIfIi0K4j5m3gv50OmSSAkiALGdtDoWju6xjuWjpKgn/x0j
 prT9FluxFhB6ir6x8VPzjZacS5Yu3GiLXVrN7nqDC5FodIDG7A9/6uQtUl9plOT0UJdK
 wGn7s0yNCcSmNl+/c9PQKyYzf9TfVLhbLKSIL/Pz1PemyP6u4cOm4Xn9dQGCHhPdH/us
 NgHA==
X-Gm-Message-State: AOJu0YxMYApSznWX2JX40+eccUo6ZgJfMxppdDhJN59L+Ma7hLWOSrkK
 b0NOvjH6U/ux0s7IuCPIPO9easnR4oIzT+la5Qj2cEkCsz2sZeJEp9UnVzvGdV56CMKdw1HIEcM
 lmFqO5LwsZwsqxHK6cd/4s317lwyqiD6BX6bqfL7u
X-Google-Smtp-Source: AGHT+IFXZwr0QxnZNVNf8oD+jKAHl5OjcnwnQbJLT5ICnHaQKmzHNMXOlOq5e9fG2I7lOSt0c3sOgKytBO2s
X-Received: by 2002:a17:90a:8b0d:b0:29b:efcb:7e83 with SMTP id
 y13-20020a17090a8b0d00b0029befcb7e83mr6891290pjn.3.1710277629962; 
 Tue, 12 Mar 2024 14:07:09 -0700 (PDT)
Received: from postal.iol.unh.edu (postal.iol.unh.edu. [132.177.123.84])
 by smtp-relay.gmail.com with ESMTPS id
 o3-20020a17090a420300b0029bb4737acbsm1981pjg.1.2024.03.12.14.07.09
 (version=TLS1_2 cipher=ECDHE-ECDSA-AES128-GCM-SHA256 bits=128/128);
 Tue, 12 Mar 2024 14:07:09 -0700 (PDT)
X-Relaying-Domain: iol.unh.edu
Date: Tue, 12 Mar 2024 14:07:09 -0700 (PDT)
Message-ID: <65f0c3fd.170a0220.d11ea.01fbSMTPIN_ADDED_MISSING@mx.google.com>
Received: from [172.21.0.7] (unknown [172.18.0.240])
 by postal.iol.unh.edu (Postfix) with ESMTP id 21ED16052471;
 Tue, 12 Mar 2024 17:07:09 -0400 (EDT)
Subject: |WARNING| pw138229-138249 [PATCH] [v3,21/21] test/security: add out 
From: dpdklab@iol.unh.edu
To: Test Report <test-report@dpdk.org>
Cc: dpdk-test-reports@iol.unh.edu, Aakash Sasidharan <asasidharan@marvell.com>
In-Reply-To: <20240312175143.1664699-22-asasidharan@marvell.com>
References: <20240312175143.1664699-22-asasidharan@marvell.com>
Content-Type: text/plain
X-BeenThere: test-report@dpdk.org
X-Mailman-Version: 2.1.29
Precedence: list
List-Id: automatic DPDK test reports <test-report.dpdk.org>
List-Unsubscribe: <https://mails.dpdk.org/options/test-report>,
 <mailto:test-report-request@dpdk.org?subject=unsubscribe>
List-Archive: <http://mails.dpdk.org/archives/test-report/>
List-Post: <mailto:test-report@dpdk.org>
List-Help: <mailto:test-report-request@dpdk.org?subject=help>
List-Subscribe: <https://mails.dpdk.org/listinfo/test-report>,
 <mailto:test-report-request@dpdk.org?subject=subscribe>
Errors-To: test-report-bounces@dpdk.org

Test-Label: iol-unit-arm64-testing
Test-Status: WARNING
http://dpdk.org/patch/138249

_Testing issues_

Submitter: Aakash Sasidharan <asasidharan@marvell.com>
Date: Tuesday, March 12 2024 17:51:43 
DPDK git baseline: Repo:dpdk
  Branch: master
  CommitID:a86f381b826660e88794754c41d3aec79ce9b87c

138229-138249 --> testing fail

Test environment and result as below:

+--------------------------+------------------------------+---------------------------+----------------+--------------+
|       Environment        | cryptodev_sw_snow3g_autotest | cryptodev_sw_zuc_autotest | dpdk_unit_test | lpm_autotest |
+==========================+==============================+===========================+================+==============+
| Debian 12 (arm)          | FAIL                         | FAIL                      | PASS           | SKIPPED      |
+--------------------------+------------------------------+---------------------------+----------------+--------------+
| Debian 11 (Buster) (ARM) | SKIPPED                      | SKIPPED                   | PASS           | SKIPPED      |
+--------------------------+------------------------------+---------------------------+----------------+--------------+
| CentOS Stream 9 (ARM)    | SKIPPED                      | SKIPPED                   | PASS           | SKIPPED      |
+--------------------------+------------------------------+---------------------------+----------------+--------------+
| Fedora 38 (ARM)          | SKIPPED                      | SKIPPED                   | PASS           | SKIPPED      |
+--------------------------+------------------------------+---------------------------+----------------+--------------+
| Fedora 37 (ARM)          | SKIPPED                      | SKIPPED                   | PASS           | SKIPPED      |
+--------------------------+------------------------------+---------------------------+----------------+--------------+
| Ubuntu 20.04 (ARM)       | SKIPPED                      | SKIPPED                   | PASS           | SKIPPED      |
+--------------------------+------------------------------+---------------------------+----------------+--------------+
| Ubuntu 20.04 ARM SVE     | SKIPPED                      | SKIPPED                   | SKIPPED        | PASS         |
+--------------------------+------------------------------+---------------------------+----------------+--------------+

==== 20 line log output for Debian 12 (arm) (cryptodev_sw_zuc_autotest): ====
[3173/3177] Compiling C object app/dpdk-test.p/test_test_vdev.c.o
[3174/3177] Compiling C object app/dpdk-test.p/test_test_version.c.o
[3175/3177] Compiling C object app/dpdk-test.p/test_test_ipsec.c.o
[3176/3177] Compiling C object app/dpdk-test.p/test_test_cryptodev.c.o
[3177/3177] Linking target app/dpdk-test
ninja: no work to do.
ninja: Entering directory `/home-local/jenkins-local/jenkins-agent/workspace/Generic-Unit-Test-DPDK/dpdk/build'
ninja: no work to do.
1/1 DPDK:driver-tests / cryptodev_sw_zuc_autotest FAIL             0.40s   (exit status 255 or signal 127 SIGinvalid)
>>> MALLOC_PERTURB_=104 DPDK_TEST=cryptodev_sw_zuc_autotest /home-local/jenkins-local/jenkins-agent/workspace/Generic-Unit-Test-DPDK/dpdk/build/app/dpdk-test --no-huge --no-pci --vdev=crypto_zuc


Ok:                 0
Expected Fail:      0
Fail:               1
Unexpected Pass:    0
Skipped:            0
Timeout:            0

Full log written to /home-local/jenkins-local/jenkins-agent/workspace/Generic-Unit-Test-DPDK/dpdk/build/meson-logs/testlog.txt
==== End log output ====

Debian 12 (arm)
	Kernel: Container Host Kernel
	Compiler: gcc 11

Debian 11 (Buster) (ARM)
	Kernel: Container Host Kernel
	Compiler: gcc 10.2.1

CentOS Stream 9 (ARM)
	Kernel: Container Host Kernel
	Compiler: gcc 11.3.1

Fedora 38 (ARM)
	Kernel: Depends on container host
	Compiler: gcc 13.1.1

Fedora 37 (ARM)
	Kernel: Depends on container host
	Compiler: gcc 12.3.1

Ubuntu 20.04 (ARM)
	Kernel: Container Host Kernel
	Compiler: gcc 9.4.0

Ubuntu 20.04 ARM SVE
	Kernel: 5.4.0-80-generic
	Compiler: gcc 10.3.0 (Ubuntu 10.3.0-1ubuntu1~20.04)

To view detailed results, visit:
https://lab.dpdk.org/results/dashboard/patchsets/29524/

UNH-IOL DPDK Community Lab

To manage your email subscriptions, visit: 
https://lab.dpdk.org/results/dashboard/preferences/subscriptions/