From mboxrd@z Thu Jan  1 00:00:00 1970
Return-Path: <test-report-bounces@dpdk.org>
Received: from mails.dpdk.org (mails.dpdk.org [217.70.189.124])
	by inbox.dpdk.org (Postfix) with ESMTP id 460E343C96
	for <public@inbox.dpdk.org>; Tue, 12 Mar 2024 22:07:34 +0100 (CET)
Received: from mails.dpdk.org (localhost [127.0.0.1])
	by mails.dpdk.org (Postfix) with ESMTP id 41E24402CD;
	Tue, 12 Mar 2024 22:07:34 +0100 (CET)
Received: from mail-pf1-f227.google.com (mail-pf1-f227.google.com
 [209.85.210.227])
 by mails.dpdk.org (Postfix) with ESMTP id E561440272
 for <test-report@dpdk.org>; Tue, 12 Mar 2024 22:07:32 +0100 (CET)
Received: by mail-pf1-f227.google.com with SMTP id
 d2e1a72fcca58-6da202aa138so3934284b3a.2
 for <test-report@dpdk.org>; Tue, 12 Mar 2024 14:07:32 -0700 (PDT)
DKIM-Signature: v=1; a=rsa-sha256; c=relaxed/relaxed;
 d=iol.unh.edu; s=unh-iol; t=1710277652; x=1710882452; darn=dpdk.org;
 h=references:in-reply-to:cc:to:from:subject:message-id:date:from:to
 :cc:subject:date:message-id:reply-to;
 bh=sW8gWzmAvQUcuhcU89t4aArPbYgL/RIqrvgAk5goXFg=;
 b=gS1gjguuc3rZzqSJYDAhUIAgbnz0i1Er1wDBBU6pVRK+SY8eqPq1WB+ce655nsV2Q7
 hhpfQLX4PffdkDU+uDp5ceC/6NTWJFGRaQLiCOFPnmfruXF0COVNy7dL4qwdo7x2/oMr
 h5KTNyp2QLN4TBAM0yuyuo29EEb2PEyesj0wU=
X-Google-DKIM-Signature: v=1; a=rsa-sha256; c=relaxed/relaxed;
 d=1e100.net; s=20230601; t=1710277652; x=1710882452;
 h=references:in-reply-to:cc:to:from:subject:message-id:date
 :x-gm-message-state:from:to:cc:subject:date:message-id:reply-to;
 bh=sW8gWzmAvQUcuhcU89t4aArPbYgL/RIqrvgAk5goXFg=;
 b=nnARrxTGZnaayA+g5darOAkYLHcj90KuOJI5hQdMkG+qbRyprkCzX4u8xnThoRSjgL
 xsmGBveXats1kK0cZ4O5m8iNkUG+3PtaMwrEwteFiP/hAVMTuGtk80dnp8jU7iqBlxAE
 ie0AOHGfhrOX7we99KZWCtm3RZE/UrExV/QkoCY1rjtCRmw2wIoXa9Cl5wM53aPB3XMk
 DZ7XKcaCkEmeEo1ww5X/C3YoYuYXEBS6AMALdKUhitwbRqbwRWOq6qceTiBnBObGVqNQ
 RFQPibfqP1I59M1pAbAdbs+Xlt86E5wloyAQSaDakWLlkBWilOjofhBdrUojNPF7ETh2
 a//w==
X-Gm-Message-State: AOJu0Yyi+7hiI2gyhLCPJmU/9KEY5+bL8prCsNHMhgnQQ0OUgTkkmIDd
 Uf2xOn7F9hWFXxC6ozOVpt/5oZPUFq+aZsn2JNFUznxTgmecxPWMC35Y17P3JC/0SbDkVTU1cT+
 mLa2WyqgdodO1MtxxaHYcjvfBX6Q6cVEVI0tgM7PP
X-Google-Smtp-Source: AGHT+IFoh426CM74fQ+lCnRuH8aLbnGRWnc6ix3PyYUOIZ60g6iZuEiODv4VAB5W+4DGge0itXUeUcMmkKBj
X-Received: by 2002:a05:6a20:8e0a:b0:1a3:115b:5323 with SMTP id
 y10-20020a056a208e0a00b001a3115b5323mr11824877pzj.6.1710277652183; 
 Tue, 12 Mar 2024 14:07:32 -0700 (PDT)
Received: from postal.iol.unh.edu (postal.iol.unh.edu. [132.177.123.84])
 by smtp-relay.gmail.com with ESMTPS id
 g14-20020a63fa4e000000b005dccf9561c1sm414856pgk.10.2024.03.12.14.07.32
 (version=TLS1_2 cipher=ECDHE-ECDSA-AES128-GCM-SHA256 bits=128/128);
 Tue, 12 Mar 2024 14:07:32 -0700 (PDT)
X-Relaying-Domain: iol.unh.edu
Date: Tue, 12 Mar 2024 14:07:32 -0700 (PDT)
Message-ID: <65f0c414.630a0220.34de0.9ce3SMTPIN_ADDED_MISSING@mx.google.com>
Received: from [172.17.0.8] (unknown [172.18.0.217])
 by postal.iol.unh.edu (Postfix) with ESMTP id 667CD6052471;
 Tue, 12 Mar 2024 17:07:31 -0400 (EDT)
Subject: |WARNING| pw138229-138249 [PATCH] [v3,21/21] test/security: add out 
From: dpdklab@iol.unh.edu
To: Test Report <test-report@dpdk.org>
Cc: dpdk-test-reports@iol.unh.edu, Aakash Sasidharan <asasidharan@marvell.com>
In-Reply-To: <20240312175143.1664699-22-asasidharan@marvell.com>
References: <20240312175143.1664699-22-asasidharan@marvell.com>
Content-Type: text/plain
X-BeenThere: test-report@dpdk.org
X-Mailman-Version: 2.1.29
Precedence: list
List-Id: automatic DPDK test reports <test-report.dpdk.org>
List-Unsubscribe: <https://mails.dpdk.org/options/test-report>,
 <mailto:test-report-request@dpdk.org?subject=unsubscribe>
List-Archive: <http://mails.dpdk.org/archives/test-report/>
List-Post: <mailto:test-report@dpdk.org>
List-Help: <mailto:test-report-request@dpdk.org?subject=help>
List-Subscribe: <https://mails.dpdk.org/listinfo/test-report>,
 <mailto:test-report-request@dpdk.org?subject=subscribe>
Errors-To: test-report-bounces@dpdk.org

Test-Label: iol-unit-arm64-testing
Test-Status: WARNING
http://dpdk.org/patch/138249

_Testing issues_

Submitter: Aakash Sasidharan <asasidharan@marvell.com>
Date: Tuesday, March 12 2024 17:51:43 
DPDK git baseline: Repo:dpdk
  Branch: master
  CommitID:a86f381b826660e88794754c41d3aec79ce9b87c

138229-138249 --> testing fail

Test environment and result as below:

+--------------------------+------------------------------+---------------------------+----------------+--------------+
|       Environment        | cryptodev_sw_snow3g_autotest | cryptodev_sw_zuc_autotest | dpdk_unit_test | lpm_autotest |
+==========================+==============================+===========================+================+==============+
| Debian 12 (arm)          | FAIL                         | FAIL                      | PASS           | SKIPPED      |
+--------------------------+------------------------------+---------------------------+----------------+--------------+
| Debian 11 (Buster) (ARM) | SKIPPED                      | SKIPPED                   | PASS           | SKIPPED      |
+--------------------------+------------------------------+---------------------------+----------------+--------------+
| CentOS Stream 9 (ARM)    | SKIPPED                      | SKIPPED                   | PASS           | SKIPPED      |
+--------------------------+------------------------------+---------------------------+----------------+--------------+
| Fedora 38 (ARM)          | SKIPPED                      | SKIPPED                   | PASS           | SKIPPED      |
+--------------------------+------------------------------+---------------------------+----------------+--------------+
| Fedora 37 (ARM)          | SKIPPED                      | SKIPPED                   | PASS           | SKIPPED      |
+--------------------------+------------------------------+---------------------------+----------------+--------------+
| Ubuntu 20.04 (ARM)       | SKIPPED                      | SKIPPED                   | PASS           | SKIPPED      |
+--------------------------+------------------------------+---------------------------+----------------+--------------+
| Ubuntu 20.04 ARM SVE     | SKIPPED                      | SKIPPED                   | SKIPPED        | PASS         |
+--------------------------+------------------------------+---------------------------+----------------+--------------+

==== 20 line log output for Debian 12 (arm) (cryptodev_sw_zuc_autotest): ====
[3173/3177] Compiling C object app/dpdk-test.p/test_test_vdev.c.o
[3174/3177] Compiling C object app/dpdk-test.p/test_test_version.c.o
[3175/3177] Compiling C object app/dpdk-test.p/test_test_ipsec.c.o
[3176/3177] Compiling C object app/dpdk-test.p/test_test_cryptodev.c.o
[3177/3177] Linking target app/dpdk-test
ninja: no work to do.
ninja: Entering directory `/home-local/jenkins-local/jenkins-agent/workspace/Generic-Unit-Test-DPDK/dpdk/build'
ninja: no work to do.
1/1 DPDK:driver-tests / cryptodev_sw_zuc_autotest FAIL             0.40s   (exit status 255 or signal 127 SIGinvalid)
>>> MALLOC_PERTURB_=104 DPDK_TEST=cryptodev_sw_zuc_autotest /home-local/jenkins-local/jenkins-agent/workspace/Generic-Unit-Test-DPDK/dpdk/build/app/dpdk-test --no-huge --no-pci --vdev=crypto_zuc


Ok:                 0
Expected Fail:      0
Fail:               1
Unexpected Pass:    0
Skipped:            0
Timeout:            0

Full log written to /home-local/jenkins-local/jenkins-agent/workspace/Generic-Unit-Test-DPDK/dpdk/build/meson-logs/testlog.txt
==== End log output ====

Debian 12 (arm)
	Kernel: Container Host Kernel
	Compiler: gcc 11

Debian 11 (Buster) (ARM)
	Kernel: Container Host Kernel
	Compiler: gcc 10.2.1

CentOS Stream 9 (ARM)
	Kernel: Container Host Kernel
	Compiler: gcc 11.3.1

Fedora 38 (ARM)
	Kernel: Depends on container host
	Compiler: gcc 13.1.1

Fedora 37 (ARM)
	Kernel: Depends on container host
	Compiler: gcc 12.3.1

Ubuntu 20.04 (ARM)
	Kernel: Container Host Kernel
	Compiler: gcc 9.4.0

Ubuntu 20.04 ARM SVE
	Kernel: 5.4.0-80-generic
	Compiler: gcc 10.3.0 (Ubuntu 10.3.0-1ubuntu1~20.04)

To view detailed results, visit:
https://lab.dpdk.org/results/dashboard/patchsets/29524/

UNH-IOL DPDK Community Lab

To manage your email subscriptions, visit: 
https://lab.dpdk.org/results/dashboard/preferences/subscriptions/