From mboxrd@z Thu Jan  1 00:00:00 1970
Return-Path: <test-report-bounces@dpdk.org>
Received: from mails.dpdk.org (mails.dpdk.org [217.70.189.124])
	by inbox.dpdk.org (Postfix) with ESMTP id 50C9543CBD
	for <public@inbox.dpdk.org>; Fri, 15 Mar 2024 20:14:52 +0100 (CET)
Received: from mails.dpdk.org (localhost [127.0.0.1])
	by mails.dpdk.org (Postfix) with ESMTP id 4A4FD42ED0;
	Fri, 15 Mar 2024 20:14:52 +0100 (CET)
Received: from mail-il1-f225.google.com (mail-il1-f225.google.com
 [209.85.166.225])
 by mails.dpdk.org (Postfix) with ESMTP id EE20F402DD
 for <test-report@dpdk.org>; Fri, 15 Mar 2024 20:14:50 +0100 (CET)
Received: by mail-il1-f225.google.com with SMTP id
 e9e14a558f8ab-3662d7c79a9so16691345ab.3
 for <test-report@dpdk.org>; Fri, 15 Mar 2024 12:14:50 -0700 (PDT)
DKIM-Signature: v=1; a=rsa-sha256; c=relaxed/relaxed;
 d=iol.unh.edu; s=unh-iol; t=1710530090; x=1711134890; darn=dpdk.org;
 h=references:in-reply-to:cc:to:from:subject:message-id:date:from:to
 :cc:subject:date:message-id:reply-to;
 bh=UUM3on7/Ugq8deD8Uo2fYyZYldutDbz7Sh5f7xNcRDE=;
 b=XebM5ect8pmAqoAugWPsNlHKw4y1Z9bqpchq40phA7fQu2Tr0lw2f6C2VTDujRSs7q
 FtW1LzaUD7n2OUsFC14DSCJDQgpKgpumc5HxgYnrrGFbk5mptVg7fC9c7ax0fftAqxPr
 oxvt8pEKKJjJF8gf1Nu6T1uCb7918piwBz600=
X-Google-DKIM-Signature: v=1; a=rsa-sha256; c=relaxed/relaxed;
 d=1e100.net; s=20230601; t=1710530090; x=1711134890;
 h=references:in-reply-to:cc:to:from:subject:message-id:date
 :x-gm-message-state:from:to:cc:subject:date:message-id:reply-to;
 bh=UUM3on7/Ugq8deD8Uo2fYyZYldutDbz7Sh5f7xNcRDE=;
 b=JqgBqB9lfT4FNqKuDM78icQBqZJnJbTkMouSPsEcx5Ou7P071drJ0EHTB+BAE5ApnR
 08a2BAVpqGXCRzIfmpYA5o69Ui8rGw7/mbjKYFJNqSjsbY2sFvptndHVsyrfctw4nU9L
 39YR9B/cz4qTz1+5O3cj8pH8Te0IFBaAVwuNlLzJ8HVJIhtW9zrl1Qu4S4bpK/jc7S1m
 3IAiDbaaLia55epGqNTofUWluJU6XXa1fbPAOWhYZ8rjCPM0PO4E+b5scgjSJlslAe54
 gbsVs5vuiIvnjxCcanZbs6cMFJNM/thQ08hQHy2r3YfzAi1h4dNv1mSfHFbjsV8PysPR
 ylrA==
X-Gm-Message-State: AOJu0YwBKuyUIoTJgEAuZSKJM/GbDvYX5/z8yf0l7fmI6ESbuYbZxt0i
 OQRc4cVTzLVFrlsfBRPuWd3XxV8rQCZiXDGDNW/agq1dNQBIqqXmlwmPuztWEAb7VVwAqY+gen8
 20Yo0YJu84WJFDcBua1QEXeHb9dX3rbqb0+Rh8kAA
X-Google-Smtp-Source: AGHT+IFbee7cYzn8QZDymTfPr1egX86ae38JPdvt7Q+VGGA9cTSd7tU6bWHK/mVFxZz8gSJWy8ENH7morr8q
X-Received: by 2002:a05:6e02:6cf:b0:365:1a88:f654 with SMTP id
 p15-20020a056e0206cf00b003651a88f654mr6162917ils.28.1710530090428; 
 Fri, 15 Mar 2024 12:14:50 -0700 (PDT)
Received: from postal.iol.unh.edu (postal.iol.unh.edu. [132.177.123.84])
 by smtp-relay.gmail.com with ESMTPS id
 n17-20020a056638211100b004744f568a11sm136763jaj.64.2024.03.15.12.14.50
 (version=TLS1_2 cipher=ECDHE-ECDSA-AES128-GCM-SHA256 bits=128/128);
 Fri, 15 Mar 2024 12:14:50 -0700 (PDT)
X-Relaying-Domain: iol.unh.edu
Date: Fri, 15 Mar 2024 12:14:50 -0700 (PDT)
Message-ID: <65f49e2a.050a0220.ca35a.987aSMTPIN_ADDED_MISSING@mx.google.com>
Received: from [172.17.0.8] (unknown [172.18.0.217])
 by postal.iol.unh.edu (Postfix) with ESMTP id EF4796052471;
 Fri, 15 Mar 2024 15:14:49 -0400 (EDT)
Subject: |WARNING| pw138212-138216 [PATCH] [v6,5/5] crypto/ipsec_mb: unify so
From: dpdklab@iol.unh.edu
To: Test Report <test-report@dpdk.org>
Cc: dpdk-test-reports@iol.unh.edu, Brian Dooley <brian.dooley@intel.com>
In-Reply-To: <20240312135020.2969533-5-brian.dooley@intel.com>
References: <20240312135020.2969533-5-brian.dooley@intel.com>
Content-Type: text/plain
X-BeenThere: test-report@dpdk.org
X-Mailman-Version: 2.1.29
Precedence: list
List-Id: automatic DPDK test reports <test-report.dpdk.org>
List-Unsubscribe: <https://mails.dpdk.org/options/test-report>,
 <mailto:test-report-request@dpdk.org?subject=unsubscribe>
List-Archive: <http://mails.dpdk.org/archives/test-report/>
List-Post: <mailto:test-report@dpdk.org>
List-Help: <mailto:test-report-request@dpdk.org?subject=help>
List-Subscribe: <https://mails.dpdk.org/listinfo/test-report>,
 <mailto:test-report-request@dpdk.org?subject=subscribe>
Errors-To: test-report-bounces@dpdk.org

Test-Label: iol-unit-arm64-testing
Test-Status: WARNING
http://dpdk.org/patch/138216

_Testing issues_

Submitter: Brian Dooley <brian.dooley@intel.com>
Date: Tuesday, March 12 2024 13:50:19 
DPDK git baseline: Repo:dpdk
  Branch: master
  CommitID:a86f381b826660e88794754c41d3aec79ce9b87c

138212-138216 --> testing fail

Test environment and result as below:

+--------------------------+------------------------------+---------------------------+----------------+--------------+
|       Environment        | cryptodev_sw_snow3g_autotest | cryptodev_sw_zuc_autotest | dpdk_unit_test | lpm_autotest |
+==========================+==============================+===========================+================+==============+
| Debian 12 (arm)          | FAIL                         | PASS                      | PASS           | SKIPPED      |
+--------------------------+------------------------------+---------------------------+----------------+--------------+
| Fedora 37 (ARM)          | SKIPPED                      | SKIPPED                   | PASS           | SKIPPED      |
+--------------------------+------------------------------+---------------------------+----------------+--------------+
| CentOS Stream 9 (ARM)    | SKIPPED                      | SKIPPED                   | PASS           | SKIPPED      |
+--------------------------+------------------------------+---------------------------+----------------+--------------+
| Debian 11 (Buster) (ARM) | SKIPPED                      | SKIPPED                   | PASS           | SKIPPED      |
+--------------------------+------------------------------+---------------------------+----------------+--------------+
| Ubuntu 20.04 (ARM)       | SKIPPED                      | SKIPPED                   | PASS           | SKIPPED      |
+--------------------------+------------------------------+---------------------------+----------------+--------------+
| Fedora 38 (ARM)          | SKIPPED                      | SKIPPED                   | PASS           | SKIPPED      |
+--------------------------+------------------------------+---------------------------+----------------+--------------+
| Fedora 38 (ARM Clang)    | SKIPPED                      | SKIPPED                   | PASS           | SKIPPED      |
+--------------------------+------------------------------+---------------------------+----------------+--------------+
| Ubuntu 20.04 ARM SVE     | SKIPPED                      | SKIPPED                   | SKIPPED        | PASS         |
+--------------------------+------------------------------+---------------------------+----------------+--------------+

==== 20 line log output for Debian 12 (arm) (cryptodev_sw_snow3g_autotest): ====
[2422/3177] Generating drivers/rte_crypto_ipsec_mb.pmd.c with a custom command
[2423/3177] Compiling C object drivers/librte_crypto_ipsec_mb.a.p/meson-generated_.._rte_crypto_ipsec_mb.pmd.c.o
[2424/3177] Linking static target drivers/librte_crypto_ipsec_mb.a
[2425/3177] Compiling C object drivers/libtmp_rte_ml_cnxk.a.p/ml_cnxk_cn10k_ml_model.c.o
[2426/3177] Compiling C object drivers/librte_crypto_ipsec_mb.so.24.1.p/meson-generated_.._rte_crypto_ipsec_mb.pmd.c.o
[2427/3177] Compiling C object drivers/libtmp_rte_ml_cnxk.a.p/ml_cnxk_cn10k_ml_ocm.c.o
[2428/3177] Generating drivers/rte_regex_mlx5.pmd.c with a custom command
[2429/3177] Compiling C object drivers/librte_regex_mlx5.a.p/meson-generated_.._rte_regex_mlx5.pmd.c.o
[2430/3177] Compiling C object drivers/libtmp_rte_ml_cnxk.a.p/ml_cnxk_cnxk_ml_dev.c.o
[2431/3177] Linking static target drivers/librte_regex_mlx5.a
[2432/3177] Linking target drivers/librte_crypto_ipsec_mb.so.24.1
FAILED: drivers/librte_crypto_ipsec_mb.so.24.1
cc  -o drivers/librte_crypto_ipsec_mb.so.24.1 drivers/librte_crypto_ipsec_mb.so.24.1.p/meson-generated_.._rte_crypto_ipsec_mb.pmd.c.o drivers/libtmp_rte_crypto_ipsec_mb.a.p/crypto_ipsec_mb_ipsec_mb_private.c.o drivers/libtmp_rte_crypto_ipsec_mb.a.p/crypto_ipsec_mb_ipsec_mb_ops.c.o drivers/libtmp_rte_crypto_ipsec_mb.a.p/crypto_ipsec_mb_pmd_aesni_mb.c.o drivers/libtmp_rte_crypto_ipsec_mb.a.p/crypto_ipsec_mb_pmd_aesni_gcm.c.o drivers/libtmp_rte_crypto_ipsec_mb.a.p/crypto_ipsec_mb_pmd_chacha_poly.c.o drivers/libtmp_rte_crypto_ipsec_mb.a.p/crypto_ipsec_mb_pmd_kasumi.c.o drivers/libtmp_rte_crypto_ipsec_mb.a.p/crypto_ipsec_mb_pmd_snow3g.c.o drivers/libtmp_rte_crypto_ipsec_mb.a.p/crypto_ipsec_mb_pmd_zuc.c.o -Wl,--as-needed -Wl,--no-undefined -Wl,-O1 -shared -fPIC -Wl,--start-group -Wl,-soname,librte_crypto_ipsec_mb.so.24 -Wl,--no-as-needed -Wl,--undefined-version -pthread -lm -ldl -lnuma -march=armv8-a+crc+crypto '-Wl,-rpath,$ORIGIN/../lib:$ORIGIN/' -Wl,-rpath-link,/home-local/jenkins-local/
 jenkins-agent/workspace/Generic-Unit-Test-DPDK/dpdk/build/lib -Wl,-rpath-link,/home-local/jenkins-local/jenkins-agent/workspace/Generic-Unit-Test-DPDK/dpdk/build/drivers lib/librte_cryptodev.so.24.1 lib/librte_eal.so.24.1 lib/librte_kvargs.so.24.1 lib/librte_log.so.24.1 lib/librte_telemetry.so.24.1 lib/librte_mbuf.so.24.1 lib/librte_mempool.so.24.1 lib/librte_ring.so.24.1 lib/librte_rcu.so.24.1 drivers/librte_bus_vdev.so.24.1 lib/librte_net.so.24.1 lib/librte_security.so.24.1 -Wl,--version-script=/home-local/jenkins-local/jenkins-agent/workspace/Generic-Unit-Test-DPDK/dpdk/drivers/version.map -lIPSec_MB -Wl,--end-group
/usr/bin/ld: drivers/libtmp_rte_crypto_ipsec_mb.a.p/crypto_ipsec_mb_pmd_aesni_mb.c.o: in function `aesni_mb_set_session_auth_parameters.constprop.0':
pmd_aesni_mb.c:(.text+0xd34): undefined reference to `imb_hmac_ipad_opad'
collect2: error: ld returned 1 exit status
[2433/3177] Compiling C object drivers/librte_regex_mlx5.so.24.1.p/meson-generated_.._rte_regex_mlx5.pmd.c.o
[2434/3177] Compiling C object drivers/libtmp_rte_ml_cnxk.a.p/ml_cnxk_cnxk_ml_io.c.o
[2435/3177] Generating drivers/rte_regex_cn9k.pmd.c with a custom command
ninja: build stopped: subcommand failed.
==== End log output ====

Debian 12 (arm)
	Kernel: Container Host Kernel
	Compiler: gcc 11

Fedora 37 (ARM)
	Kernel: Depends on container host
	Compiler: gcc 12.3.1

CentOS Stream 9 (ARM)
	Kernel: Container Host Kernel
	Compiler: gcc 11.3.1

Debian 11 (Buster) (ARM)
	Kernel: Container Host Kernel
	Compiler: gcc 10.2.1

Ubuntu 20.04 (ARM)
	Kernel: Container Host Kernel
	Compiler: gcc 9.4.0

Fedora 38 (ARM)
	Kernel: Depends on container host
	Compiler: gcc 13.1.1

Fedora 38 (ARM Clang)
	Kernel: Depends on container host
	Compiler: clang 16.0.3

Ubuntu 20.04 ARM SVE
	Kernel: 5.4.0-80-generic
	Compiler: gcc 10.3.0 (Ubuntu 10.3.0-1ubuntu1~20.04)

To view detailed results, visit:
https://lab.dpdk.org/results/dashboard/patchsets/29516/

UNH-IOL DPDK Community Lab

To manage your email subscriptions, visit: 
https://lab.dpdk.org/results/dashboard/preferences/subscriptions/