From mboxrd@z Thu Jan  1 00:00:00 1970
Return-Path: <test-report-bounces@dpdk.org>
Received: from mails.dpdk.org (mails.dpdk.org [217.70.189.124])
	by inbox.dpdk.org (Postfix) with ESMTP id EFBA443CEB
	for <public@inbox.dpdk.org>; Tue, 19 Mar 2024 00:03:18 +0100 (CET)
Received: from mails.dpdk.org (localhost [127.0.0.1])
	by mails.dpdk.org (Postfix) with ESMTP id EB58E40A72;
	Tue, 19 Mar 2024 00:03:18 +0100 (CET)
Received: from mail-oo1-f100.google.com (mail-oo1-f100.google.com
 [209.85.161.100])
 by mails.dpdk.org (Postfix) with ESMTP id ABDB940281
 for <test-report@dpdk.org>; Tue, 19 Mar 2024 00:03:09 +0100 (CET)
Received: by mail-oo1-f100.google.com with SMTP id
 006d021491bc7-5a480985625so2213511eaf.0
 for <test-report@dpdk.org>; Mon, 18 Mar 2024 16:03:09 -0700 (PDT)
DKIM-Signature: v=1; a=rsa-sha256; c=relaxed/relaxed;
 d=iol.unh.edu; s=unh-iol; t=1710802989; x=1711407789; darn=dpdk.org;
 h=references:in-reply-to:cc:to:from:subject:message-id:date:from:to
 :cc:subject:date:message-id:reply-to;
 bh=ulGuy48DgupX4unq4eCe7nHOiqD87eeWdm1usfMpY0I=;
 b=CmczIO1zvh4rGUYpDdzLzHQi6jbtgZl+N3s/EP13V/MKJ7EswCzQRycz1DmWJvEnKO
 egV/VTtPITdwsF74SGQUpe0N6fNdhlUtm3gegyI2A6EN/FdtDYyxwMInB6OcmSvZYVcP
 I+8PyOaEIeOOPmrAGo61lL2sn3+qENTgg9qQg=
X-Google-DKIM-Signature: v=1; a=rsa-sha256; c=relaxed/relaxed;
 d=1e100.net; s=20230601; t=1710802989; x=1711407789;
 h=references:in-reply-to:cc:to:from:subject:message-id:date
 :x-gm-message-state:from:to:cc:subject:date:message-id:reply-to;
 bh=ulGuy48DgupX4unq4eCe7nHOiqD87eeWdm1usfMpY0I=;
 b=HygBrfn3ThsGz/KH+uZZnYg10+6MhjVHzhSaXKRZPR+sVeblKp/A9KaqALPwUCTH7y
 spixBCgdLidOvlAEGHJ11CgucSRMH9p54ye7Y3VMpN/L6QJnEzm1KXHnytNT9WBMFBEm
 stG+PHxdJoIgxhbui2bVo71GiHXya9Y2+xju0XMnzxE78XAkpCDxSY1beDKab0jLa+05
 dgs4ZAjjjxD+BwrEs2MgrXZw2SUgySlkjjbvWONJrwu+0CMKBGLljIdE2GbsjKqSy92K
 6Ux4EJ9H+N1fNOJBIQde9WlAVCzJxuEC019SmuIAlue3P+L4eErMmeuJ5e10GA8BsXrx
 fEyg==
X-Gm-Message-State: AOJu0YwxK4kqcpJ+lovK8sWtxSYiz4EeRKiA5v4MO9T+aV4fJoX2IscL
 K5z93f4IVn4M4MY1YwcAKr/oc5gdAqOs26W8vRcUXkWEDCC7DqKDPsqmuwvkgSDNmWURjTcKZQf
 jgLvIQBDew1vAxwGJSgjsOXYX/7zh8O1joAizqadj
X-Google-Smtp-Source: AGHT+IG2YNvDNbXOnvSEgLHQSxOnitlYBekc+aKl9S48td+iVrufJz/YIUQtk7VUPy3KBWpJWiZyCWszsIo/
X-Received: by 2002:a05:6359:1a09:b0:17e:bb58:fd4f with SMTP id
 rt9-20020a0563591a0900b0017ebb58fd4fmr9051038rwb.2.1710802989008; 
 Mon, 18 Mar 2024 16:03:09 -0700 (PDT)
Received: from postal.iol.unh.edu (postal.iol.unh.edu. [132.177.123.84])
 by smtp-relay.gmail.com with ESMTPS id
 27-20020a630b1b000000b005dc1e620401sm348755pgl.13.2024.03.18.16.03.08
 (version=TLS1_2 cipher=ECDHE-ECDSA-AES128-GCM-SHA256 bits=128/128);
 Mon, 18 Mar 2024 16:03:08 -0700 (PDT)
X-Relaying-Domain: iol.unh.edu
Date: Mon, 18 Mar 2024 16:03:08 -0700 (PDT)
Message-ID: <65f8c82c.630a0220.faa2c.7542SMTPIN_ADDED_MISSING@mx.google.com>
Received: from [172.17.0.6] (unknown [172.18.0.217])
 by postal.iol.unh.edu (Postfix) with ESMTP id 3CE116052471;
 Mon, 18 Mar 2024 19:03:08 -0400 (EDT)
Subject: |FAILURE| pw138472-138476 [PATCH] [v9,5/5] eal: add option to put ti
From: dpdklab@iol.unh.edu
To: Test Report <test-report@dpdk.org>
Cc: dpdk-test-reports@iol.unh.edu,
 Stephen Hemminger <stephen@networkplumber.org>
In-Reply-To: <20240318220432.7486-6-stephen@networkplumber.org>
References: <20240318220432.7486-6-stephen@networkplumber.org>
Content-Type: text/plain
X-BeenThere: test-report@dpdk.org
X-Mailman-Version: 2.1.29
Precedence: list
List-Id: automatic DPDK test reports <test-report.dpdk.org>
List-Unsubscribe: <https://mails.dpdk.org/options/test-report>,
 <mailto:test-report-request@dpdk.org?subject=unsubscribe>
List-Archive: <http://mails.dpdk.org/archives/test-report/>
List-Post: <mailto:test-report@dpdk.org>
List-Help: <mailto:test-report-request@dpdk.org?subject=help>
List-Subscribe: <https://mails.dpdk.org/listinfo/test-report>,
 <mailto:test-report-request@dpdk.org?subject=subscribe>
Errors-To: test-report-bounces@dpdk.org

Test-Label: iol-compile-amd64-testing
Test-Status: FAILURE
http://dpdk.org/patch/138476

_Testing issues_

Submitter: Stephen Hemminger <stephen@networkplumber.org>
Date: Monday, March 18 2024 22:03:01 
DPDK git baseline: Repo:dpdk
  Branch: master
  CommitID:80ecef6d1f71fcebc0a51d7cabc51f73ee142ff2

138472-138476 --> testing fail

Test environment and result as below:

+---------------------+----------------------+--------------------+
|     Environment     | dpdk_mingw64_compile | dpdk_meson_compile |
+=====================+======================+====================+
| Windows Server 2022 | FAIL                 | FAIL               |
+---------------------+----------------------+--------------------+
| Windows Server 2019 | FAIL                 | FAIL               |
+---------------------+----------------------+--------------------+
| CentOS Stream 9     | SKIPPED              | PASS               |
+---------------------+----------------------+--------------------+
| CentOS Stream 8     | SKIPPED              | PASS               |
+---------------------+----------------------+--------------------+
| Debian 11 (arm)     | SKIPPED              | PASS               |
+---------------------+----------------------+--------------------+
| Debian Bullseye     | SKIPPED              | PASS               |
+---------------------+----------------------+--------------------+
| Fedora 37           | SKIPPED              | PASS               |
+---------------------+----------------------+--------------------+
| Ubuntu 20.04        | SKIPPED              | PASS               |
+---------------------+----------------------+--------------------+
| Fedora 38           | SKIPPED              | PASS               |
+---------------------+----------------------+--------------------+
| FreeBSD 13.2        | SKIPPED              | PASS               |
+---------------------+----------------------+--------------------+
| openSUSE Leap 15    | SKIPPED              | PASS               |
+---------------------+----------------------+--------------------+
| RHEL8               | SKIPPED              | PASS               |
+---------------------+----------------------+--------------------+
| Ubuntu 22.04        | SKIPPED              | PASS               |
+---------------------+----------------------+--------------------+

==== 20 line log output for Windows Server 2019 (dpdk_meson_compile): ====
"clang" "-Ilib\librte_eal.a.p" "-Ilib" "-I..\lib" "-I." "-I.." "-Iconfig" "-I..\config" "-Ilib\eal\include" "-I..\lib\eal\include" "-Ilib\eal\windows\include" "-I..\lib\eal\windows\include" "-Ilib\eal\x86\include" "-I..\lib\eal\x86\include" "-Ilib\eal\common" "-I..\lib\eal\common" "-Ilib\eal" "-I..\lib\eal" "-Ilib\log" "-I..\lib\log" "-Ilib\kvargs" "-I..\lib\kvargs" "-IC:\Program Files\Mellanox\MLNX_WinOF2_DevX_SDK\inc" "-Xclang" "-fcolor-diagnostics" "-pipe" "-D_FILE_OFFSET_BITS=64" "-Wall" "-Winvalid-pch" "-Wextra" "-Werror" "-std=c11" "-O3" "-include" "rte_config.h" "-Wcast-qual" "-Wdeprecated" "-Wformat" "-Wformat-nonliteral" "-Wformat-security" "-Wmissing-declarations" "-Wmissing-prototypes" "-Wnested-externs" "-Wold-style-definition" "-Wpointer-arith" "-Wsign-compare" "-Wstrict-prototypes" "-Wundef" "-Wwrite-strings" "-Wno-address-of-packed-member" "-Wno-missing-field-initializers" "-D_GNU_SOURCE" "-D_WIN32_WINNT=0x0A00" "-D_CRT_SECURE_NO_WARNINGS" "-march=native" "-mrtm" "-DAL
 LOW_EXPERIMENTAL_API" "-DALLOW_INTERNAL_API" "-DABI_VERSION=\"24.1\"" "-DRTE_LOG_DEFAULT_LOGTYPE=lib.eal" "-DRTE_ANNOTATE_LOCKS" "-Wthread-safety" -MD -MQ lib/librte_eal.a.p/eal_common_eal_common_options.c.obj -MF "lib\librte_eal.a.p\eal_common_eal_common_options.c.obj.d" -o lib/librte_eal.a.p/eal_common_eal_common_options.c.obj "-c" ../lib/eal/common/eal_common_options.c
../lib/eal/common/eal_common_options.c:1653:8: error: initializing 'char *' with an expression of type 'const char *' discards qualifiers [-Werror,-Wincompatible-pointer-types-discards-qualifiers]
char *old_optarg = optarg;
^            ~~~~~~
../lib/eal/common/eal_common_options.c:1662:34: error: passing 'char *const *' to parameter of type 'char **' discards qualifiers [-Werror,-Wincompatible-pointer-types-discards-qualifiers]
while ((opt = getopt_long(argc, argv, eal_short_options,
^~~~
..\lib\eal\windows\include\getopt.h:43:57: note: expanded from macro 'getopt_long'
#define getopt_long(a, b, c, d, e) usual_getopt_long(a, b, c, d, e)
^
..\lib\eal\windows\include\getopt.h:86:33: note: passing argument to parameter 'argv' here
int getopt_long(int argc, char *argv[], const char *options,
^
2 errors generated.
[154/827] Generating symbol file lib/rte_kvargs-24.dll.p/rte_kvargs-24.dll.symbols
[155/827] Generating symbol file lib/rte_telemetry-24.dll.p/rte_telemetry-24.dll.symbols
[156/827] Compiling C object lib/librte_eal.a.p/eal_windows_eal_interrupts.c.obj
[157/827] Compiling C object lib/librte_eal.a.p/eal_windows_eal_memory.c.obj
[158/827] Compiling C object lib/librte_eal.a.p/eal_windows_eal.c.obj
ninja: build stopped: subcommand failed.
==== End log output ====

Windows Server 2022
	Kernel: 10.0.20348.2031
	Compiler: clang 15.0.7, gcc 8.1.0 (MinGW), and MSVC VS 17.9

Windows Server 2019
	Kernel: 10.0.17763
	Compiler: clang 14.0 and gcc 8.1.0 (MinGW)

CentOS Stream 9
	Kernel: 5.4.0-167-generic
	Compiler: gcc 11.4.1 20230605

CentOS Stream 8
	Kernel: 5.4.0-167-generic
	Compiler: gcc 8.5.0 20210514

Debian 11 (arm)
	Kernel: Container Host Kernel
	Compiler: gcc 10.2.1

Debian Bullseye
	Kernel: 5.4.0-167-generic
	Compiler: gcc 10.2.1-6

Fedora 37
	Kernel: Depends on container host system
	Compiler: gcc 12.3.1

Ubuntu 20.04
	Kernel: 5.4.0-167-generic
	Compiler: gcc 9.4.0-1ubuntu1~20.04.1

Fedora 38
	Kernel: Depends on container host
	Compiler: gcc 13.2.1

FreeBSD 13.2
	Kernel: 13.2
	Compiler: clang 14.0.5

openSUSE Leap 15
	Kernel: 5.4.0-167-generic
	Compiler: gcc 7.5.0

RHEL8
	Kernel: 5.4.0-167-generic
	Compiler: gcc 8.5.0 20210514 (Red Hat 8.5.0-20)

Ubuntu 22.04
	Kernel: 5.4.0-167-generic
	Compiler: gcc 11.4.0

To view detailed results, visit:
https://lab.dpdk.org/results/dashboard/patchsets/29589/

UNH-IOL DPDK Community Lab

To manage your email subscriptions, visit: 
https://lab.dpdk.org/results/dashboard/preferences/subscriptions/