From mboxrd@z Thu Jan  1 00:00:00 1970
Return-Path: <test-report-bounces@dpdk.org>
Received: from mails.dpdk.org (mails.dpdk.org [217.70.189.124])
	by inbox.dpdk.org (Postfix) with ESMTP id BF6E343CF6
	for <public@inbox.dpdk.org>; Tue, 19 Mar 2024 08:23:43 +0100 (CET)
Received: from mails.dpdk.org (localhost [127.0.0.1])
	by mails.dpdk.org (Postfix) with ESMTP id B75414028A;
	Tue, 19 Mar 2024 08:23:43 +0100 (CET)
Received: from mail-oi1-f226.google.com (mail-oi1-f226.google.com
 [209.85.167.226])
 by mails.dpdk.org (Postfix) with ESMTP id A70C140DCB
 for <test-report@dpdk.org>; Tue, 19 Mar 2024 08:23:33 +0100 (CET)
Received: by mail-oi1-f226.google.com with SMTP id
 5614622812f47-3c36f882372so3124915b6e.2
 for <test-report@dpdk.org>; Tue, 19 Mar 2024 00:23:33 -0700 (PDT)
DKIM-Signature: v=1; a=rsa-sha256; c=relaxed/relaxed;
 d=iol.unh.edu; s=unh-iol; t=1710833013; x=1711437813; darn=dpdk.org;
 h=references:in-reply-to:cc:to:from:subject:message-id:date:from:to
 :cc:subject:date:message-id:reply-to;
 bh=+dFZsjHUa76hWENG1lV0uqqk87r10NNKScpYw408qfM=;
 b=Oz/qP8CInvgXHICxc0gjJolTegQ0OEbu4h/F/avKwmXEXGw61QwXDPrkywYwDKhREN
 o/2V07kSHR3oS2Vh5JvxtI4/EYuPeA5kedCsqYFazv1ONeGxQqK32oPLPAqLI+e+nT3u
 xP7/8K0RuQuGTm3DpsRtIyaNZzTvY4CV/81v4=
X-Google-DKIM-Signature: v=1; a=rsa-sha256; c=relaxed/relaxed;
 d=1e100.net; s=20230601; t=1710833013; x=1711437813;
 h=references:in-reply-to:cc:to:from:subject:message-id:date
 :x-gm-message-state:from:to:cc:subject:date:message-id:reply-to;
 bh=+dFZsjHUa76hWENG1lV0uqqk87r10NNKScpYw408qfM=;
 b=Ew3dznWHLcjAA4Ep3+udilkEZI4/O3N2KZvRNKNVedgwQkhUMjbWQAR7nsoGqRxsMc
 EodHRIY9TemNyckbLZhaGD53CVLWMj3NPD0Sdcged26arGKKM1/Ys4kYli/ht88TwGQx
 HKNoAYvhAKYEsVyY+FURAXsZxqMqYA0U8fNOChfzNcX4KjwLQlN22oN1STEbc/q0M3oK
 JmsVNDhAsFFs9beU0diHR3J2pphFE14NGOr4QuluOA6JZlnJCsojXacEc/i1OvJ2uWaI
 pRENG1969obH4NRdMLjsQMg7kKuPIZ2GAQ7hxQotiha6vgy1yREHk6HupwRuW7BtVQZw
 3qIw==
X-Gm-Message-State: AOJu0Yw87pdiXs1Fz1EebIjfh3efKu7xZQTH7vHsvPgibelyppw0PurI
 l9QXhoO4hqOx65Qx2iR3ROTJadX1pv/Yj2UPWVSWn9ZuFdrCDKS2HW9fEm5YRwsiki52/zuZKY7
 z6l59YhdMxQfXg61ngpXpHUXdQXx8Ag8nJoTnM05G
X-Google-Smtp-Source: AGHT+IE964MYvNoo126ePZRBfU7rMZn0t95xFstxnvJnkUQI4MMs+NPTQQFD+xWbb+HjLju/Wf0fKblwYpqH
X-Received: by 2002:a05:6808:189e:b0:3c3:9948:d09b with SMTP id
 bi30-20020a056808189e00b003c39948d09bmr618762oib.47.1710833011492; 
 Tue, 19 Mar 2024 00:23:31 -0700 (PDT)
Received: from postal.iol.unh.edu (postal.iol.unh.edu. [132.177.123.84])
 by smtp-relay.gmail.com with ESMTPS id
 s35-20020a63ff63000000b005d8bff21b44sm396928pgk.33.2024.03.19.00.23.31
 (version=TLS1_2 cipher=ECDHE-ECDSA-AES128-GCM-SHA256 bits=128/128);
 Tue, 19 Mar 2024 00:23:31 -0700 (PDT)
X-Relaying-Domain: iol.unh.edu
Date: Tue, 19 Mar 2024 00:23:31 -0700 (PDT)
Message-ID: <65f93d73.630a0220.a8292.af6fSMTPIN_ADDED_MISSING@mx.google.com>
Received: from [172.17.0.7] (unknown [172.18.0.217])
 by postal.iol.unh.edu (Postfix) with ESMTP id B17806052472;
 Tue, 19 Mar 2024 03:23:30 -0400 (EDT)
Subject: |FAILURE| pw138477 [PATCH] graph: fix head move when graph walk in m
From: dpdklab@iol.unh.edu
To: Test Report <test-report@dpdk.org>
Cc: dpdk-test-reports@iol.unh.edu, Jingjing Wu <jingjing.wu@intel.com>
In-Reply-To: <20240319141454.3275543-1-jingjing.wu@intel.com>
References: <20240319141454.3275543-1-jingjing.wu@intel.com>
Content-Type: text/plain
X-BeenThere: test-report@dpdk.org
X-Mailman-Version: 2.1.29
Precedence: list
List-Id: automatic DPDK test reports <test-report.dpdk.org>
List-Unsubscribe: <https://mails.dpdk.org/options/test-report>,
 <mailto:test-report-request@dpdk.org?subject=unsubscribe>
List-Archive: <http://mails.dpdk.org/archives/test-report/>
List-Post: <mailto:test-report@dpdk.org>
List-Help: <mailto:test-report-request@dpdk.org?subject=help>
List-Subscribe: <https://mails.dpdk.org/listinfo/test-report>,
 <mailto:test-report-request@dpdk.org?subject=subscribe>
Errors-To: test-report-bounces@dpdk.org

Test-Label: iol-unit-arm64-testing
Test-Status: FAILURE
http://dpdk.org/patch/138477

_Testing issues_

Submitter: Jingjing Wu <jingjing.wu@intel.com>
Date: Tuesday, March 19 2024 14:14:54 
DPDK git baseline: Repo:dpdk
  Branch: master
  CommitID:80ecef6d1f71fcebc0a51d7cabc51f73ee142ff2

138477 --> testing fail

Test environment and result as below:

+--------------------------+---------------------------+------------------------------+--------------+----------------+
|       Environment        | cryptodev_sw_zuc_autotest | cryptodev_sw_snow3g_autotest | lpm_autotest | dpdk_unit_test |
+==========================+===========================+==============================+==============+================+
| Debian 12 (arm)          | PASS                      | PASS                         | SKIPPED      | SKIPPED        |
+--------------------------+---------------------------+------------------------------+--------------+----------------+
| Ubuntu 20.04 ARM SVE     | SKIPPED                   | SKIPPED                      | PASS         | SKIPPED        |
+--------------------------+---------------------------+------------------------------+--------------+----------------+
| Debian 11 (Buster) (ARM) | SKIPPED                   | SKIPPED                      | SKIPPED      | FAIL           |
+--------------------------+---------------------------+------------------------------+--------------+----------------+

==== 20 line log output for Debian 11 (Buster) (ARM) (dpdk_unit_test): ====
101/111 DPDK:fast-tests / telemetry_data_autotest  OK       0.17 s
102/111 DPDK:fast-tests / telemetry_json_autotest  OK       0.17 s
103/111 DPDK:fast-tests / thash_autotest        OK       0.17 s
104/111 DPDK:fast-tests / threads_autotest      OK       0.32 s
105/111 DPDK:fast-tests / ticketlock_autotest   OK       0.17 s
106/111 DPDK:fast-tests / timer_autotest        OK       2.82 s
107/111 DPDK:fast-tests / trace_autotest        OK       0.17 s
108/111 DPDK:fast-tests / trace_autotest_with_traces  OK       0.17 s
109/111 DPDK:fast-tests / vdev_autotest         OK       0.17 s
110/111 DPDK:fast-tests / version_autotest      OK       0.17 s
111/111 DPDK:fast-tests / telemetry_all         SKIP     0.03 s

Ok:                  103
Expected Fail:         0
Fail:                  0
Unexpected Pass:       0
Skipped:               7
Timeout:               1

Full log written to /home-local/jenkins-local/jenkins-agent/workspace/Generic-Unit-Test-DPDK/dpdk/build/meson-logs/testlog.txt
==== End log output ====

Debian 12 (arm)
	Kernel: Container Host Kernel
	Compiler: gcc 12.2.0

Ubuntu 20.04 ARM SVE
	Kernel: 5.4.0-167-generic
	Compiler: gcc (Ubuntu 10.5.0-1ubuntu1~20.04) 10.5.0

Debian 11 (Buster) (ARM)
	Kernel: Container Host Kernel
	Compiler: gcc 10.2.1

To view detailed results, visit:
https://lab.dpdk.org/results/dashboard/patchsets/29590/

UNH-IOL DPDK Community Lab

To manage your email subscriptions, visit: 
https://lab.dpdk.org/results/dashboard/preferences/subscriptions/