From mboxrd@z Thu Jan  1 00:00:00 1970
Return-Path: <test-report-bounces@dpdk.org>
Received: from mails.dpdk.org (mails.dpdk.org [217.70.189.124])
	by inbox.dpdk.org (Postfix) with ESMTP id 8E37443CEC
	for <public@inbox.dpdk.org>; Tue, 19 Mar 2024 18:31:16 +0100 (CET)
Received: from mails.dpdk.org (localhost [127.0.0.1])
	by mails.dpdk.org (Postfix) with ESMTP id 85EF1402D5;
	Tue, 19 Mar 2024 18:31:16 +0100 (CET)
Received: from mail-io1-f99.google.com (mail-io1-f99.google.com
 [209.85.166.99]) by mails.dpdk.org (Postfix) with ESMTP id 7FB9940298
 for <test-report@dpdk.org>; Tue, 19 Mar 2024 18:31:05 +0100 (CET)
Received: by mail-io1-f99.google.com with SMTP id
 ca18e2360f4ac-7cef30fbc5aso37657439f.0
 for <test-report@dpdk.org>; Tue, 19 Mar 2024 10:31:05 -0700 (PDT)
DKIM-Signature: v=1; a=rsa-sha256; c=relaxed/relaxed;
 d=iol.unh.edu; s=unh-iol; t=1710869465; x=1711474265; darn=dpdk.org;
 h=references:in-reply-to:cc:to:from:subject:message-id:date:from:to
 :cc:subject:date:message-id:reply-to;
 bh=BOx+3oei0RcqdgFk1WEYTRzlHs3/bPuGEjzSxcAFpk0=;
 b=EDb3rtFYz2NlzggsCt/zJJokJoSIOWzyPA2EyoKDwCZcbNR67fw00msVFjTye+mUyt
 2GHq8jd58pBYdq5yi3d1NiJp9ud6hYgtQ21aDYbtHMbaBOJlqKo//zbmTdmV6IhGqjqd
 AKYQk5zVLvhxMStCzBvLHww2zl9uSMxa9btrc=
X-Google-DKIM-Signature: v=1; a=rsa-sha256; c=relaxed/relaxed;
 d=1e100.net; s=20230601; t=1710869465; x=1711474265;
 h=references:in-reply-to:cc:to:from:subject:message-id:date
 :x-gm-message-state:from:to:cc:subject:date:message-id:reply-to;
 bh=BOx+3oei0RcqdgFk1WEYTRzlHs3/bPuGEjzSxcAFpk0=;
 b=oTFVphMVSzXaeMLGDALjqOGKi/iCJJi7jOndqhQPdGLEJgkx6HjIGH8gIOYAfIL3ZS
 a6njOOHye7IQ0IXMURV7hnwUVF0xiBqn9bRfnW6EmnjYuwf3atcQWWZGPihmyoqElq0b
 HZJu/8ZQwF8dHk08ZabI0rRWYOIRbn8I/NcfZ4J7Gy+BCsnkqzuzHy5hA/KR0kSL2fQo
 5gfbX+t1q71UYIvIEEawDY6af5dcgMI37FaSpqhY1ZLRs1YipjCv1Qs989cgbsqSUbtA
 W8bc9POyxx3DdyAiCSh1SFZE9I89LpAh7GzYbjdMKGJu93+Ke77H9tj9k9lHAJ9Gb0bW
 o2/g==
X-Gm-Message-State: AOJu0Ywnv0DDDZ1O7nQbDEvDm7kC5woIDj77j+eHacBq3zH+F5lxJI5Q
 C7cxp0zk0oKdQSHwcDYXyr7IEJrGE4cPi/2OoWKEsTURGB6dvcz9ROJDve036uTibyvqvHOW66c
 kMN5LX9umaZCcPVLNNPTC0lfLGOGUKizF
X-Google-Smtp-Source: AGHT+IFXqeBQM/bMVPu2hzJK95DmXEsFlgivNQHu4cL3CvlHw9VXuoePzS8NYF8N4x9XC+c77XDsen60dWD0
X-Received: by 2002:a05:6e02:260d:b0:366:b2a1:8a0f with SMTP id
 by13-20020a056e02260d00b00366b2a18a0fmr14989346ilb.19.1710869464925; 
 Tue, 19 Mar 2024 10:31:04 -0700 (PDT)
Received: from postal.iol.unh.edu (postal.iol.unh.edu. [132.177.123.84])
 by smtp-relay.gmail.com with ESMTPS id
 f3-20020a056638168300b00476f3c75e9csm449052jat.7.2024.03.19.10.31.04
 (version=TLS1_2 cipher=ECDHE-ECDSA-AES128-GCM-SHA256 bits=128/128);
 Tue, 19 Mar 2024 10:31:04 -0700 (PDT)
X-Relaying-Domain: iol.unh.edu
Date: Tue, 19 Mar 2024 10:31:04 -0700 (PDT)
Message-ID: <65f9cbd8.050a0220.6fe2d.d1f8SMTPIN_ADDED_MISSING@mx.google.com>
Received: from [172.21.0.7] (unknown [172.18.0.240])
 by postal.iol.unh.edu (Postfix) with ESMTP id 354866052471;
 Tue, 19 Mar 2024 13:31:04 -0400 (EDT)
Subject: |FAILURE| pw138484 [PATCH] net/ixgbe: using dpdk-dumpcap capture pac
From: dpdklab@iol.unh.edu
To: Test Report <test-report@dpdk.org>
Cc: dpdk-test-reports@iol.unh.edu, Jun Wang <junwang01@cestc.cn>
In-Reply-To: <1710865092-2796-1-git-send-email-junwang01@cestc.cn>
References: <1710865092-2796-1-git-send-email-junwang01@cestc.cn>
Content-Type: text/plain
X-BeenThere: test-report@dpdk.org
X-Mailman-Version: 2.1.29
Precedence: list
List-Id: automatic DPDK test reports <test-report.dpdk.org>
List-Unsubscribe: <https://mails.dpdk.org/options/test-report>,
 <mailto:test-report-request@dpdk.org?subject=unsubscribe>
List-Archive: <http://mails.dpdk.org/archives/test-report/>
List-Post: <mailto:test-report@dpdk.org>
List-Help: <mailto:test-report-request@dpdk.org?subject=help>
List-Subscribe: <https://mails.dpdk.org/listinfo/test-report>,
 <mailto:test-report-request@dpdk.org?subject=subscribe>
Errors-To: test-report-bounces@dpdk.org

Test-Label: iol-unit-amd64-testing
Test-Status: FAILURE
http://dpdk.org/patch/138484

_Testing issues_

Submitter: Jun Wang <junwang01@cestc.cn>
Date: Tuesday, March 19 2024 16:18:12 
DPDK git baseline: Repo:dpdk
  Branch: master
  CommitID:2c54ea7a59dfc0a819d3527309c62846fc8853af

138484 --> testing fail

Test environment and result as below:

+---------------------+----------------+
|     Environment     | dpdk_unit_test |
+=====================+================+
| CentOS Stream 9     | PASS           |
+---------------------+----------------+
| CentOS Stream 8     | PASS           |
+---------------------+----------------+
| Fedora 37           | PASS           |
+---------------------+----------------+
| Windows Server 2019 | PASS           |
+---------------------+----------------+
| Debian Bullseye     | PASS           |
+---------------------+----------------+
| Debian 11 (arm)     | PASS           |
+---------------------+----------------+
| Fedora 38           | PASS           |
+---------------------+----------------+
| openSUSE Leap 15    | PASS           |
+---------------------+----------------+
| Ubuntu 20.04        | PASS           |
+---------------------+----------------+
| RHEL8               | PASS           |
+---------------------+----------------+
| Ubuntu 22.04        | PASS           |
+---------------------+----------------+
| Windows Server 2022 | FAIL           |
+---------------------+----------------+

==== 20 line log output for Windows Server 2022 (dpdk_unit_test): ====
�7�7�/�8�5� �D�P�D�K�:�f�a�s�t�-�t�e�s�t�s� �/� �t�e�l�e�m�e�t�r�y�_�d�a�t�a�_�a�u�t�o�t�e�s�t� � � � � � � � �S�K�I�P� � � � � � � � � � � � � �0�.�1�5�s� � � �e�x�i�t� �s�t�a�t�u�s� �7�7�
�
�7�8�/�8�5� �D�P�D�K�:�f�a�s�t�-�t�e�s�t�s� �/� �t�e�l�e�m�e�t�r�y�_�j�s�o�n�_�a�u�t�o�t�e�s�t� � � � � � � � �O�K� � � � � � � � � � � � � � � �0�.�1�6�s�
�
�7�9�/�8�5� �D�P�D�K�:�f�a�s�t�-�t�e�s�t�s� �/� �t�h�a�s�h�_�a�u�t�o�t�e�s�t� � � � � � � � � � � � � � � � � �O�K� � � � � � � � � � � � � � � �0�.�1�6�s�
�
�8�0�/�8�5� �D�P�D�K�:�f�a�s�t�-�t�e�s�t�s� �/� �t�h�r�e�a�d�s�_�a�u�t�o�t�e�s�t� � � � � � � � � � � � � � � �O�K� � � � � � � � � � � � � � � �0�.�9�1�s�
�
�8�1�/�8�5� �D�P�D�K�:�f�a�s�t�-�t�e�s�t�s� �/� �t�i�c�k�e�t�l�o�c�k�_�a�u�t�o�t�e�s�t� � � � � � � � � � � � �O�K� � � � � � � � � � � � � � � �0�.�2�0�s�
�
�8�2�/�8�5� �D�P�D�K�:�f�a�s�t�-�t�e�s�t�s� �/� �t�i�m�e�r�_�a�u�t�o�t�e�s�t� � � � � � � � � � � � � � � � � �O�K� � � � � � � � � � � � � � � �2�.�7�0�s�
�
�8�3�/�8�5� �D�P�D�K�:�f�a�s�t�-�t�e�s�t�s� �/� �t�r�a�c�e�_�a�u�t�o�t�e�s�t� � � � � � � � � � � � � � � � � �S�K�I�P� � � � � � � � � � � � � �0�.�2�0�s� � � �e�x�i�t� �s�t�a�t�u�s� �7�7�
�
�8�4�/�8�5� �D�P�D�K�:�f�a�s�t�-�t�e�s�t�s� �/� �v�d�e�v�_�a�u�t�o�t�e�s�t� � � � � � � � � � � � � � � � � � �O�K� � � � � � � � � � � � � � � �0�.�1�5�s�
�
�8�5�/�8�5� �D�P�D�K�:�f�a�s�t�-�t�e�s�t�s� �/� �v�e�r�s�i�o�n�_�a�u�t�o�t�e�s�t� � � � � � � � � � � � � � � �O�K� � � � � � � � � � � � � � � �0�.�1�5�s�
�
�
�
�
�
�O�k�:� � � � � � � � � � � � � � � � � �6�5� � �
�
�E�x�p�e�c�t�e�d� �F�a�i�l�:� � � � � � �0� � � �
�
�F�a�i�l�:� � � � � � � � � � � � � � � �0� � � �
�
�U�n�e�x�p�e�c�t�e�d� �P�a�s�s�:� � � � �0� � � �
�
�S�k�i�p�p�e�d�:� � � � � � � � � � � � �1�9� � �
�
�T�i�m�e�o�u�t�:� � � � � � � � � � � � �1� � � �
�
�
�
�F�u�l�l� �l�o�g� �w�r�i�t�t�e�n� �t�o� �C�:�\�U�s�e�r�s�\�b�u�i�l�d�e�r�\�j�e�n�k�i�n�s�\�w�o�r�k�s�p�a�c�e�\�G�e�n�e�r�i�c�-�V�M�-�U�n�i�t�-�T�e�s�t�-�D�P�D�K�\�d�p�d�k�\�b�u�i�l�d�\�m�e�s�o�n�-�l�o�g�s�\�t�e�s�t�l�o�g�.�t�x�t�
�
�
==== End log output ====

CentOS Stream 9
	Kernel: 5.4.0-167-generic
	Compiler: gcc 11.4.1 20230605

CentOS Stream 8
	Kernel: 5.4.0-167-generic
	Compiler: gcc 8.5.0 20210514

Fedora 37
	Kernel: Depends on container host system
	Compiler: gcc 12.3.1

Windows Server 2019
	Kernel: 10.0.17763
	Compiler: clang 14.0 and gcc 8.1.0 (MinGW)

Debian Bullseye
	Kernel: 5.4.0-167-generic
	Compiler: gcc 10.2.1-6

Debian 11 (arm)
	Kernel: Container Host Kernel
	Compiler: gcc 10.2.1

Fedora 38
	Kernel: Depends on container host
	Compiler: gcc 13.2.1

openSUSE Leap 15
	Kernel: 5.4.0-167-generic
	Compiler: gcc 7.5.0

Ubuntu 20.04
	Kernel: 5.4.0-167-generic
	Compiler: gcc 9.4.0-1ubuntu1~20.04.1

RHEL8
	Kernel: 5.4.0-167-generic
	Compiler: gcc 8.5.0 20210514 (Red Hat 8.5.0-20)

Ubuntu 22.04
	Kernel: 5.4.0-167-generic
	Compiler: gcc 11.4.0

Windows Server 2022
	Kernel: 10.0.20348.2031
	Compiler: clang 15.0.7, gcc 8.1.0 (MinGW), and MSVC VS 17.9

To view detailed results, visit:
https://lab.dpdk.org/results/dashboard/patchsets/29597/

UNH-IOL DPDK Community Lab

To manage your email subscriptions, visit: 
https://lab.dpdk.org/results/dashboard/preferences/subscriptions/