From mboxrd@z Thu Jan  1 00:00:00 1970
Return-Path: <test-report-bounces@dpdk.org>
Received: from mails.dpdk.org (mails.dpdk.org [217.70.189.124])
	by inbox.dpdk.org (Postfix) with ESMTP id 444DC43D0A
	for <public@inbox.dpdk.org>; Wed, 20 Mar 2024 23:26:18 +0100 (CET)
Received: from mails.dpdk.org (localhost [127.0.0.1])
	by mails.dpdk.org (Postfix) with ESMTP id 3D40042DDD;
	Wed, 20 Mar 2024 23:26:18 +0100 (CET)
Received: from mail-il1-f227.google.com (mail-il1-f227.google.com
 [209.85.166.227])
 by mails.dpdk.org (Postfix) with ESMTP id 6CE6642D80
 for <test-report@dpdk.org>; Wed, 20 Mar 2024 23:25:55 +0100 (CET)
Received: by mail-il1-f227.google.com with SMTP id
 e9e14a558f8ab-367d6dbeed2so1582475ab.2
 for <test-report@dpdk.org>; Wed, 20 Mar 2024 15:25:55 -0700 (PDT)
DKIM-Signature: v=1; a=rsa-sha256; c=relaxed/relaxed;
 d=iol.unh.edu; s=unh-iol; t=1710973555; x=1711578355; darn=dpdk.org;
 h=references:in-reply-to:cc:to:from:subject:message-id:date:from:to
 :cc:subject:date:message-id:reply-to;
 bh=53a0cKFFci1iE+yi+UOp+ArNWXvM6+Ii79c0alpR9A8=;
 b=NcN4TRbhV+nriD5LOVRy5GrA5HaKZyvWBPUnJXmLToFcfd11iu52BUoiB2cNHo/bNK
 pbB0MYkCjM2YpvN/ZbTKZtO1DuoQd1qcvNfQAmXoR9qc6d20pUCXEi74nXMvsRM6ny8L
 K7+XzUxpw/KodolVhPi9y8kVs2OywH4Y/0Iy8=
X-Google-DKIM-Signature: v=1; a=rsa-sha256; c=relaxed/relaxed;
 d=1e100.net; s=20230601; t=1710973555; x=1711578355;
 h=references:in-reply-to:cc:to:from:subject:message-id:date
 :x-gm-message-state:from:to:cc:subject:date:message-id:reply-to;
 bh=53a0cKFFci1iE+yi+UOp+ArNWXvM6+Ii79c0alpR9A8=;
 b=pE4Ub6rQ0HZqEb0oWZQAIa19rp7Z2tVsz1zgZu55oewgh7+YVCXsQoRi5QNaZKC1i0
 N56Jv+NohQaeEdZMrlFXmk0YuzjTZqytHoG0pmbykHnf6a3o61DGrmu0xml5e5M/Cpjg
 auLaexVz0rUmX0LSuFudtZjEPJ7P63rp0fNl2sUD+fdhaWzpzWP3fXAeXhNYkkIK6Xbb
 bqC/gmpTMfQ00rm4qVP5CmfT2k6U8yxblRJBMc9wymBDS9MKeUwSR1F7GYA6mURMyF7s
 SxsaX7wROOPxgRpHzABnanc8spuh/5n+ZVQ1tDXbLuuT6HuUVqspKx4YSFt1UJv+KcKl
 9OEw==
X-Gm-Message-State: AOJu0YxKnmqQb4wdaz7+clrSsDzYCaaTfhwtUlCFG1UxivBYkTnZsZXQ
 60yMdqnKVH74t5PhjOCwccIzEXd9BhGPvU/d16YwQEuUkIQN6AZq6JwLCMCX1zlur+3sieOgRu5
 Q6db3TDlmEUEcRz2V3cmsB4igUjY1wtWEafGnLh0rCnKHOooun7D3wWOs
X-Google-Smtp-Source: AGHT+IHqFmdIzaveWncwqZOKjsWDWNF7vmeSJRrlHMZVetG19l8IrnMKAILPXYRMxDEI6DE+1mMWsQuE4AX3
X-Received: by 2002:a05:6e02:143:b0:366:3e54:c1e with SMTP id
 j3-20020a056e02014300b003663e540c1emr310403ilr.4.1710973554866; 
 Wed, 20 Mar 2024 15:25:54 -0700 (PDT)
Received: from postal.iol.unh.edu (postal.iol.unh.edu.
 [2606:4100:3880:1234::84]) by smtp-relay.gmail.com with ESMTPS id
 x10-20020a056e02194a00b003675a75a2c3sm383084ilu.28.2024.03.20.15.25.54
 (version=TLS1_2 cipher=ECDHE-ECDSA-AES128-GCM-SHA256 bits=128/128);
 Wed, 20 Mar 2024 15:25:54 -0700 (PDT)
X-Relaying-Domain: iol.unh.edu
Date: Wed, 20 Mar 2024 15:25:54 -0700 (PDT)
Message-ID: <65fb6272.050a0220.ffcf.828aSMTPIN_ADDED_MISSING@mx.google.com>
Received: from [172.21.0.6] (unknown [172.18.0.240])
 by postal.iol.unh.edu (Postfix) with ESMTP id 5D4606052471;
 Wed, 20 Mar 2024 18:25:54 -0400 (EDT)
Subject: |WARNING| pw138583-138625 [PATCH] [46/46] app/test-bbdev: use rte st
From: dpdklab@iol.unh.edu
To: Test Report <test-report@dpdk.org>
Cc: dpdk-test-reports@iol.unh.edu,
 Tyler Retzlaff <roretzla@linux.microsoft.com>
In-Reply-To: <1710967892-7046-47-git-send-email-roretzla@linux.microsoft.com>
References: <1710967892-7046-47-git-send-email-roretzla@linux.microsoft.com>
Content-Type: text/plain
X-BeenThere: test-report@dpdk.org
X-Mailman-Version: 2.1.29
Precedence: list
List-Id: automatic DPDK test reports <test-report.dpdk.org>
List-Unsubscribe: <https://mails.dpdk.org/options/test-report>,
 <mailto:test-report-request@dpdk.org?subject=unsubscribe>
List-Archive: <http://mails.dpdk.org/archives/test-report/>
List-Post: <mailto:test-report@dpdk.org>
List-Help: <mailto:test-report-request@dpdk.org?subject=help>
List-Subscribe: <https://mails.dpdk.org/listinfo/test-report>,
 <mailto:test-report-request@dpdk.org?subject=subscribe>
Errors-To: test-report-bounces@dpdk.org

Test-Label: iol-abi-testing
Test-Status: WARNING
http://dpdk.org/patch/138625

_Testing issues_

Submitter: Tyler Retzlaff <roretzla@linux.microsoft.com>
Date: Wednesday, March 20 2024 20:51:32 
DPDK git baseline: Repo:dpdk
  Branch: master
  CommitID:80ecef6d1f71fcebc0a51d7cabc51f73ee142ff2

138583-138625 --> testing fail

Test environment and result as below:

+------------------+----------+
|   Environment    | abi_test |
+==================+==========+
| Debian Bullseye  | FAIL     |
+------------------+----------+
| Ubuntu 22.04     | FAIL     |
+------------------+----------+
| CentOS Stream 9  | FAIL     |
+------------------+----------+
| Fedora 38        | FAIL     |
+------------------+----------+
| RHEL8            | FAIL     |
+------------------+----------+
| CentOS Stream 8  | FAIL     |
+------------------+----------+
| openSUSE Leap 15 | FAIL     |
+------------------+----------+
| Debian 11 (arm)  | FAIL     |
+------------------+----------+

==== 20 line log output for Debian 11 (arm) (abi_test): ====
Variables changes summary: 0 Removed, 0 Changed, 0 Added variable

Functions changes summary: 0 Removed, 0 Changed (2 filtered out), 0 Added functions
Variables changes summary: 0 Removed, 0 Changed, 0 Added variable

Functions changes summary: 0 Removed, 0 Changed, 0 Added function
Variables changes summary: 0 Removed, 0 Changed, 0 Added (1 filtered out) variable

Functions changes summary: 0 Removed, 0 Changed (11 filtered out), 0 Added (1 filtered out) functions
Variables changes summary: 0 Removed, 0 Changed, 0 Added variable

Functions changes summary: 0 Removed, 0 Changed (3 filtered out), 0 Added functions
Variables changes summary: 0 Removed, 0 Changed, 0 Added variable

Functions changes summary: 0 Removed, 0 Changed, 0 Added (1 filtered out) function
Variables changes summary: 0 Removed, 0 Changed, 0 Added variable

Functions changes summary: 0 Removed, 0 Changed, 0 Added (2 filtered out) functions
Variables changes summary: 0 Removed, 0 Changed, 0 Added variable

==== End log output ====

Debian Bullseye
	Kernel: 5.4.0-167-generic
	Compiler: gcc 10.2.1-6

Ubuntu 22.04
	Kernel: 5.4.0-167-generic
	Compiler: gcc 11.4.0

CentOS Stream 9
	Kernel: 5.4.0-167-generic
	Compiler: gcc 11.4.1 20230605

Fedora 38
	Kernel: Depends on container host
	Compiler: clang 16.0.6

RHEL8
	Kernel: 5.4.0-167-generic
	Compiler: gcc 8.5.0 20210514 (Red Hat 8.5.0-20)

CentOS Stream 8
	Kernel: 5.4.0-167-generic
	Compiler: gcc 8.5.0 20210514

openSUSE Leap 15
	Kernel: 5.4.0-167-generic
	Compiler: gcc 7.5.0

Debian 11 (arm)
	Kernel: Container Host Kernel
	Compiler: gcc 10.2.1

To view detailed results, visit:
https://lab.dpdk.org/results/dashboard/patchsets/29609/

UNH-IOL DPDK Community Lab

To manage your email subscriptions, visit: 
https://lab.dpdk.org/results/dashboard/preferences/subscriptions/