From mboxrd@z Thu Jan  1 00:00:00 1970
Return-Path: <test-report-bounces@dpdk.org>
Received: from mails.dpdk.org (mails.dpdk.org [217.70.189.124])
	by inbox.dpdk.org (Postfix) with ESMTP id 94E0B43D0E
	for <public@inbox.dpdk.org>; Thu, 21 Mar 2024 07:21:50 +0100 (CET)
Received: from mails.dpdk.org (localhost [127.0.0.1])
	by mails.dpdk.org (Postfix) with ESMTP id C454342DC0;
	Thu, 21 Mar 2024 07:21:49 +0100 (CET)
Received: from mail-qv1-f99.google.com (mail-qv1-f99.google.com
 [209.85.219.99]) by mails.dpdk.org (Postfix) with ESMTP id 45DBE40265
 for <test-report@dpdk.org>; Thu, 21 Mar 2024 07:21:08 +0100 (CET)
Received: by mail-qv1-f99.google.com with SMTP id
 6a1803df08f44-696574cb5b8so1243676d6.1
 for <test-report@dpdk.org>; Wed, 20 Mar 2024 23:21:08 -0700 (PDT)
DKIM-Signature: v=1; a=rsa-sha256; c=relaxed/relaxed;
 d=iol.unh.edu; s=unh-iol; t=1711002067; x=1711606867; darn=dpdk.org;
 h=references:in-reply-to:cc:to:from:subject:message-id:date:from:to
 :cc:subject:date:message-id:reply-to;
 bh=igjyWV+MmTZdev2wM4cZ67S7wYZEh2At6NQJBCQwcOI=;
 b=UOQKqcpUWW6bazl6at9z+8bhh1TBt6CT2kb0ZgOJ/RCybm8q2VTcTkHLjJf8hn2F6l
 jOwKQ9AE5rZAlSI4rzFrf457C9+PJgDnfhynmYYDmjFby8a6yPFXQxVLzDWNUTFO2jry
 Tye/16i3ptJMDwAbXXt75ZckTBUG4tYWP9rHU=
X-Google-DKIM-Signature: v=1; a=rsa-sha256; c=relaxed/relaxed;
 d=1e100.net; s=20230601; t=1711002067; x=1711606867;
 h=references:in-reply-to:cc:to:from:subject:message-id:date
 :x-gm-message-state:from:to:cc:subject:date:message-id:reply-to;
 bh=igjyWV+MmTZdev2wM4cZ67S7wYZEh2At6NQJBCQwcOI=;
 b=wif2AVT3Oa1ApoA3KrYDNHwP+rLnokkC+pmfTSdRphr679v4FtaqbVNpXh25w2cMIQ
 OpYULUDSAGI2IKqlzt6+XbvejoHP2+8OI428q9PlFS4ZfwU2hq18pREfuSNW1qyByplX
 sWwBgVEyGALTjPtUk1JUGDJ1vbVzu65xdaQDcrmGv5GnMwPDkfLFBpwaSgpEPBRkbYzo
 DUKi8HAO+uv57oud3CLiVqFoD5hK5WOKGd3b9ON+ZUebVYNkDcKJrNRQViY0N06GvYXp
 FDEWJMVBkem1mK+so0dmtXoi6X0KHKM7l+l51bcziS9T8SLeLm+8KdQBVUGLWJR4xI1p
 CRBg==
X-Gm-Message-State: AOJu0Yx6WIuCHQOQ8bCXSDSkT+cgCLWz2GBAVx2Dr2V3kjoSMmN7dNN1
 fX7HHqGWyYGFc5jieSOBai9aON7mpuC3kDMcH2yC7mFaknYSEVWFXfl4bnVOSSptgMUxMR/GVm0
 43JDxZrdNPFGvAQSmURR/w59EoycLEPEh5LuW1UmU
X-Google-Smtp-Source: AGHT+IE7zXFSH6l6HXropa3RCbQSGnOM7/7d2c+NuidTQK++wHAP0JyypbQyibFVT7UWaHchqm6C2weMyxxq
X-Received: by 2002:a0c:edc8:0:b0:690:b887:901a with SMTP id
 i8-20020a0cedc8000000b00690b887901amr6762906qvr.48.1711002067780; 
 Wed, 20 Mar 2024 23:21:07 -0700 (PDT)
Received: from postal.iol.unh.edu (postal.iol.unh.edu. [132.177.123.84])
 by smtp-relay.gmail.com with ESMTPS id
 iw4-20020a0562140f2400b0068fa33effcbsm872274qvb.39.2024.03.20.23.21.07
 (version=TLS1_2 cipher=ECDHE-ECDSA-AES128-GCM-SHA256 bits=128/128);
 Wed, 20 Mar 2024 23:21:07 -0700 (PDT)
X-Relaying-Domain: iol.unh.edu
Date: Wed, 20 Mar 2024 23:21:07 -0700 (PDT)
Message-ID: <65fbd1d3.050a0220.db88d.bce3SMTPIN_ADDED_MISSING@mx.google.com>
Received: from [172.21.0.7] (unknown [172.18.0.240])
 by postal.iol.unh.edu (Postfix) with ESMTP id 6F9336052471;
 Thu, 21 Mar 2024 02:21:07 -0400 (EDT)
Subject: |FAILURE| pw138643-138642 [PATCH] [2/2] eal: adjust intrinsic type c
From: dpdklab@iol.unh.edu
To: Test Report <test-report@dpdk.org>
Cc: dpdk-test-reports@iol.unh.edu,
 Tyler Retzlaff <roretzla@linux.microsoft.com>
In-Reply-To: <1710969509-20627-3-git-send-email-roretzla@linux.microsoft.com>
References: <1710969509-20627-3-git-send-email-roretzla@linux.microsoft.com>
Content-Type: text/plain
X-BeenThere: test-report@dpdk.org
X-Mailman-Version: 2.1.29
Precedence: list
List-Id: automatic DPDK test reports <test-report.dpdk.org>
List-Unsubscribe: <https://mails.dpdk.org/options/test-report>,
 <mailto:test-report-request@dpdk.org?subject=unsubscribe>
List-Archive: <http://mails.dpdk.org/archives/test-report/>
List-Post: <mailto:test-report@dpdk.org>
List-Help: <mailto:test-report-request@dpdk.org?subject=help>
List-Subscribe: <https://mails.dpdk.org/listinfo/test-report>,
 <mailto:test-report-request@dpdk.org?subject=subscribe>
Errors-To: test-report-bounces@dpdk.org

Test-Label: iol-unit-amd64-testing
Test-Status: FAILURE
http://dpdk.org/patch/138642

_Testing issues_

Submitter: Tyler Retzlaff <roretzla@linux.microsoft.com>
Date: Wednesday, March 20 2024 21:18:29 
DPDK git baseline: Repo:dpdk
  Branch: master
  CommitID:80ecef6d1f71fcebc0a51d7cabc51f73ee142ff2

138643-138642 --> testing fail

Test environment and result as below:

+------------------+----------------+
|   Environment    | dpdk_unit_test |
+==================+================+
| CentOS Stream 8  | PASS           |
+------------------+----------------+
| CentOS Stream 9  | PASS           |
+------------------+----------------+
| Debian 11 (arm)  | FAIL           |
+------------------+----------------+
| Debian Bullseye  | PASS           |
+------------------+----------------+
| Fedora 37        | PASS           |
+------------------+----------------+
| Fedora 38        | PASS           |
+------------------+----------------+
| RHEL8            | PASS           |
+------------------+----------------+
| Ubuntu 20.04     | PASS           |
+------------------+----------------+
| openSUSE Leap 15 | PASS           |
+------------------+----------------+
| Ubuntu 22.04     | PASS           |
+------------------+----------------+

==== 20 line log output for Debian 11 (arm) (dpdk_unit_test): ====
102/112 DPDK:fast-tests / telemetry_data_autotest        OK               0.17s
103/112 DPDK:fast-tests / telemetry_json_autotest        OK               0.17s
104/112 DPDK:fast-tests / thash_autotest                 OK               0.17s
105/112 DPDK:fast-tests / threads_autotest               OK               0.32s
106/112 DPDK:fast-tests / ticketlock_autotest            OK               0.18s
107/112 DPDK:fast-tests / timer_autotest                 OK               2.48s
108/112 DPDK:fast-tests / trace_autotest                 OK               0.17s
109/112 DPDK:fast-tests / trace_autotest_with_traces     OK               0.17s
110/112 DPDK:fast-tests / vdev_autotest                  OK               0.16s
111/112 DPDK:fast-tests / version_autotest               OK               0.17s
112/112 DPDK:fast-tests / telemetry_all                  SKIP             0.01s   exit status 77

Ok:                 101
Expected Fail:      0
Fail:               1
Unexpected Pass:    0
Skipped:            10
Timeout:            0

Full log written to /home-local/jenkins-local/jenkins-agent/workspace/Generic-Unit-Test-DPDK/dpdk/build/meson-logs/testlog.txt
==== End log output ====

CentOS Stream 8
	Kernel: 5.4.0-167-generic
	Compiler: gcc 8.5.0 20210514

CentOS Stream 9
	Kernel: 5.4.0-167-generic
	Compiler: gcc 11.4.1 20230605

Debian 11 (arm)
	Kernel: Container Host Kernel
	Compiler: gcc 10.2.1

Debian Bullseye
	Kernel: 5.4.0-167-generic
	Compiler: gcc 10.2.1-6

Fedora 37
	Kernel: Depends on container host system
	Compiler: gcc 12.3.1

Fedora 38
	Kernel: Depends on container host
	Compiler: clang 16.0.6

RHEL8
	Kernel: 5.4.0-167-generic
	Compiler: gcc 8.5.0 20210514 (Red Hat 8.5.0-20)

Ubuntu 20.04
	Kernel: 5.4.0-167-generic
	Compiler: gcc 9.4.0-1ubuntu1~20.04.1

openSUSE Leap 15
	Kernel: 5.4.0-167-generic
	Compiler: gcc 7.5.0

Ubuntu 22.04
	Kernel: 5.4.0-167-generic
	Compiler: gcc 11.4.0

To view detailed results, visit:
https://lab.dpdk.org/results/dashboard/patchsets/29612/

UNH-IOL DPDK Community Lab

To manage your email subscriptions, visit: 
https://lab.dpdk.org/results/dashboard/preferences/subscriptions/