From mboxrd@z Thu Jan  1 00:00:00 1970
Return-Path: <test-report-bounces@dpdk.org>
Received: from mails.dpdk.org (mails.dpdk.org [217.70.189.124])
	by inbox.dpdk.org (Postfix) with ESMTP id 281DA43CFF
	for <public@inbox.dpdk.org>; Thu, 21 Mar 2024 13:36:54 +0100 (CET)
Received: from mails.dpdk.org (localhost [127.0.0.1])
	by mails.dpdk.org (Postfix) with ESMTP id 1E66342830;
	Thu, 21 Mar 2024 13:36:54 +0100 (CET)
Received: from mail-pl1-f228.google.com (mail-pl1-f228.google.com
 [209.85.214.228])
 by mails.dpdk.org (Postfix) with ESMTP id D1B11427E1
 for <test-report@dpdk.org>; Thu, 21 Mar 2024 13:36:51 +0100 (CET)
Received: by mail-pl1-f228.google.com with SMTP id
 d9443c01a7336-1e04ac200a6so7321235ad.1
 for <test-report@dpdk.org>; Thu, 21 Mar 2024 05:36:51 -0700 (PDT)
DKIM-Signature: v=1; a=rsa-sha256; c=relaxed/relaxed;
 d=iol.unh.edu; s=unh-iol; t=1711024611; x=1711629411; darn=dpdk.org;
 h=references:in-reply-to:cc:to:from:subject:message-id:date:from:to
 :cc:subject:date:message-id:reply-to;
 bh=fOQqmwgk3dvl9A5qeS30h5TudaeGdn3yGKWoVu6HHrU=;
 b=Vt1P/7pFpUkXQQilrb08kamwDupuZKi5gnbj4p7JmZrw0NSJeRevwWxRjvxuZjLeRb
 yOipZt9+b1IgO/q5ucTXSQx15RkBgDM+eXNXs5Npq5FizYMEYqdEymlyuh5WNLqs3v5w
 TuHxtMbgBnpHbS+CRhTdGBqhNmC528bvSZaQM=
X-Google-DKIM-Signature: v=1; a=rsa-sha256; c=relaxed/relaxed;
 d=1e100.net; s=20230601; t=1711024611; x=1711629411;
 h=references:in-reply-to:cc:to:from:subject:message-id:date
 :x-gm-message-state:from:to:cc:subject:date:message-id:reply-to;
 bh=fOQqmwgk3dvl9A5qeS30h5TudaeGdn3yGKWoVu6HHrU=;
 b=D3oeR1UB+CrbXHfyzea3Ae+znNEhVrcIS0JEdf67k0FaJ9w7jIMqLf+2J3ZQy7GZFO
 gXEfd4ugcTyPYIhrbvyCGTJH9jtUawzSFsIMqlL4vWoW3KeAqmCz/sxuN/GniNnmzRqu
 y3DTjjp07Nwd0penI5OwAksAFn6CUe5ouVsKUQIK7AshQU9tKoApir7Z7/67lgPraWWk
 e3YXuTsIhPesWvRtf5vQSDdSYux1sB9nXC5oxqdqQnVQbuYMuUAv8JzePXWGhHfdsMGM
 bd4qtVuIBS181Qry3tgFMtR0atP7SBibUTx3tWNfNlIW3FAwOw935iTRtLnM8xA+7w7h
 qr6Q==
X-Gm-Message-State: AOJu0Yz8rLpMWICiLxHa/+cBYnXgApbOaSjLgDaDh4o8vss2zcytWS1Y
 2Pfvfuo9elmz2Zz3MSCTE5N3oBhExw4cUqYwwHcfgw11bd8HbyBWe4DCSENTHIFJkc0kXgDQSOn
 /4WEtGt2EsSiGpne5UgOLSae0MrluqnpXq8up0YLC
X-Google-Smtp-Source: AGHT+IHpJFVUX7tLF3fMtYT59YdgK0TYmWdN2mCvmMnFBXN4AmskKz1TuuOB/FZwB0dF0l85Lk/bTukPArfC
X-Received: by 2002:a17:902:e74b:b0:1dd:8ed:997d with SMTP id
 p11-20020a170902e74b00b001dd08ed997dmr3896231plf.3.1711024611011; 
 Thu, 21 Mar 2024 05:36:51 -0700 (PDT)
Received: from postal.iol.unh.edu (postal.iol.unh.edu. [132.177.123.84])
 by smtp-relay.gmail.com with ESMTPS id
 mq4-20020a170902fd4400b001dd0f36256dsm268236plb.54.2024.03.21.05.36.50
 (version=TLS1_2 cipher=ECDHE-ECDSA-AES128-GCM-SHA256 bits=128/128);
 Thu, 21 Mar 2024 05:36:50 -0700 (PDT)
X-Relaying-Domain: iol.unh.edu
Date: Thu, 21 Mar 2024 05:36:50 -0700 (PDT)
Message-ID: <65fc29e2.170a0220.8d2be.f6b8SMTPIN_ADDED_MISSING@mx.google.com>
Received: from [172.17.0.8] (unknown [172.18.0.217])
 by postal.iol.unh.edu (Postfix) with ESMTP id 304696052471;
 Thu, 21 Mar 2024 08:36:50 -0400 (EDT)
Subject: |FAILURE| pw138643-138642 [PATCH] [2/2] eal: adjust intrinsic type c
From: dpdklab@iol.unh.edu
To: Test Report <test-report@dpdk.org>
Cc: dpdk-test-reports@iol.unh.edu,
 Tyler Retzlaff <roretzla@linux.microsoft.com>
In-Reply-To: <1710969509-20627-3-git-send-email-roretzla@linux.microsoft.com>
References: <1710969509-20627-3-git-send-email-roretzla@linux.microsoft.com>
Content-Type: text/plain
X-BeenThere: test-report@dpdk.org
X-Mailman-Version: 2.1.29
Precedence: list
List-Id: automatic DPDK test reports <test-report.dpdk.org>
List-Unsubscribe: <https://mails.dpdk.org/options/test-report>,
 <mailto:test-report-request@dpdk.org?subject=unsubscribe>
List-Archive: <http://mails.dpdk.org/archives/test-report/>
List-Post: <mailto:test-report@dpdk.org>
List-Help: <mailto:test-report-request@dpdk.org?subject=help>
List-Subscribe: <https://mails.dpdk.org/listinfo/test-report>,
 <mailto:test-report-request@dpdk.org?subject=subscribe>
Errors-To: test-report-bounces@dpdk.org

Test-Label: iol-unit-amd64-testing
Test-Status: FAILURE
http://dpdk.org/patch/138642

_Testing issues_

Submitter: Tyler Retzlaff <roretzla@linux.microsoft.com>
Date: Wednesday, March 20 2024 21:18:29 
DPDK git baseline: Repo:dpdk
  Branch: master
  CommitID:80ecef6d1f71fcebc0a51d7cabc51f73ee142ff2

138643-138642 --> testing fail

Test environment and result as below:

+---------------------+----------------+
|     Environment     | dpdk_unit_test |
+=====================+================+
| CentOS Stream 8     | PASS           |
+---------------------+----------------+
| CentOS Stream 9     | PASS           |
+---------------------+----------------+
| Debian 11 (arm)     | FAIL           |
+---------------------+----------------+
| Debian Bullseye     | PASS           |
+---------------------+----------------+
| Fedora 37           | PASS           |
+---------------------+----------------+
| Fedora 38           | PASS           |
+---------------------+----------------+
| RHEL8               | PASS           |
+---------------------+----------------+
| Ubuntu 20.04        | PASS           |
+---------------------+----------------+
| openSUSE Leap 15    | PASS           |
+---------------------+----------------+
| Ubuntu 22.04        | PASS           |
+---------------------+----------------+
| Windows Server 2019 | PASS           |
+---------------------+----------------+

==== 20 line log output for Debian 11 (arm) (dpdk_unit_test): ====
102/112 DPDK:fast-tests / telemetry_data_autotest        OK               0.17s
103/112 DPDK:fast-tests / telemetry_json_autotest        OK               0.17s
104/112 DPDK:fast-tests / thash_autotest                 OK               0.17s
105/112 DPDK:fast-tests / threads_autotest               OK               0.32s
106/112 DPDK:fast-tests / ticketlock_autotest            OK               0.18s
107/112 DPDK:fast-tests / timer_autotest                 OK               2.48s
108/112 DPDK:fast-tests / trace_autotest                 OK               0.17s
109/112 DPDK:fast-tests / trace_autotest_with_traces     OK               0.17s
110/112 DPDK:fast-tests / vdev_autotest                  OK               0.16s
111/112 DPDK:fast-tests / version_autotest               OK               0.17s
112/112 DPDK:fast-tests / telemetry_all                  SKIP             0.01s   exit status 77

Ok:                 101
Expected Fail:      0
Fail:               1
Unexpected Pass:    0
Skipped:            10
Timeout:            0

Full log written to /home-local/jenkins-local/jenkins-agent/workspace/Generic-Unit-Test-DPDK/dpdk/build/meson-logs/testlog.txt
==== End log output ====

CentOS Stream 8
	Kernel: 5.4.0-167-generic
	Compiler: gcc 8.5.0 20210514

CentOS Stream 9
	Kernel: 5.4.0-167-generic
	Compiler: gcc 11.4.1 20230605

Debian 11 (arm)
	Kernel: Container Host Kernel
	Compiler: gcc 10.2.1

Debian Bullseye
	Kernel: 5.4.0-167-generic
	Compiler: gcc 10.2.1-6

Fedora 37
	Kernel: Depends on container host system
	Compiler: gcc 12.3.1

Fedora 38
	Kernel: Depends on container host
	Compiler: clang 16.0.6

RHEL8
	Kernel: 5.4.0-167-generic
	Compiler: gcc 8.5.0 20210514 (Red Hat 8.5.0-20)

Ubuntu 20.04
	Kernel: 5.4.0-167-generic
	Compiler: gcc 9.4.0-1ubuntu1~20.04.1

openSUSE Leap 15
	Kernel: 5.4.0-167-generic
	Compiler: gcc 7.5.0

Ubuntu 22.04
	Kernel: 5.4.0-167-generic
	Compiler: gcc 11.4.0

Windows Server 2019
	Kernel: 10.0.17763
	Compiler: clang 14.0 and gcc 8.1.0 (MinGW)

To view detailed results, visit:
https://lab.dpdk.org/results/dashboard/patchsets/29612/

UNH-IOL DPDK Community Lab

To manage your email subscriptions, visit: 
https://lab.dpdk.org/results/dashboard/preferences/subscriptions/