From mboxrd@z Thu Jan  1 00:00:00 1970
Return-Path: <test-report-bounces@dpdk.org>
Received: from mails.dpdk.org (mails.dpdk.org [217.70.189.124])
	by inbox.dpdk.org (Postfix) with ESMTP id 37B1743D03
	for <public@inbox.dpdk.org>; Thu, 21 Mar 2024 13:52:36 +0100 (CET)
Received: from mails.dpdk.org (localhost [127.0.0.1])
	by mails.dpdk.org (Postfix) with ESMTP id 1CE8A42DD5;
	Thu, 21 Mar 2024 13:52:36 +0100 (CET)
Received: from mail-yw1-f225.google.com (mail-yw1-f225.google.com
 [209.85.128.225])
 by mails.dpdk.org (Postfix) with ESMTP id 4CF4E427E1
 for <test-report@dpdk.org>; Thu, 21 Mar 2024 13:52:10 +0100 (CET)
Received: by mail-yw1-f225.google.com with SMTP id
 00721157ae682-60cbcd04de8so7595427b3.0
 for <test-report@dpdk.org>; Thu, 21 Mar 2024 05:52:10 -0700 (PDT)
DKIM-Signature: v=1; a=rsa-sha256; c=relaxed/relaxed;
 d=iol.unh.edu; s=unh-iol; t=1711025529; x=1711630329; darn=dpdk.org;
 h=references:in-reply-to:cc:to:from:subject:message-id:date:from:to
 :cc:subject:date:message-id:reply-to;
 bh=Kb1I597sjhGKtfg9U58yJ/h0xwdUH8uRzY88weRszmU=;
 b=QbeiJkkwjn+ApreluWWeIYQceH0vAx0CamJRTsHwCvkdX2a6znewGNxVwLg+GA2c1L
 jpNarJmexcAKLJo9wdWka2jejD9ekOvZ/EWJbJwaKHILvoHP/R4IL9zxXvqae12qYZY9
 4tl0yrS93yLpzTBONTf99d8azqhDf6SSGIXoE=
X-Google-DKIM-Signature: v=1; a=rsa-sha256; c=relaxed/relaxed;
 d=1e100.net; s=20230601; t=1711025529; x=1711630329;
 h=references:in-reply-to:cc:to:from:subject:message-id:date
 :x-gm-message-state:from:to:cc:subject:date:message-id:reply-to;
 bh=Kb1I597sjhGKtfg9U58yJ/h0xwdUH8uRzY88weRszmU=;
 b=axMD0MP/x1xcl4FUIUbdO0Qsr7aUb7mZi7ruwWp6tnvmR4t3l9ttmlsP1BykRB0h95
 4krCfWKgRJMXywZToLvhj5PIuV30UnbDPqlu7u1LVa4oYUUutErmxngMHgs5/89M8iIx
 bEUw7Ubx/daUG/qZEAbyqamYgFgp19UXL5UmzW/uZL061//3m3mtT/Km18Z+kqgOrLta
 Jgs2iCd1vCVmjH/zMkD7eqnbqynfeOhGryzr2aJz/pad0qOXhCme/3y+0RG2KHnVoeNd
 uvurf0WKlp3BHXZTSeynTKgCEz7cKhZyTUtjmqMmbSbp2gja5ZBX/+gDCgYzAMiPIoyK
 L/ug==
X-Gm-Message-State: AOJu0YxBNxQ9AOtYGg3bL8ECa5jjeycWZrSdRIu/zSTlx4BSIALrpm5/
 cMahwS+NSf2/ppOKSgRaVVC0xFCn9ngvJnpp04+M2W/y+BQSf3rtR2Lya3wSarjnYgejD6jsNC7
 H3T6r+s8bddekYXWMSDk0TAohYoNxmM6AA+YiMKlz
X-Google-Smtp-Source: AGHT+IGZTm7o/wxTAU95Gpv4Pq5bGi+X0gHDivl2VRFqhf3BQR3kCaMhVMyTtu9DwHiZ8Nd5Rr8qRWnXDUEh
X-Received: by 2002:a0d:dd95:0:b0:611:a8a:bc09 with SMTP id
 g143-20020a0ddd95000000b006110a8abc09mr650747ywe.14.1711025529511; 
 Thu, 21 Mar 2024 05:52:09 -0700 (PDT)
Received: from postal.iol.unh.edu (postal.iol.unh.edu. [132.177.123.84])
 by smtp-relay.gmail.com with ESMTPS id
 x204-20020a817cd5000000b00609ffd07132sm1108351ywc.65.2024.03.21.05.52.09
 (version=TLS1_2 cipher=ECDHE-ECDSA-AES128-GCM-SHA256 bits=128/128);
 Thu, 21 Mar 2024 05:52:09 -0700 (PDT)
X-Relaying-Domain: iol.unh.edu
Date: Thu, 21 Mar 2024 05:52:09 -0700 (PDT)
Message-ID: <65fc2d79.810a0220.540bf.9d7eSMTPIN_ADDED_MISSING@mx.google.com>
Received: from [172.21.0.6] (unknown [172.18.0.240])
 by postal.iol.unh.edu (Postfix) with ESMTP id 3384E6052471;
 Thu, 21 Mar 2024 08:52:09 -0400 (EDT)
Subject: |FAILURE| pw138654 [PATCH] net/vmxnet3: Don't enable rx queue interr
From: dpdklab@iol.unh.edu
To: Test Report <test-report@dpdk.org>
Cc: dpdk-test-reports@iol.unh.edu, Tom Jones <thj@freebsd.org>
In-Reply-To: <20240320130255.1526-1-thj@freebsd.org>
References: <20240320130255.1526-1-thj@freebsd.org>
Content-Type: text/plain
X-BeenThere: test-report@dpdk.org
X-Mailman-Version: 2.1.29
Precedence: list
List-Id: automatic DPDK test reports <test-report.dpdk.org>
List-Unsubscribe: <https://mails.dpdk.org/options/test-report>,
 <mailto:test-report-request@dpdk.org?subject=unsubscribe>
List-Archive: <http://mails.dpdk.org/archives/test-report/>
List-Post: <mailto:test-report@dpdk.org>
List-Help: <mailto:test-report-request@dpdk.org?subject=help>
List-Subscribe: <https://mails.dpdk.org/listinfo/test-report>,
 <mailto:test-report-request@dpdk.org?subject=subscribe>
Errors-To: test-report-bounces@dpdk.org

Test-Label: iol-compile-amd64-testing
Test-Status: FAILURE
http://dpdk.org/patch/138654

_Testing issues_

Submitter: Tom Jones <thj@freebsd.org>
Date: Wednesday, March 20 2024 13:02:55 
DPDK git baseline: Repo:dpdk
  Branch: master
  CommitID:31a4216a9ee3c02cf2443d533f6a491cdb25904e

138654 --> testing fail

Test environment and result as below:

+---------------------+--------------------+----------------------+-------------------+
|     Environment     | dpdk_meson_compile | dpdk_mingw64_compile | dpdk_msvc_compile |
+=====================+====================+======================+===================+
| CentOS Stream 8     | PASS               | SKIPPED              | SKIPPED           |
+---------------------+--------------------+----------------------+-------------------+
| CentOS Stream 9     | PASS               | SKIPPED              | SKIPPED           |
+---------------------+--------------------+----------------------+-------------------+
| Fedora 37           | PASS               | SKIPPED              | SKIPPED           |
+---------------------+--------------------+----------------------+-------------------+
| openSUSE Leap 15    | PASS               | SKIPPED              | SKIPPED           |
+---------------------+--------------------+----------------------+-------------------+
| Fedora 38           | PASS               | SKIPPED              | SKIPPED           |
+---------------------+--------------------+----------------------+-------------------+
| Debian 11 (arm)     | PASS               | SKIPPED              | SKIPPED           |
+---------------------+--------------------+----------------------+-------------------+
| Ubuntu 20.04        | PASS               | SKIPPED              | SKIPPED           |
+---------------------+--------------------+----------------------+-------------------+
| FreeBSD 13.2        | FAIL               | SKIPPED              | SKIPPED           |
+---------------------+--------------------+----------------------+-------------------+
| Windows Server 2022 | PASS               | PASS                 | PASS              |
+---------------------+--------------------+----------------------+-------------------+
| Windows Server 2019 | PASS               | PASS                 | SKIPPED           |
+---------------------+--------------------+----------------------+-------------------+
| Ubuntu 22.04        | PASS               | SKIPPED              | SKIPPED           |
+---------------------+--------------------+----------------------+-------------------+
| RHEL8               | PASS               | SKIPPED              | SKIPPED           |
+---------------------+--------------------+----------------------+-------------------+
| Debian Bullseye     | PASS               | SKIPPED              | SKIPPED           |
+---------------------+--------------------+----------------------+-------------------+
| Alpine              | PASS               | SKIPPED              | SKIPPED           |
+---------------------+--------------------+----------------------+-------------------+

==== 20 line log output for FreeBSD 13.2 (dpdk_meson_compile): ====
[1403/1841] Compiling C object drivers/libtmp_rte_crypto_scheduler.a.p/crypto_scheduler_rte_cryptodev_scheduler.c.o
[1404/1841] Compiling C object drivers/libtmp_rte_crypto_scheduler.a.p/crypto_scheduler_scheduler_failover.c.o
[1405/1841] Generating drivers/rte_crypto_null.pmd.c with a custom command
[1406/1841] Compiling C object drivers/librte_crypto_null.a.p/meson-generated_.._rte_crypto_null.pmd.c.o
[1407/1841] Linking static target drivers/librte_crypto_null.a
[1408/1841] Compiling C object drivers/libtmp_rte_crypto_scheduler.a.p/crypto_scheduler_scheduler_multicore.c.o
[1409/1841] Compiling C object drivers/librte_crypto_null.so.24.1.p/meson-generated_.._rte_crypto_null.pmd.c.o
[1410/1841] Compiling C object drivers/libtmp_rte_net_vmxnet3.a.p/net_vmxnet3_vmxnet3_ethdev.c.o
FAILED: drivers/libtmp_rte_net_vmxnet3.a.p/net_vmxnet3_vmxnet3_ethdev.c.o
ccache cc -Idrivers/libtmp_rte_net_vmxnet3.a.p -Idrivers -I../drivers -Idrivers/net/vmxnet3 -I../drivers/net/vmxnet3 -Ilib/ethdev -I../lib/ethdev -I. -I.. -Iconfig -I../config -Ilib/eal/include -I../lib/eal/include -Ilib/eal/freebsd/include -I../lib/eal/freebsd/include -Ilib/eal/x86/include -I../lib/eal/x86/include -Ilib/eal/common -I../lib/eal/common -Ilib/eal -I../lib/eal -Ilib/kvargs -I../lib/kvargs -Ilib/log -I../lib/log -Ilib/metrics -I../lib/metrics -Ilib/telemetry -I../lib/telemetry -Ilib/net -I../lib/net -Ilib/mbuf -I../lib/mbuf -Ilib/mempool -I../lib/mempool -Ilib/ring -I../lib/ring -Ilib/meter -I../lib/meter -Idrivers/bus/pci -I../drivers/bus/pci -I../drivers/bus/pci/bsd -Ilib/pci -I../lib/pci -Idrivers/bus/vdev -I../drivers/bus/vdev -I/usr/local/include -fcolor-diagnostics -D_FILE_OFFSET_BITS=64 -Wall -Winvalid-pch -Wextra -Werror -std=c11 -O3 -include rte_config.h -Wcast-qual -Wdeprecated -Wformat -Wformat-nonliteral -Wformat-security -Wmissing-declarations -Wmissing-prot
 otypes -Wnested-externs -Wold-style-definition -Wpointer-arith -Wsign-compare -Wstrict-prototypes -Wundef -Wwrite-strings -Wno-address-of-packed-member -Wno-missing-field-initializers -D_GNU_SOURCE -D__BSD_VISIBLE -fPIC -march=native -mrtm -DALLOW_EXPERIMENTAL_API -DALLOW_INTERNAL_API -Wno-unused-parameter -Wno-unused-value -Wno-strict-aliasing -Wno-format-extra-args -DRTE_LOG_DEFAULT_LOGTYPE=pmd.net.vmxnet3 -DRTE_ANNOTATE_LOCKS -Wthread-safety -MD -MQ drivers/libtmp_rte_net_vmxnet3.a.p/net_vmxnet3_vmxnet3_ethdev.c.o -MF drivers/libtmp_rte_net_vmxnet3.a.p/net_vmxnet3_vmxnet3_ethdev.c.o.d -o drivers/libtmp_rte_net_vmxnet3.a.p/net_vmxnet3_vmxnet3_ethdev.c.o -c ../drivers/net/vmxnet3/vmxnet3_ethdev.c
../drivers/net/vmxnet3/vmxnet3_ethdev.c:1939:21: error: unused variable 'hw' [-Werror,-Wunused-variable]
struct vmxnet3_hw *hw = dev->data->dev_private;
^
1 error generated.
[1411/1841] Compiling C object drivers/libtmp_rte_crypto_scheduler.a.p/crypto_scheduler_scheduler_pkt_size_distr.c.o
[1412/1841] Generating drivers/rte_crypto_openssl.pmd.c with a custom command
[1413/1841] Generating drivers/rte_crypto_bcmfs.pmd.c with a custom command
[1414/1841] Linking target drivers/librte_crypto_null.so.24.1
[1415/1841] Generating drivers/rte_common_sfc_efx.sym_chk with a custom command (wrapped by meson to capture output)
ninja: build stopped: subcommand failed.
==== End log output ====

CentOS Stream 8
	Kernel: 5.4.0-167-generic
	Compiler: gcc 8.5.0 20210514

CentOS Stream 9
	Kernel: 5.4.0-167-generic
	Compiler: gcc 11.4.1 20230605

Fedora 37
	Kernel: Depends on container host system
	Compiler: gcc 12.3.1

openSUSE Leap 15
	Kernel: 5.4.0-167-generic
	Compiler: gcc 7.5.0

Fedora 38
	Kernel: Depends on container host
	Compiler: gcc 13.2.1

Debian 11 (arm)
	Kernel: Container Host Kernel
	Compiler: gcc 10.2.1

Ubuntu 20.04
	Kernel: 5.4.0-167-generic
	Compiler: gcc 9.4.0-1ubuntu1~20.04.1

FreeBSD 13.2
	Kernel: 13.2
	Compiler: clang 14.0.5

Windows Server 2022
	Kernel: 10.0.20348.2031
	Compiler: clang 15.0.7, gcc 8.1.0 (MinGW), and MSVC VS 17.9

Windows Server 2019
	Kernel: 10.0.17763
	Compiler: clang 14.0 and gcc 8.1.0 (MinGW)

Ubuntu 22.04
	Kernel: 5.4.0-167-generic
	Compiler: gcc 11.4.0

RHEL8
	Kernel: 5.4.0-167-generic
	Compiler: gcc 8.5.0 20210514 (Red Hat 8.5.0-20)

Debian Bullseye
	Kernel: 5.4.0-167-generic
	Compiler: gcc 10.2.1-6

Alpine
	Kernel: 5.4.0-167-generic
	Compiler: gcc (Alpine 12.2.1_git20220924-r10) 12.2.1 20220924

To view detailed results, visit:
https://lab.dpdk.org/results/dashboard/patchsets/29618/

UNH-IOL DPDK Community Lab

To manage your email subscriptions, visit: 
https://lab.dpdk.org/results/dashboard/preferences/subscriptions/