From mboxrd@z Thu Jan  1 00:00:00 1970
Return-Path: <test-report-bounces@dpdk.org>
Received: from mails.dpdk.org (mails.dpdk.org [217.70.189.124])
	by inbox.dpdk.org (Postfix) with ESMTP id 1CA7943D00
	for <public@inbox.dpdk.org>; Sun, 24 Mar 2024 04:24:54 +0100 (CET)
Received: from mails.dpdk.org (localhost [127.0.0.1])
	by mails.dpdk.org (Postfix) with ESMTP id 15A6B40633;
	Sun, 24 Mar 2024 04:24:54 +0100 (CET)
Received: from mail-oi1-f225.google.com (mail-oi1-f225.google.com
 [209.85.167.225])
 by mails.dpdk.org (Postfix) with ESMTP id B3898402AB
 for <test-report@dpdk.org>; Sun, 24 Mar 2024 04:24:47 +0100 (CET)
Received: by mail-oi1-f225.google.com with SMTP id
 5614622812f47-3c36f882372so2087584b6e.2
 for <test-report@dpdk.org>; Sat, 23 Mar 2024 20:24:47 -0700 (PDT)
DKIM-Signature: v=1; a=rsa-sha256; c=relaxed/relaxed;
 d=iol.unh.edu; s=unh-iol; t=1711250687; x=1711855487; darn=dpdk.org;
 h=references:in-reply-to:cc:to:from:subject:message-id:date:from:to
 :cc:subject:date:message-id:reply-to;
 bh=3/KMGLLogiVyw6YNTdIr9ErlblGQc5Mlsqf0QY/vQNI=;
 b=DjKeYxyq93EnkfJ8YuONk8C58vCSzCRBBgAcSEPEIwL5MaMNYAtWOEZ+vsLEGH5HDM
 uhd38sU4Sb1qf/TkLDuzIvoyvn1Gb+dXDPRqc18pP0HhHoQ7fcOHS4XUAT4TXU2kIqeN
 UxAduCqZoWPpscCHJitqXhoDX7n1v42rjynJA=
X-Google-DKIM-Signature: v=1; a=rsa-sha256; c=relaxed/relaxed;
 d=1e100.net; s=20230601; t=1711250687; x=1711855487;
 h=references:in-reply-to:cc:to:from:subject:message-id:date
 :x-gm-message-state:from:to:cc:subject:date:message-id:reply-to;
 bh=3/KMGLLogiVyw6YNTdIr9ErlblGQc5Mlsqf0QY/vQNI=;
 b=oEw41ZleZSWZH1ow3pgHup0xg9UxK3ODAsw48PkIyg0HfwdkBmJsaJL63tSTTwNdom
 HgMPcqIyXQFUdFZER923TCVBREVAMdvrTb+EABQF8PBwnep97Qbh2H6hp1eWOTqY7zlX
 ltA3Bqx5CYnISw5g1sVS0HuV/4EmWR4nD6G6muUaysetmlTtVacGwL+h16oggj7ZI7Qb
 DNeantWezyZhWixk82wue404CT1oqyB2hYZmxyUcZdgtkZ5a0vYwqWNK13rJtmF6PolN
 d+abldy+3gm49XL1Jeyu62yVMPwQAvJGysyUlaUnqVYOmuIYW1cydEXy5yCcL/KPxFFq
 xhIg==
X-Gm-Message-State: AOJu0YyGwveVuKYmg96UnMbJfGkFcFYu4vK6XNU6eDDBka+ZU7BxjS25
 ycMgSKOw3dHwX+8KF6vqQGiFNli3UMTxblNTQbfCH2fhaNzdeKHerKsKOPBXH9EDocqfHdjSuI9
 T0HCopp3CA6qft6K5hEnoMoseY8vUmzcrTql+zd25j2yipiR9TDzZfHrQ
X-Google-Smtp-Source: AGHT+IGcWaq0fv65V8tFpXccFyYuFo7Utb3kWcbi38mIh6quh9QCqGAM+iIIgK6YO0iM9NYPZCsrkCogoNOG
X-Received: by 2002:a05:6808:7c4:b0:3c2:2d88:3052 with SMTP id
 f4-20020a05680807c400b003c22d883052mr4124265oij.35.1711250686891; 
 Sat, 23 Mar 2024 20:24:46 -0700 (PDT)
Received: from postal.iol.unh.edu (postal.iol.unh.edu.
 [2606:4100:3880:1234::84]) by smtp-relay.gmail.com with ESMTPS id
 r7-20020a056214212700b00696894d663fsm21052qvc.14.2024.03.23.20.24.46
 (version=TLS1_2 cipher=ECDHE-ECDSA-AES128-GCM-SHA256 bits=128/128);
 Sat, 23 Mar 2024 20:24:46 -0700 (PDT)
X-Relaying-Domain: iol.unh.edu
Date: Sat, 23 Mar 2024 20:24:46 -0700 (PDT)
Message-ID: <65ff9cfe.050a0220.6ded4.194dSMTPIN_ADDED_MISSING@mx.google.com>
Received: from [172.21.0.6] (unknown [172.18.0.240])
 by postal.iol.unh.edu (Postfix) with ESMTP id 9156F6052471;
 Sat, 23 Mar 2024 23:24:46 -0400 (EDT)
Subject: |FAILURE| pw138754-138762 [PATCH] [v11,9/9] log: colorize log output
From: dpdklab@iol.unh.edu
To: Test Report <test-report@dpdk.org>
Cc: dpdk-test-reports@iol.unh.edu,
 Stephen Hemminger <stephen@networkplumber.org>
In-Reply-To: <20240324024109.306614-10-stephen@networkplumber.org>
References: <20240324024109.306614-10-stephen@networkplumber.org>
Content-Type: text/plain
X-BeenThere: test-report@dpdk.org
X-Mailman-Version: 2.1.29
Precedence: list
List-Id: automatic DPDK test reports <test-report.dpdk.org>
List-Unsubscribe: <https://mails.dpdk.org/options/test-report>,
 <mailto:test-report-request@dpdk.org?subject=unsubscribe>
List-Archive: <http://mails.dpdk.org/archives/test-report/>
List-Post: <mailto:test-report@dpdk.org>
List-Help: <mailto:test-report-request@dpdk.org?subject=help>
List-Subscribe: <https://mails.dpdk.org/listinfo/test-report>,
 <mailto:test-report-request@dpdk.org?subject=subscribe>
Errors-To: test-report-bounces@dpdk.org

Test-Label: iol-compile-arm64-testing
Test-Status: FAILURE
http://dpdk.org/patch/138762

_Testing issues_

Submitter: Stephen Hemminger <stephen@networkplumber.org>
Date: Sunday, March 24 2024 02:33:31 
DPDK git baseline: Repo:dpdk
  Branch: master
  CommitID:0219d467bcb1d19b386b5bae8eecd3514ba13fdb

138754-138762 --> testing fail

Test environment and result as below:

+----------------------+--------------------+
|     Environment      | dpdk_meson_compile |
+======================+====================+
| Ubuntu 20.04 ARM SVE | FAIL               |
+----------------------+--------------------+
| Ubuntu 20.04 (ARM)   | FAIL               |
+----------------------+--------------------+
| Debian 12 with MUSDK | PASS               |
+----------------------+--------------------+

==== 20 line log output for Ubuntu 20.04 (ARM) (dpdk_meson_compile): ====
crypto/uadk:	missing dependency, "libwd"
compress/isal:	missing dependency, "libisal"
event/dlb2:	only supported on x86_64 Linux
gpu/cuda:	missing dependency, "cuda.h"


Build targets in project: 778

Option default_library is: shared [default: static]
Found ninja-1.10.0 at /usr/bin/ninja
ninja: Entering directory `build'
[1/3196] Compiling C object 'lib/76b5a35@@rte_log@sta/log_log.c.o'.
FAILED: lib/76b5a35@@rte_log@sta/log_log.c.o
ccache cc -Ilib/76b5a35@@rte_log@sta -Ilib -I../lib -I. -I../ -Iconfig -I../config -Ilib/eal/include -I../lib/eal/include -Ilib/eal/linux/include -I../lib/eal/linux/include -Ilib/eal/arm/include -I../lib/eal/arm/include -Ilib/log -I../lib/log -fdiagnostics-color=always -pipe -D_FILE_OFFSET_BITS=64 -Wall -Winvalid-pch -Wextra -Werror -std=c11 -O3 -include rte_config.h -Wcast-qual -Wdeprecated -Wformat -Wformat-nonliteral -Wformat-security -Wmissing-declarations -Wmissing-prototypes -Wnested-externs -Wold-style-definition -Wpointer-arith -Wsign-compare -Wstrict-prototypes -Wundef -Wwrite-strings -Wno-address-of-packed-member -Wno-packed-not-aligned -Wno-missing-field-initializers -D_GNU_SOURCE -fPIC -mcpu=thunderx2t99+crc+crypto -DALLOW_EXPERIMENTAL_API -DALLOW_INTERNAL_API -Wno-format-truncation -DRTE_LOG_DEFAULT_LOGTYPE=lib.log -MD -MQ 'lib/76b5a35@@rte_log@sta/log_log.c.o' -MF 'lib/76b5a35@@rte_log@sta/log_log.c.o.d' -o 'lib/76b5a35@@rte_log@sta/log_log.c.o' -c ../lib/log/log.c
../lib/log/log.c: In function 'journal_send_id':
../lib/log/log.c:881:3: error: ignoring return value of 'write', declared with attribute warn_unused_result [-Werror=unused-result]
881 |   write(fd, syslog_id, len);
|   ^~~~~~~~~~~~~~~~~~~~~~~~~
cc1: all warnings being treated as errors
ninja: build stopped: subcommand failed.
==== End log output ====

Ubuntu 20.04 ARM SVE
	Kernel: 5.4.0-167-generic
	Compiler: gcc (Ubuntu 10.5.0-1ubuntu1~20.04) 10.5.0

Ubuntu 20.04 (ARM)
	Kernel: Container Host Kernel
	Compiler: gcc 9.4.0

Debian 12 with MUSDK
	Kernel: Container Host Kernel
	Compiler: gcc 12.2.0

To view detailed results, visit:
https://lab.dpdk.org/results/dashboard/patchsets/29644/

UNH-IOL DPDK Community Lab

To manage your email subscriptions, visit: 
https://lab.dpdk.org/results/dashboard/preferences/subscriptions/