From mboxrd@z Thu Jan  1 00:00:00 1970
Return-Path: <test-report-bounces@dpdk.org>
Received: from mails.dpdk.org (mails.dpdk.org [217.70.189.124])
	by inbox.dpdk.org (Postfix) with ESMTP id AB31943D00
	for <public@inbox.dpdk.org>; Sun, 24 Mar 2024 04:26:53 +0100 (CET)
Received: from mails.dpdk.org (localhost [127.0.0.1])
	by mails.dpdk.org (Postfix) with ESMTP id A7842402AD;
	Sun, 24 Mar 2024 04:26:53 +0100 (CET)
Received: from mail-vs1-f97.google.com (mail-vs1-f97.google.com
 [209.85.217.97]) by mails.dpdk.org (Postfix) with ESMTP id 763C0402AB
 for <test-report@dpdk.org>; Sun, 24 Mar 2024 04:26:49 +0100 (CET)
Received: by mail-vs1-f97.google.com with SMTP id
 ada2fe7eead31-47670e6a204so2210523137.0
 for <test-report@dpdk.org>; Sat, 23 Mar 2024 20:26:49 -0700 (PDT)
DKIM-Signature: v=1; a=rsa-sha256; c=relaxed/relaxed;
 d=iol.unh.edu; s=unh-iol; t=1711250809; x=1711855609; darn=dpdk.org;
 h=references:in-reply-to:cc:to:from:subject:message-id:date:from:to
 :cc:subject:date:message-id:reply-to;
 bh=RKNCKzOnF9rgZWuOGh3Qoptbgu1N/uZmwm2fpOGAwXQ=;
 b=CHEZ4JpY4M9hWmX5JuFDRNSFrdNdk2LtP1kF+HdE2wOKu4SV/lhguTOttvGRGfyrHP
 RYBhQWsp7oTz27RFzJFcX8ABwCHMAH3v+ZccRRqMw1ltsQ5VVC4fsCIuqbS1wNooSG+K
 o9LCu6R/ap+NxCQmZx49CzGOxk/9+Tl/WwrE8=
X-Google-DKIM-Signature: v=1; a=rsa-sha256; c=relaxed/relaxed;
 d=1e100.net; s=20230601; t=1711250809; x=1711855609;
 h=references:in-reply-to:cc:to:from:subject:message-id:date
 :x-gm-message-state:from:to:cc:subject:date:message-id:reply-to;
 bh=RKNCKzOnF9rgZWuOGh3Qoptbgu1N/uZmwm2fpOGAwXQ=;
 b=jFOjnCXOxwsvnly/9o10hmJeQcyGZbGGh0yvIL+Nqlk8CVpktdqU8fkIvcppB8Phw+
 0pkRUrSrwig/amknhF81sGcv3lM4oJgtisCpw9JagWNQofxX2t8BTRNyESQhSwM1oqTl
 27hrj4+SoMhA3bjsw2e0/iMffbcPyHrjhTkiOakC/LWAB2KiBKQSPZDZtNHD3RWXr4NE
 giV0LWLLTXDnpi9Zldz0S78FuYbwYEa5JnLDOlYKS+RrONWqa5R7SXP0dyW7MO57rbmR
 CKi3TCmBs7xo3dOHpMPVKBn7QHxv2SdnRvZU9dPrvzSQh2W2HM6U+lsB/7fH8AYQM68w
 Supw==
X-Gm-Message-State: AOJu0YxE39DERxBhJjD9CHUK9IvY0T6deGjOUCMsVALqgYlw2CF4EJ0D
 3e6vHQOdE7XEFmuiZnIWzuTNueIcZBVyA1xfDzSFpP9iDmu6oDiXmRX+eJNkP/C047s0WNuSnSe
 73J1G3x/Q480JKeO86imT4GKhidWn/+nLKajaROQVzUcgBOjEvn5SkHO0
X-Google-Smtp-Source: AGHT+IF4Yeq3GSX8Px3hQpGH/+SdfEGXprbhg/hQh8+u5Vwr9USJ9WIfvuiNiuEBdNZ+ovOodbb/Gy1aBTeF
X-Received: by 2002:a05:6102:116f:b0:476:d94e:da66 with SMTP id
 k15-20020a056102116f00b00476d94eda66mr1659850vsg.13.1711250808867; 
 Sat, 23 Mar 2024 20:26:48 -0700 (PDT)
Received: from postal.iol.unh.edu (postal.iol.unh.edu.
 [2606:4100:3880:1234::84]) by smtp-relay.gmail.com with ESMTPS id
 m30-20020a9f311e000000b007e03bea0f06sm296858uab.5.2024.03.23.20.26.48
 (version=TLS1_2 cipher=ECDHE-ECDSA-AES128-GCM-SHA256 bits=128/128);
 Sat, 23 Mar 2024 20:26:48 -0700 (PDT)
X-Relaying-Domain: iol.unh.edu
Date: Sat, 23 Mar 2024 20:26:48 -0700 (PDT)
Message-ID: <65ff9d78.9f0a0220.c7e41.01a5SMTPIN_ADDED_MISSING@mx.google.com>
Received: from [172.21.0.7] (unknown [172.18.0.240])
 by postal.iol.unh.edu (Postfix) with ESMTP id 782576052471;
 Sat, 23 Mar 2024 23:26:48 -0400 (EDT)
Subject: |FAILURE| pw138754-138762 [PATCH] [v11,9/9] log: colorize log output
From: dpdklab@iol.unh.edu
To: Test Report <test-report@dpdk.org>
Cc: dpdk-test-reports@iol.unh.edu,
 Stephen Hemminger <stephen@networkplumber.org>
In-Reply-To: <20240324024109.306614-10-stephen@networkplumber.org>
References: <20240324024109.306614-10-stephen@networkplumber.org>
Content-Type: text/plain
X-BeenThere: test-report@dpdk.org
X-Mailman-Version: 2.1.29
Precedence: list
List-Id: automatic DPDK test reports <test-report.dpdk.org>
List-Unsubscribe: <https://mails.dpdk.org/options/test-report>,
 <mailto:test-report-request@dpdk.org?subject=unsubscribe>
List-Archive: <http://mails.dpdk.org/archives/test-report/>
List-Post: <mailto:test-report@dpdk.org>
List-Help: <mailto:test-report-request@dpdk.org?subject=help>
List-Subscribe: <https://mails.dpdk.org/listinfo/test-report>,
 <mailto:test-report-request@dpdk.org?subject=subscribe>
Errors-To: test-report-bounces@dpdk.org

Test-Label: iol-compile-amd64-testing
Test-Status: FAILURE
http://dpdk.org/patch/138762

_Testing issues_

Submitter: Stephen Hemminger <stephen@networkplumber.org>
Date: Sunday, March 24 2024 02:33:31 
DPDK git baseline: Repo:dpdk
  Branch: master
  CommitID:0219d467bcb1d19b386b5bae8eecd3514ba13fdb

138754-138762 --> testing fail

Test environment and result as below:

+---------------------+--------------------+----------------------+-------------------+
|     Environment     | dpdk_meson_compile | dpdk_mingw64_compile | dpdk_msvc_compile |
+=====================+====================+======================+===================+
| Windows Server 2022 | FAIL               | PASS                 | FAIL              |
+---------------------+--------------------+----------------------+-------------------+
| Windows Server 2019 | FAIL               | PASS                 | SKIPPED           |
+---------------------+--------------------+----------------------+-------------------+
| FreeBSD 13.2        | FAIL               | SKIPPED              | SKIPPED           |
+---------------------+--------------------+----------------------+-------------------+
| CentOS Stream 8     | PASS               | SKIPPED              | SKIPPED           |
+---------------------+--------------------+----------------------+-------------------+
| CentOS Stream 9     | PASS               | SKIPPED              | SKIPPED           |
+---------------------+--------------------+----------------------+-------------------+
| Debian Bullseye     | PASS               | SKIPPED              | SKIPPED           |
+---------------------+--------------------+----------------------+-------------------+
| Debian 11 (arm)     | PASS               | SKIPPED              | SKIPPED           |
+---------------------+--------------------+----------------------+-------------------+
| Fedora 37           | PASS               | SKIPPED              | SKIPPED           |
+---------------------+--------------------+----------------------+-------------------+

==== 20 line log output for FreeBSD 13.2 (dpdk_meson_compile): ====
[63/1840] Compiling C object lib/librte_eal.a.p/eal_unix_eal_unix_timer.c.o
[64/1840] Compiling C object lib/librte_eal.a.p/eal_unix_eal_filesystem.c.o
[65/1840] Compiling C object lib/librte_eal.a.p/eal_unix_eal_unix_memory.c.o
[66/1840] Compiling C object lib/librte_eal.a.p/eal_unix_eal_firmware.c.o
[67/1840] Compiling C object lib/librte_eal.a.p/eal_freebsd_eal_cpuflags.c.o
[68/1840] Compiling C object lib/librte_eal.a.p/eal_unix_eal_unix_thread.c.o
[69/1840] Compiling C object lib/librte_eal.a.p/eal_unix_rte_thread.c.o
[70/1840] Compiling C object lib/librte_eal.a.p/eal_freebsd_eal.c.o
FAILED: lib/librte_eal.a.p/eal_freebsd_eal.c.o
ccache cc -Ilib/librte_eal.a.p -Ilib -I../lib -I. -I.. -Iconfig -I../config -Ilib/eal/include -I../lib/eal/include -Ilib/eal/freebsd/include -I../lib/eal/freebsd/include -Ilib/eal/x86/include -I../lib/eal/x86/include -Ilib/eal/common -I../lib/eal/common -Ilib/eal -I../lib/eal -Ilib/kvargs -I../lib/kvargs -Ilib/log -I../lib/log -Ilib/metrics -I../lib/metrics -Ilib/telemetry -I../lib/telemetry -I/usr/local/include -fcolor-diagnostics -D_FILE_OFFSET_BITS=64 -Wall -Winvalid-pch -Wextra -Werror -std=c11 -O3 -include rte_config.h -Wcast-qual -Wdeprecated -Wformat -Wformat-nonliteral -Wformat-security -Wmissing-declarations -Wmissing-prototypes -Wnested-externs -Wold-style-definition -Wpointer-arith -Wsign-compare -Wstrict-prototypes -Wundef -Wwrite-strings -Wno-address-of-packed-member -Wno-missing-field-initializers -D_GNU_SOURCE -D__BSD_VISIBLE -fPIC -march=native -mrtm -DALLOW_EXPERIMENTAL_API -DALLOW_INTERNAL_API '-DABI_VERSION="24.1"' -DRTE_LIBEAL_USE_GETENTROPY -DRTE_LOG_DEFAULT_LOGT
 YPE=lib.eal -MD -MQ lib/librte_eal.a.p/eal_freebsd_eal.c.o -MF lib/librte_eal.a.p/eal_freebsd_eal.c.o.d -o lib/librte_eal.a.p/eal_freebsd_eal.c.o -c ../lib/eal/freebsd/eal.c
../lib/eal/freebsd/eal.c:568:2: error: implicit declaration of function 'eal_log_init' is invalid in C99 [-Werror,-Wimplicit-function-declaration]
eal_log_init(getprogname());
^
1 error generated.
[71/1840] Compiling C object lib/librte_eal.a.p/eal_freebsd_eal_dev.c.o
[72/1840] Compiling C object lib/librte_eal.a.p/eal_freebsd_eal_alarm.c.o
[73/1840] Compiling C object lib/librte_eal.a.p/eal_freebsd_eal_hugepage_info.c.o
[74/1840] Compiling C object lib/librte_eal.a.p/eal_freebsd_eal_interrupts.c.o
[75/1840] Compiling C object lib/librte_eal.a.p/eal_freebsd_eal_lcore.c.o
ninja: build stopped: subcommand failed.
==== End log output ====

Windows Server 2022
	Kernel: 10.0.20348.2031
	Compiler: clang 15.0.7, gcc 8.1.0 (MinGW), and MSVC VS 17.9

Windows Server 2019
	Kernel: 10.0.17763
	Compiler: clang 14.0 and gcc 8.1.0 (MinGW)

FreeBSD 13.2
	Kernel: 13.2
	Compiler: clang 14.0.5

CentOS Stream 8
	Kernel: 5.4.0-167-generic
	Compiler: gcc 8.5.0 20210514

CentOS Stream 9
	Kernel: 5.4.0-167-generic
	Compiler: gcc 11.4.1 20230605

Debian Bullseye
	Kernel: 5.4.0-167-generic
	Compiler: gcc 10.2.1-6

Debian 11 (arm)
	Kernel: Container Host Kernel
	Compiler: gcc 10.2.1

Fedora 37
	Kernel: Depends on container host system
	Compiler: gcc 12.3.1

To view detailed results, visit:
https://lab.dpdk.org/results/dashboard/patchsets/29644/

UNH-IOL DPDK Community Lab

To manage your email subscriptions, visit: 
https://lab.dpdk.org/results/dashboard/preferences/subscriptions/